000
CXUS56 KMFR 281000
CF6MHS
PRELIMINARY LOCAL CLIMATOLOGICAL DATA (WS FORM: F-6)

                                          STATION:   MT SHASTA CITY CA
                                          MONTH:     MAY
                                          YEAR:      2016
                                          LATITUDE:   41 19 N
                                          LONGITUDE: 122 19 W

  TEMPERATURE IN F:       :PCPN:    SNOW:  WIND      :SUNSHINE: SKY     :PK WND
================================================================================
1   2   3   4   5  6A  6B    7    8   9   10  11  12  13   14  15   16   17  18
                                     12Z  AVG MX 2MIN
DY MAX MIN AVG DEP HDD CDD  WTR  SNW DPTH SPD SPD DIR MIN PSBL S-S WX    SPD DR
================================================================================

 1  74  35  55   4  10   0 0.00    M    M  1.2  9  70   M    M   1        16  80
 2  73  38  56   5   9   0 0.00    M    M  0.7  7 130   M    M   0        12 130
 3  72  44  58   7   7   0    T    M    M  0.3  7  80   M    M   2        11  80
 4  65  43  54   3  11   0 0.17    M    M  1.6  9 340   M    M   5 1      20 350
 5  64  45  55   3  10   0 0.02    M    M  2.6  9 330   M    M   4        21 270
 6  62  50  56   4   9   0 0.21    M    M  3.2 10 350   M    M   9 1      19 350
 7  67  49  58   6   7   0 0.05    M    M  2.5 10 340   M    M   9 1      20 330
 8  76  48  62  10   3   0 0.00    M    M  2.0 10 340   M    M   5 1      20 280
 9  71  42  57   4   8   0 0.00    M    M  3.8 12 290   M    M   3        20 310
10  74  37  56   3   9   0 0.00    M    M  2.8  9 290   M    M   0        17 290
11  81  39  60   7   5   0 0.00    M    M  1.0  8 210   M    M   0        14 210
12  82  40  61   7   4   0 0.00    M    M  0.2  5 140   M    M   M        11 140
13  82  47  65  11   0   0 0.00    M    M  0.7  6 130   M    M   M        14 210
14  69  45  57   3   8   0 0.22    M    M  1.6  9  10   M    M   5 1      17 140
15  68  44  56   2   9   0 0.00    M    M  5.9 13 300   M    M   4        21 310
16  70  48  59   5   6   0 0.00    M    M  5.3 13 300   M    M   3        22 310
17  78  49  64   9   1   0 0.00    M    M  4.0 13 300   M    M   0        20 300
18  87  50  69  14   0   4 0.00    M    M  2.7  9 290   M    M   1        17 320
19  64  42  53  -2  12   0    T    M    M  8.4 16 300   M    M   2        30 290
20  54  38  46 -10  19   0 0.47    M    M  4.2 13 350   M    M  10 1      26 340
21  53  40  47  -9  18   0 0.05    M    M  0.9  6 140   M    M   9        13 130
22  59  43  51  -5  14   0 0.01    M    M  1.5  7  90   M    M   8        13 130
23  64  41  53  -3  12   0 0.03    M    M  0.1  6 280   M    M  10        12 280
24  72  47  60   4   5   0 0.05    M    M  1.8 13 350   M    M   7 1      19  10
25  72  46  59   2   6   0 0.00    M    M  4.8 13 290   M    M   3 1      22 340
26  75  43  59   2   6   0 0.00    M    M  4.9 10 300   M    M   0 8      20 290
27  72  44  58   1   7   0 0.00    M    M  6.2 13 300   M    M   0        24 330
================================================================================
SM 1900 1177       215   4  1.28    M     74.9          M      100
================================================================================
AV 70.4 43.6                               2.8 FASTST   M    M   4    MAX(MPH)
                                 MISC ---->  # 16 300               # 30  290
================================================================================
NOTES:
# LAST OF SEVERAL OCCURRENCES

COLUMN 17 PEAK WIND IN M.P.H.

PRELIMINARY LOCAL CLIMATOLOGICAL DATA (WS FORM: F-6) , PAGE 2

                                          STATION:  MT SHASTA CITY CA
                                          MONTH:    MAY
                                          YEAR:     2016
                                          LATITUDE:   41 19 N
                                          LONGITUDE: 122 19 W

[TEMPERATURE DATA]      [PRECIPITATION DATA]       SYMBOLS USED IN COLUMN 16

AVERAGE MONTHLY: 57.0   TOTAL FOR MONTH:   1.28    1 = FOG OR MIST
DPTR FM NORMAL:   3.0   DPTR FM NORMAL:   -0.66    2 = FOG REDUCING VISIBILITY
HIGHEST:    87 ON 18    GRTST 24HR  0.47 ON 20-20      TO 1/4 MILE OR LESS
LOWEST:     35 ON  1                               3 = THUNDER
                        SNOW, ICE PELLETS, HAIL    4 = ICE PELLETS
                        TOTAL MONTH:    M          5 = HAIL
                        GRTST 24HR    M  ON   M    6 = FREEZING RAIN OR DRIZZLE
                        GRTST DEPTH:  M  ON   M    7 = DUSTSTORM OR SANDSTORM:
                                                       VSBY 1/2 MILE OR LESS
                                                   8 = SMOKE OR HAZE
[NO. OF DAYS WITH]      [WEATHER - DAYS WITH]      9 = BLOWING SNOW
                                                   X = TORNADO
MAX 32 OR BELOW:   0    0.01 INCH OR MORE:  10
MAX 90 OR ABOVE:   0    0.10 INCH OR MORE:   4
MIN 32 OR BELOW:   0    0.50 INCH OR MORE:   0
MIN  0 OR BELOW:   0    1.00 INCH OR MORE:   0

[HDD (BASE 65) ]
TOTAL THIS MO.   215    CLEAR  (SCALE 0-3)  12
DPTR FM NORMAL   -89    PTCLDY (SCALE 4-7)   8
TOTAL FM JUL 1  4720    CLOUDY (SCALE 8-10)  5
DPTR FM NORMAL  -799

[CDD (BASE 65) ]
TOTAL THIS MO.     4
DPTR FM NORMAL     4    [PRESSURE DATA]
TOTAL FM JAN 1     4    HIGHEST SLP M ON M
DPTR FM NORMAL     4    LOWEST  SLP  0.00 ON 20

[REMARKS]
