000
CXUS56 KMFR 201000
CF6MHS
PRELIMINARY LOCAL CLIMATOLOGICAL DATA (WS FORM: F-6)

                                          STATION:   MT SHASTA CITY CA
                                          MONTH:     SEPTEMBER
                                          YEAR:      2014
                                          LATITUDE:   41 19 N
                                          LONGITUDE: 122 19 W

  TEMPERATURE IN F:       :PCPN:    SNOW:  WIND      :SUNSHINE: SKY     :PK WND
================================================================================
1   2   3   4   5  6A  6B    7    8   9   10  11  12  13   14  15   16   17  18
                                     12Z  AVG MX 2MIN
DY MAX MIN AVG DEP HDD CDD  WTR  SNW DPTH SPD SPD DIR MIN PSBL S-S WX    SPD DR
================================================================================

 1  87  49  68   4   0   3 0.00    M    M  2.6  9 300   M    M   1        17 280
 2  91  47  69   6   0   4 0.00    M    M  2.5 10 340   M    M   0 8      20 350
 3  80  52  66   3   0   1 0.00    M    M  5.8 13 290   M    M   1        23  20
 4  84  39  62  -1   3   0 0.00    M    M  3.3  9 300   M    M   0        15 300
 5  89  42  66   3   0   1 0.00    M    M  1.4  7 300   M    M   0        11 220
 6  87  43  65   2   0   0 0.00    M    M  0.6  8 220   M    M   0        14 220
 7  86  44  65   3   0   0 0.00    M    M  1.4  8 220   M    M   0        16 220
 8  87  42  65   3   0   0 0.00    M    M  1.2  7 290   M    M   1        14 360
 9  84  41  63   1   2   0 0.00    M    M  3.8  9 330   M    M   4 8      19 350
10  88  45  67   5   0   2 0.00    M    M  3.2 10 300   M    M   0        17 290
11  90  48  69   7   0   4 0.00    M    M  1.7  8 300   M    M   0        15 300
12  92  45  69   8   0   4 0.00    M    M  0.8  6 140   M    M   0        13 150
13  91  47  69   8   0   4 0.00    M    M  0.2  6 120   M    M   0        12 130
14  90  47  69   8   0   4 0.00    M    M  0.2  8 210   M    M   0        14 230
15  88  50  69   8   0   4 0.00    M    M  1.3  6 210   M    M   0        13 200
16  82  52  67   7   0   2 0.00    M    M  0.5  6 110   M    M   0        14 140
17  82  53  68   8   0   3    T    M    M  0.9  7 130   M    M   2        18 140
18  73  49  61   1   4   0 0.14    M    M  0.9  7 150   M    M   2 1      14 150
19  83  51  67   7   0   2 0.00    M    M  3.4 12 300   M    M   0        21 280
================================================================================
SM 1634  886         9  38  0.14    M     35.7          M       11
================================================================================
AV 86.0 46.6                               1.9 FASTST   M    M   1    MAX(MPH)
                                 MISC ---->  # 13 290               # 23   20
================================================================================
NOTES:
# LAST OF SEVERAL OCCURRENCES

COLUMN 17 PEAK WIND IN M.P.H.

PRELIMINARY LOCAL CLIMATOLOGICAL DATA (WS FORM: F-6) , PAGE 2

                                          STATION:  MT SHASTA CITY CA
                                          MONTH:    SEPTEMBER
                                          YEAR:     2014
                                          LATITUDE:   41 19 N
                                          LONGITUDE: 122 19 W

[TEMPERATURE DATA]      [PRECIPITATION DATA]       SYMBOLS USED IN COLUMN 16

AVERAGE MONTHLY: 66.3   TOTAL FOR MONTH:   0.14    1 = FOG OR MIST
DPTR FM NORMAL:   4.6   DPTR FM NORMAL:   -0.24    2 = FOG REDUCING VISIBILITY
HIGHEST:    92 ON 12    GRTST 24HR  0.14 ON 18-18      TO 1/4 MILE OR LESS
LOWEST:     39 ON  4                               3 = THUNDER
                        SNOW, ICE PELLETS, HAIL    4 = ICE PELLETS
                        TOTAL MONTH:    M          5 = HAIL
                        GRTST 24HR    M  ON   M    6 = FREEZING RAIN OR DRIZZLE
                        GRTST DEPTH:  M  ON   M    7 = DUSTSTORM OR SANDSTORM:
                                                       VSBY 1/2 MILE OR LESS
                                                   8 = SMOKE OR HAZE
[NO. OF DAYS WITH]      [WEATHER - DAYS WITH]      9 = BLOWING SNOW
                                                   X = TORNADO
MAX 32 OR BELOW:   0    0.01 INCH OR MORE:   1
MAX 90 OR ABOVE:   5    0.10 INCH OR MORE:   1
MIN 32 OR BELOW:   0    0.50 INCH OR MORE:   0
MIN  0 OR BELOW:   0    1.00 INCH OR MORE:   0

[HDD (BASE 65) ]
TOTAL THIS MO.     9    CLEAR  (SCALE 0-3)  18
DPTR FM NORMAL   -73    PTCLDY (SCALE 4-7)   1
TOTAL FM JUL 1    14    CLOUDY (SCALE 8-10)  0
DPTR FM NORMAL  -143

[CDD (BASE 65) ]
TOTAL THIS MO.    38
DPTR FM NORMAL    18    [PRESSURE DATA]
TOTAL FM JAN 1   536    HIGHEST SLP M ON M
DPTR FM NORMAL   256    LOWEST  SLP  0.00 ON 17

[REMARKS]
