000
CXUS53 KIND 240730
CF6MIE
PRELIMINARY LOCAL CLIMATOLOGICAL DATA (WS FORM: F-6)

                                          STATION:   MUNCIE IN
                                          MONTH:     MAY
                                          YEAR:      2017
                                          LATITUDE:   40 13 N
                                          LONGITUDE:  85 23 W

  TEMPERATURE IN F:       :PCPN:    SNOW:  WIND      :SUNSHINE: SKY     :PK WND
================================================================================
1   2   3   4   5  6A  6B    7    8   9   10  11  12  13   14  15   16   17  18
                                     12Z  AVG MX 2MIN
DY MAX MIN AVG DEP HDD CDD  WTR  SNW DPTH SPD SPD DIR MIN PSBL S-S WX    SPD DR
================================================================================

 1  71  49  60   3   5   0 0.22    M    M 15.9 29 230   M    M   9 1      42 240
 2  59  44  52  -5  13   0 0.04    M    M 17.3 33 270   M    M   9        44 270
 3  56  39  48 -10  17   0 0.14    M    M  7.4 15 110   M    M   4        19 110
 4  49  46  48 -10  17   0 1.86    M    M 15.3 25  80   M    M  10 1      33  70
 5  56  43  50  -8  15   0 0.21    M    M 16.9 26  20   M    M   7 1      35  20
 6  60  40  50  -9  15   0 0.00    M    M 12.5 24 320   M    M   3        33 330
 7  59  37  48 -11  17   0 0.00    M    M 12.8 24 320   M    M   0        31 300
 8  63  32  48 -11  17   0 0.00    M    M  4.4 15 310   M    M   3        19 310
 9  60  46  53  -7  12   0 0.27    M    M  5.6 14 130   M    M  10 1      16 130
10  79  53  66   6   0   1 0.06    M    M  5.2 15 130   M    M   4 138    20 250
11  69  51  60   0   5   0 0.05    M    M  9.0 15  50   M    M  10 1      19 270
12  68  50  59  -1   6   0 0.00    M    M  7.8 20  50   M    M   2        23  70
13  74  46  60  -1   5   0 0.00    M    M  6.4 16 290   M    M   0 18     19 270
14  83  58  71  10   0   6 0.00    M    M  9.5 22 280   M    M   1        30 310
15  83  56  70   9   0   5 0.00    M    M  7.1 16 130   M    M   0        20 130
16  87  65  76  14   0  11 0.00    M    M  9.7 21 210   M    M   0 8      28 210
17  86  71  79  17   0  14 0.00    M    M 15.1 31 190   M    M   1        42 240
18  88  70  79  17   0  14 0.00    M    M 12.6 22 240   M    M   3 3      31 230
19  77  54  66   3   0   1 0.04    M    M 11.0 23  40   M    M   8 138    30  50
20  76  53  65   2   0   0 0.01    M    M 11.7 20 130   M    M   7 138    26 150
21  77  56  67   4   0   2 0.01    M    M 11.7 22 250   M    M   6 1      28 280
22  72  49  61  -3   4   0 0.00    M    M  6.1 20 290   M    M   1        24 280
23  76  56  66   2   0   1 0.00    M    M  6.0 13 130   M    M   1        16 120
================================================================================
SM 1628 1164       148  55  2.91    M    237.0          M       99
================================================================================
AV 70.8 50.6                              10.3 FASTST   M    M   4    MAX(MPH)
                                 MISC ---->  # 33 270               # 44  270
================================================================================
NOTES:
# LAST OF SEVERAL OCCURRENCES

COLUMN 17 PEAK WIND IN M.P.H.

PRELIMINARY LOCAL CLIMATOLOGICAL DATA (WS FORM: F-6) , PAGE 2

                                          STATION:  MUNCIE IN
                                          MONTH:    MAY
                                          YEAR:     2017
                                          LATITUDE:   40 13 N
                                          LONGITUDE:  85 23 W

[TEMPERATURE DATA]      [PRECIPITATION DATA]       SYMBOLS USED IN COLUMN 16

AVERAGE MONTHLY: 60.7   TOTAL FOR MONTH:   2.91    1 = FOG OR MIST
DPTR FM NORMAL:   0.2   DPTR FM NORMAL:   -0.25    2 = FOG REDUCING VISIBILITY
HIGHEST:    88 ON 18    GRTST 24HR  1.86 ON  4- 4      TO 1/4 MILE OR LESS
LOWEST:     32 ON  8                               3 = THUNDER
                        SNOW, ICE PELLETS, HAIL    4 = ICE PELLETS
                        TOTAL MONTH:    M          5 = HAIL
                        GRTST 24HR    M  ON   M    6 = FREEZING RAIN OR DRIZZLE
                        GRTST DEPTH:  M  ON   M    7 = DUSTSTORM OR SANDSTORM:
                                                       VSBY 1/2 MILE OR LESS
                                                   8 = SMOKE OR HAZE
[NO. OF DAYS WITH]      [WEATHER - DAYS WITH]      9 = BLOWING SNOW
                                                   X = TORNADO
MAX 32 OR BELOW:   0    0.01 INCH OR MORE:  11
MAX 90 OR ABOVE:   0    0.10 INCH OR MORE:   5
MIN 32 OR BELOW:   1    0.50 INCH OR MORE:   1
MIN  0 OR BELOW:   0    1.00 INCH OR MORE:   1

[HDD (BASE 65) ]
TOTAL THIS MO.   148    CLEAR  (SCALE 0-3)  12
DPTR FM NORMAL     5    PTCLDY (SCALE 4-7)   6
TOTAL FM JUL 1  4355    CLOUDY (SCALE 8-10)  5
DPTR FM NORMAL -1380

[CDD (BASE 65) ]
TOTAL THIS MO.    55
DPTR FM NORMAL    15    [PRESSURE DATA]
TOTAL FM JAN 1    89    HIGHEST SLP M ON M
DPTR FM NORMAL    34    LOWEST  SLP 29.52 ON  1

[REMARKS]
