000
CXUS53 KDMX 220920
CF6MIW
PRELIMINARY LOCAL CLIMATOLOGICAL DATA (WS FORM: F-6)

                                          STATION:   MARSHALLTOWN IA
                                          MONTH:     OCTOBER
                                          YEAR:      2014
                                          LATITUDE:   42  6 N
                                          LONGITUDE:  92 55 W

  TEMPERATURE IN F:       :PCPN:    SNOW:  WIND      :SUNSHINE: SKY     :PK WND
================================================================================
1   2   3   4   5  6A  6B    7    8   9   10  11  12  13   14  15   16   17  18
                                     12Z  AVG MX 2MIN
DY MAX MIN AVG DEP HDD CDD  WTR  SNW DPTH SPD SPD DIR MIN PSBL S-S WX    SPD DR
================================================================================

 1  70  52  61   5   4   0 0.23  0.0    0  8.3 17 160   M    M   9 1      23 150
 2  66  52  59   3   6   0 0.25  0.0    0  8.0 23 320   M    M  10 12     30 300
 3  52  36  44 -11  21   0 0.00  0.0    0 19.5 35 310   M    M   6        43 310
 4  52  33  43 -12  22   0 0.00  0.0    0 14.8 29 300   M    M   2        37 300
 5  61  36  49  -5  16   0    T  0.0    0  9.0 22 300   M    M   9        28 300
 6  62  40  51  -3  14   0 0.00  0.0    0  9.5 22 270   M    M   2        33 260
 7  66  43  55   1  10   0 0.00  0.0    0 11.5 30 300   M    M   3        39 290
 8  70  36  53   0  12   0    T    M    0  8.0 20 260   M    M   2 8      31 290
 9  62  43  53   0  12   0 0.05    M    0  6.3  9  10   M    M   7         M  M
10  56  34  45  -7  20   0 0.00  0.0    M  6.2 12  30   M    M   0        16  30
11  60  29  45  -7  20   0 0.00  0.0    0  4.7 10 170   M    M   0        15 170
12  54  34  44  -8  21   0    T  0.0    0  8.9 16 120   M    M   7 18     19 120
13  54  51  53   2  12   0 1.72  0.0    0 12.8 32 350   M    M  10 1      39 360
14  54  48  51   0  14   0 0.25    M    0 20.4 31 350   M    M  10 1      44 340
15  68  39  54   4  11   0 0.00  0.0    0 11.9 24 340   M    M   0        29 340
16  72  33  53   3  12   0 0.00  0.0    0  7.4 17 190   M    M   0        22 190
17  58  48  53   3  12   0 0.00  0.0    0 17.4 31 310   M    M   8        38 290
18  57  33  45  -4  20   0 0.00  0.0    0  7.5 18 360   M    M   3        25 360
19  65  32  49   0  16   0 0.00  0.0    0  9.9 22 220   M    M   0        29 210
20  69  39  54   6  11   0 0.00  0.0    0  9.1 22 320   M    M   0        28 310
21  62  36  49   1  16   0 0.00  0.0    0  6.9 14 130   M    M   0 8      17  90
================================================================================
SM 1290  827       302   0  2.50     0.0 218.0          M       88
================================================================================
AV 61.4 39.4                              10.4 FASTST   M    M   4    MAX(MPH)
                                 MISC ---->  # 35 310               # 44  340
================================================================================
NOTES:
# LAST OF SEVERAL OCCURRENCES

COLUMN 17 PEAK WIND IN M.P.H.

PRELIMINARY LOCAL CLIMATOLOGICAL DATA (WS FORM: F-6) , PAGE 2

                                          STATION:  MARSHALLTOWN IA
                                          MONTH:    OCTOBER
                                          YEAR:     2014
                                          LATITUDE:   42  6 N
                                          LONGITUDE:  92 55 W

[TEMPERATURE DATA]      [PRECIPITATION DATA]       SYMBOLS USED IN COLUMN 16

AVERAGE MONTHLY: 50.4   TOTAL FOR MONTH:   2.50    1 = FOG OR MIST
DPTR FM NORMAL:  -1.6   DPTR FM NORMAL:    0.95    2 = FOG REDUCING VISIBILITY
HIGHEST:    72 ON 16    GRTST 24HR  1.91 ON 13-14      TO 1/4 MILE OR LESS
LOWEST:     29 ON 11                               3 = THUNDER
                        SNOW, ICE PELLETS, HAIL    4 = ICE PELLETS
                        TOTAL MONTH:   0.0 INCH    5 = HAIL
                        GRTST 24HR     0.0         6 = FREEZING RAIN OR DRIZZLE
                        GRTST DEPTH:   0           7 = DUSTSTORM OR SANDSTORM:
                                                       VSBY 1/2 MILE OR LESS
                                                   8 = SMOKE OR HAZE
[NO. OF DAYS WITH]      [WEATHER - DAYS WITH]      9 = BLOWING SNOW
                                                   X = TORNADO
MAX 32 OR BELOW:   0    0.01 INCH OR MORE:   5
MAX 90 OR ABOVE:   0    0.10 INCH OR MORE:   4
MIN 32 OR BELOW:   2    0.50 INCH OR MORE:   1
MIN  0 OR BELOW:   0    1.00 INCH OR MORE:   1

[HDD (BASE 65) ]
TOTAL THIS MO.   302    CLEAR  (SCALE 0-3)  11
DPTR FM NORMAL    21    PTCLDY (SCALE 4-7)   5
TOTAL FM JUL 1   468    CLOUDY (SCALE 8-10)  5
DPTR FM NORMAL    27

[CDD (BASE 65) ]
TOTAL THIS MO.     0
DPTR FM NORMAL   -10    [PRESSURE DATA]
TOTAL FM JAN 1   651    HIGHEST SLP M ON M
DPTR FM NORMAL   -77    LOWEST  SLP 29.56 ON M

[REMARKS]
