000
CXUS55 KEAX 270736
CF6MKC
PRELIMINARY LOCAL CLIMATOLOGICAL DATA (WS FORM: F-6)

                                          STATION:   Downtown Kansas City MO
                                          MONTH:     DECEMBER
                                          YEAR:      2014
                                          LATITUDE:   39  7 N
                                          LONGITUDE:  94 36 W

  TEMPERATURE IN F:       :PCPN:    SNOW:  WIND      :SUNSHINE: SKY     :PK WND
================================================================================
1   2   3   4   5  6A  6B    7    8   9   10  11  12  13   14  15   16   17  18
                                     12Z  AVG MX 2MIN
DY MAX MIN AVG DEP HDD CDD  WTR  SNW DPTH SPD SPD DIR MIN PSBL S-S WX    SPD DR
================================================================================

 1  29  18  24 -14  41   0 0.00    M    M 11.4 20  20   M    M   0        25 360
 2  40  20  30  -8  35   0 0.00    M    M  7.9 18 210   M    M   4        26 210
 3  47  28  38   1  27   0 0.00    M    M  6.0 16  40   M    M   0        21  40
 4  39  33  36  -1  29   0 0.00    M    M  6.6 10  60   M    M  10 18     13 100
 5  47  38  43   7  22   0 0.36    M    M  6.5 13 360   M    M  10 1      15 360
 6  42  35  39   3  26   0 0.00    M    M  7.1 13  30   M    M  10 1      15  40
 7  44  35  40   4  25   0 0.03    M    M  6.8 13 130   M    M  10 1      16 130
 8  53  38  46  11  19   0 0.00    M    M  8.3 22 360   M    M   3 18     26  10
 9  38  28  33  -2  32   0 0.00    M    M  6.9 15  10   M    M   6        20  10
10  35  27  31  -4  34   0    T    M    M  5.9 12 120   M    M   8 18     15 140
11  39  35  37   3  28   0 0.00    M    M  5.2  9  60   M    M  10 18     11  80
12  57  39  48  14  17   0 0.00    M    M  4.1 13 200   M    M   9 18     16 200
13  58  48  53  19  12   0 0.00    M    M  6.6 17 180   M    M  10 18     22 180
14  65  51  58  24   7   0 0.64    M    M 11.7 21 140   M    M   9 1      30 130
15  55  34  45  12  20   0 0.07    M    M 13.9 23 240   M    M   9 18     30 270
16  34  28  31  -2  34   0    T    M    M 11.5 24 300   M    M   9        34 300
17  32  25  29  -4  36   0    T    M    M  4.4 10  90   M    M   8        13  80
18  34  29  32  -1  33   0 0.16    M    M  6.4 10  70   M    M  10 12     12  80
19  36  32  34   1  31   0 0.00    M    M  1.9  8 130   M    M  10 18     10 130
20  47  34  41   9  24   0 0.00    M    M  8.4 15 180   M    M   8 1      19 180
21  47  35  41   9  24   0 0.00    M    M 10.4 18 160   M    M   9 1      28 160
22  48  42  45  13  20   0    M    M    M  8.4 16 270   M    M   9 18     22 270
23  43  34  39   7  26   0 0.00    M    M  7.5 13 330   M    M   6 1      17 250
24  39  31  35   3  30   0    T    M    M  9.0 17 250   M    M   9 1      23 250
25  56  32  44  12  21   0 0.00    M    M 14.3 28 180   M    M   0        37 190
26  55  40  48  16  17   0 0.00    M    M  8.1 16 220   M    M   5        21 220
================================================================================
SM 1159  869       670   0  1.26    M    205.2          M      191
================================================================================
AV 44.6 33.4                               7.9 FASTST   M    M   7    MAX(MPH)
                                 MISC ---->  # 28 180               # 37  190
================================================================================
NOTES:
# LAST OF SEVERAL OCCURRENCES

COLUMN 17 PEAK WIND IN M.P.H.

PRELIMINARY LOCAL CLIMATOLOGICAL DATA (WS FORM: F-6) , PAGE 2

                                          STATION:  Downtown Kansas City MO
                                          MONTH:    DECEMBER
                                          YEAR:     2014
                                          LATITUDE:   39  7 N
                                          LONGITUDE:  94 36 W

[TEMPERATURE DATA]      [PRECIPITATION DATA]       SYMBOLS USED IN COLUMN 16

AVERAGE MONTHLY: 39.0   TOTAL FOR MONTH:   1.26    1 = FOG OR MIST
DPTR FM NORMAL:   4.8   DPTR FM NORMAL:   -0.28    2 = FOG REDUCING VISIBILITY
HIGHEST:    65 ON 14    GRTST 24HR  0.71 ON 14-15      TO 1/4 MILE OR LESS
LOWEST:     18 ON  1                               3 = THUNDER
                        SNOW, ICE PELLETS, HAIL    4 = ICE PELLETS
                        TOTAL MONTH:    M          5 = HAIL
                        GRTST 24HR    M  ON   M    6 = FREEZING RAIN OR DRIZZLE
                        GRTST DEPTH:  M  ON   M    7 = DUSTSTORM OR SANDSTORM:
                                                       VSBY 1/2 MILE OR LESS
                                                   8 = SMOKE OR HAZE
[NO. OF DAYS WITH]      [WEATHER - DAYS WITH]      9 = BLOWING SNOW
                                                   X = TORNADO
MAX 32 OR BELOW:   2    0.01 INCH OR MORE:   5
MAX 90 OR ABOVE:   0    0.10 INCH OR MORE:   3
MIN 32 OR BELOW:  11    0.50 INCH OR MORE:   1
MIN  0 OR BELOW:   0    1.00 INCH OR MORE:   0

[HDD (BASE 65) ]
TOTAL THIS MO.   670    CLEAR  (SCALE 0-3)   3
DPTR FM NORMAL  -132    PTCLDY (SCALE 4-7)   6
TOTAL FM JUL 1  1616    CLOUDY (SCALE 8-10) 17
DPTR FM NORMAL   -63

[CDD (BASE 65) ]
TOTAL THIS MO.     0
DPTR FM NORMAL     0    [PRESSURE DATA]
TOTAL FM JAN 1  1655    HIGHEST SLP  0.00 ON M
DPTR FM NORMAL   -16    LOWEST  SLP  0.00 ON M

[REMARKS]
