000
CXUS55 KEAX 010736
CF6MKC
PRELIMINARY LOCAL CLIMATOLOGICAL DATA (WS FORM: F-6)

                                          STATION:   Downtown Kansas City MO
                                          MONTH:     APRIL
                                          YEAR:      2016
                                          LATITUDE:   39  7 N
                                          LONGITUDE:  94 36 W

  TEMPERATURE IN F:       :PCPN:    SNOW:  WIND      :SUNSHINE: SKY     :PK WND
================================================================================
1   2   3   4   5  6A  6B    7    8   9   10  11  12  13   14  15   16   17  18
                                     12Z  AVG MX 2MIN
DY MAX MIN AVG DEP HDD CDD  WTR  SNW DPTH SPD SPD DIR MIN PSBL S-S WX    SPD DR
================================================================================

 1  53  38  46  -6  19   0    T    M    M 11.3 21 300   M    M   5        32 310
 2  65  34  50  -2  15   0 0.00    M    M  9.2 22 350   M    M   0        29 360
 3  81  45  63  11   2   0 0.00    M    M 14.9 29 230   M    M   0        42 220
 4  68  49  59   6   6   0 0.00    M    M  8.7 17  20   M    M   0        22  30
 5  77  44  61   8   4   0    T    M    M 14.6 26 190   M    M   1        35 190
 6  63  48  56   3   9   0 0.03    M    M 11.2 24 320   M    M   4        33 320
 7  66  44  55   1  10   0    T    M    M 11.3 30 320   M    M   3        43 320
 8  65  39  52  -2  13   0 0.00    M    M 11.4 25 320   M    M   1        37 280
 9  63  33  48  -6  17   0 0.00    M    M 10.5 25 200   M    M   1        39 190
10  72  57  65  10   0   0 0.02    M    M 10.7 25 200   M    M   8 38     33 200
11  60  42  51  -4  14   0 0.00    M    M 11.4 22  20   M    M   2        30  10
12  64  34  49  -7  16   0 0.00    M    M  5.7 13 110   M    M   0        16 110
13  73  39  56   0   9   0 0.00    M    M  7.1 15 170   M    M   0        20 170
14  74  44  59   3   6   0 0.00    M    M  6.4 16 160   M    M   0        23 110
15  77  57  67  11   0   2 0.00    M    M 10.3 17 130   M    M   2        23 150
16  78  59  69  12   0   4 0.00    M    M 11.0 20 180   M    M   3        28 130
17  78  58  68  11   0   3    T    M    M 10.6 21 130   M    M   5        26 130
18  68  61  65   7   0   0 0.17    M    M  7.1 17 130   M    M  10 1      25 130
19  71  57  64   6   1   0 0.06    M    M  5.2 12  50   M    M   8 1      15  50
20  69  56  63   5   2   0 0.06    M    M  8.6 17 280   M    M   7 1      24 270
21  69  54  62   4   3   0    T    M    M  8.4 20 290   M    M   5        29 280
22  71  52  62   3   3   0 0.00    M    M  6.3 14  70   M    M   2 1      17  80
23  80  50  65   6   0   0 0.00    M    M  7.8 18 180   M    M   0 1      24 180
24  81  61  71  11   0   6 0.15    M    M 14.6 28 170   M    M   2 13     37 200
25  79  61  70  10   0   5    T    M    M  9.3 18 220   M    M   5 13     29 250
26  73  58  66   6   0   1 2.46    M    M  9.0 31 290   M    M   5 13     46 300
27  74  53  64   4   1   0 0.43    M    M 10.4 30  90   M    M   5 13     38 100
28  62  48  55  -6  10   0 0.00    M    M  9.6 17 260   M    M   6        25 260
29  58  49  54  -7  11   0 0.14    M    M 12.1 23  80   M    M   8 13     30  70
30  70  54  62   0   3   0 0.18    M    M  7.5 21 250   M    M   7 13     26 220
================================================================================
SM 2102 1478       174  21  3.70    M    292.2          M      105
================================================================================
AV 70.1 49.3                               9.7 FASTST   M    M   4    MAX(MPH)
                                 MISC ---->  # 31 290               # 46  300
================================================================================
NOTES:
# LAST OF SEVERAL OCCURRENCES

COLUMN 17 PEAK WIND IN M.P.H.

PRELIMINARY LOCAL CLIMATOLOGICAL DATA (WS FORM: F-6) , PAGE 2

                                          STATION:  Downtown Kansas City MO
                                          MONTH:    APRIL
                                          YEAR:     2016
                                          LATITUDE:   39  7 N
                                          LONGITUDE:  94 36 W

[TEMPERATURE DATA]      [PRECIPITATION DATA]       SYMBOLS USED IN COLUMN 16

AVERAGE MONTHLY: 59.7   TOTAL FOR MONTH:   3.70    1 = FOG OR MIST
DPTR FM NORMAL:   3.1   DPTR FM NORMAL:   -0.01    2 = FOG REDUCING VISIBILITY
HIGHEST:    81 ON 24, 3 GRTST 24HR  2.71 ON 26-27      TO 1/4 MILE OR LESS
LOWEST:     33 ON  9                               3 = THUNDER
                        SNOW, ICE PELLETS, HAIL    4 = ICE PELLETS
                        TOTAL MONTH:    M          5 = HAIL
                        GRTST 24HR    M  ON   M    6 = FREEZING RAIN OR DRIZZLE
                        GRTST DEPTH:  M  ON   M    7 = DUSTSTORM OR SANDSTORM:
                                                       VSBY 1/2 MILE OR LESS
                                                   8 = SMOKE OR HAZE
[NO. OF DAYS WITH]      [WEATHER - DAYS WITH]      9 = BLOWING SNOW
                                                   X = TORNADO
MAX 32 OR BELOW:   0    0.01 INCH OR MORE:  10
MAX 90 OR ABOVE:   0    0.10 INCH OR MORE:   6
MIN 32 OR BELOW:   0    0.50 INCH OR MORE:   1
MIN  0 OR BELOW:   0    1.00 INCH OR MORE:   1

[HDD (BASE 65) ]
TOTAL THIS MO.   174    CLEAR  (SCALE 0-3)  16
DPTR FM NORMAL  -110    PTCLDY (SCALE 4-7)  12
TOTAL FM JUL 1  3526    CLOUDY (SCALE 8-10)  2
DPTR FM NORMAL -1081

[CDD (BASE 65) ]
TOTAL THIS MO.    21
DPTR FM NORMAL   -12    [PRESSURE DATA]
TOTAL FM JAN 1    30    HIGHEST SLP  0.00 ON M
DPTR FM NORMAL    -8    LOWEST  SLP  0.00 ON M

[REMARKS]
#FINAL-04-16#
