000
CXUS53 KGRR 011017
CF6MKG
PRELIMINARY LOCAL CLIMATOLOGICAL DATA (WS FORM: F-6)

                                          STATION:   MUSKEGON MI
                                          MONTH:     AUGUST
                                          YEAR:      2015
                                          LATITUDE:   43 10 N
                                          LONGITUDE:  86 14 W

  TEMPERATURE IN F:       :PCPN:    SNOW:  WIND      :SUNSHINE: SKY     :PK WND
================================================================================
1   2   3   4   5  6A  6B    7    8   9   10  11  12  13   14  15   16   17  18
                                     12Z  AVG MX 2MIN
DY MAX MIN AVG DEP HDD CDD  WTR  SNW DPTH SPD SPD DIR MIN PSBL S-S WX    SPD DR
================================================================================

 1  81  66  74   3   0   9 0.00  0.0    0  8.1 16 250   M    M   2        21 230
 2  87  64  76   5   0  11 0.43  0.0    0 12.9 32 210   M    M   6 13     44 200
 3  77  61  69  -2   0   4    T  0.0    0  6.6 17 280   M    M   4 1      22 280
 4  77  62  70  -1   0   5 0.00  0.0    0  6.8 17 290   M    M   4        22 290
 5  80  57  69  -2   0   4 0.00  0.0    0  5.1 13 280   M    M   5        16 300
 6  81  59  70  -1   0   5 0.00  0.0    0  5.5 13 110   M    M   6        15 120
 7  81  63  72   1   0   7 0.01  0.0    0  6.7 13 230   M    M   8        16 220
 8  78  65  72   1   0   7 0.00  0.0    0  9.0 16 110   M    M   9        20 120
 9  81  64  73   2   0   8    T  0.0    0  5.0 14 230   M    M   7 8      17 230
10  80  68  74   3   0   9 0.23  0.0    0  5.1 15 290   M    M   8 18     20 320
11  81  64  73   2   0   8 0.00  0.0    0 10.0 20 340   M    M   2        24 340
12  76  59  68  -3   0   3 0.00  0.0    0  7.4 17 290   M    M   3        21 290
13  81  63  72   2   0   7 0.00  0.0    0 11.9 20 200   M    M   7        27 190
14  83  71  77   7   0  12    T  0.0    0  8.4 16 230   M    M   5        22 220
15  84  65  75   5   0  10 0.00  0.0    0  4.4 13 210   M    M   1        16 220
16  87  68  78   8   0  13 0.00  0.0    0  9.4 16 190   M    M   4        22 230
17  88  70  79   9   0  14 0.26  0.0    0  9.2 16 310   M    M   4 13     23 310
18  81  69  75   5   0  10 0.33  0.0    0  7.6 26 210   M    M   8 138    38 210
19  80  66  73   3   0   8 0.07  0.0    0 14.9 28 210   M    M   8 13     36 190
20  68  60  64  -6   1   0 0.09  0.0    0 14.4 23 250   M    M   9 1      32 250
21  78  53  66  -4   0   1 0.00  0.0    0  7.8 16 200   M    M   2        21 310
22  82  65  74   5   0   9 0.00  0.0    0  7.9 17 200   M    M   4        22 210
23  74  63  69   0   0   4 0.44  0.0    0 12.2 24 290   M    M   7 13     31 290
24  69  57  63  -6   2   0 0.02  0.0    0 14.6 24 260   M    M   7        31 250
25  62  56  59 -10   6   0 0.08  0.0    0  7.8 18 290   M    M  10 1      26 270
26  70  53  62  -7   3   0 0.01  0.0    0  6.4 15 320   M    M   6 18     20 330
27  72  49  61  -7   4   0 0.00  0.0    0  3.7 13 260   M    M   5 1      17 270
28  75  53  64  -4   1   0 0.06  0.0    0  4.6  9  50   M    M   7 1      12  50
29  68  61  65  -3   0   0 0.32  0.0    0  5.6 12 130   M    M  10 18     15 130
30  77  61  69   1   0   4    T  0.0    0  3.4 10 270   M    M   8 18     26 320
31  77  59  68   0   0   3 0.00  0.0    0  3.2 10 250   M    M   8 128    13 230
================================================================================
SM 2416 1914        17 175  2.35     0.0 245.6          M      184
================================================================================
AV 77.9 61.7                               7.9 FASTST   M    M   6    MAX(MPH)
                                 MISC ---->  # 32 210               # 44  200
================================================================================
NOTES:
# LAST OF SEVERAL OCCURRENCES

COLUMN 17 PEAK WIND IN M.P.H.

PRELIMINARY LOCAL CLIMATOLOGICAL DATA (WS FORM: F-6) , PAGE 2

                                          STATION:  MUSKEGON MI
                                          MONTH:    AUGUST
                                          YEAR:     2015
                                          LATITUDE:   43 10 N
                                          LONGITUDE:  86 14 W

[TEMPERATURE DATA]      [PRECIPITATION DATA]       SYMBOLS USED IN COLUMN 16

AVERAGE MONTHLY: 69.8   TOTAL FOR MONTH:   2.35    1 = FOG OR MIST
DPTR FM NORMAL:  -0.1   DPTR FM NORMAL:   -1.04    2 = FOG REDUCING VISIBILITY
HIGHEST:    88 ON 17    GRTST 24HR  0.44 ON 23-23      TO 1/4 MILE OR LESS
LOWEST:     49 ON 27                               3 = THUNDER
                        SNOW, ICE PELLETS, HAIL    4 = ICE PELLETS
                        TOTAL MONTH:   0.0 INCH    5 = HAIL
                        GRTST 24HR     0.0         6 = FREEZING RAIN OR DRIZZLE
                        GRTST DEPTH:   0           7 = DUSTSTORM OR SANDSTORM:
                                                       VSBY 1/2 MILE OR LESS
                                                   8 = SMOKE OR HAZE
[NO. OF DAYS WITH]      [WEATHER - DAYS WITH]      9 = BLOWING SNOW
                                                   X = TORNADO
MAX 32 OR BELOW:   0    0.01 INCH OR MORE:  13
MAX 90 OR ABOVE:   0    0.10 INCH OR MORE:   6
MIN 32 OR BELOW:   0    0.50 INCH OR MORE:   0
MIN  0 OR BELOW:   0    1.00 INCH OR MORE:   0

[HDD (BASE 65) ]
TOTAL THIS MO.    17    CLEAR  (SCALE 0-3)   5
DPTR FM NORMAL    -2    PTCLDY (SCALE 4-7)  19
TOTAL FM JUL 1    32    CLOUDY (SCALE 8-10)  7
DPTR FM NORMAL     2

[CDD (BASE 65) ]
TOTAL THIS MO.   175
DPTR FM NORMAL     4    [PRESSURE DATA]
TOTAL FM JAN 1   454    HIGHEST SLP 30.23 ON 27
DPTR FM NORMAL   -53    LOWEST  SLP 29.54 ON  2

[REMARKS]
#FINAL-08-15#
