000
CXHW52 PHFO 280111
CF6MKK
PRELIMINARY LOCAL CLIMATOLOGICAL DATA (WS FORM: F-6)

                                          STATION:   MOLOKAI HI
                                          MONTH:     JULY
                                          YEAR:      2017
                                          LATITUDE:   21  8 N
                                          LONGITUDE: 157  6 W

  TEMPERATURE IN F:       :PCPN:    SNOW:  WIND      :SUNSHINE: SKY     :PK WND
================================================================================
1   2   3   4   5  6A  6B    7    8   9   10  11  12  13   14  15   16   17  18
                                     12Z  AVG MX 2MIN
DY MAX MIN AVG DEP HDD CDD  WTR  SNW DPTH SPD SPD DIR MIN PSBL S-S WX    SPD DR
================================================================================

 1  84  73  79   2   0  14 0.06  0.0    M 11.5 21  50   M    M   M 18     28  30
 2  87  71  79   2   0  14 0.00  0.0    M 11.2 22  50   M    M   M        29  60
 3  87  77  82   5   0  17 0.00  0.0    M 14.7 24  50   M    M   M        37  50
 4  87  76  82   5   0  17 0.00  0.0    M 15.1 26  50   M    M   M        37  50
 5  87  76  82   5   0  17 0.00  0.0    M 13.5 23  50   M    M   M        32  60
 6  86  76  81   4   0  16    T  0.0    M 12.4 22  50   M    M   M        31  50
 7  87  75  81   4   0  16 0.00  0.0    M 12.3 22  50   M    M   M        30  40
 8  88  73  81   4   0  16 0.00  0.0    M 10.5 22  50   M    M   M        28  30
 9  90  74  82   5   0  17 0.00  0.0    M 12.1 23  50   M    M   M        32  50
10  90  74  82   4   0  17 0.00  0.0    M  9.8 20  30   M    M   M        27  30
11  91  70  81   3   0  16    T  0.0    M  8.7 23  50   M    M   M        28  50
12  90  77  84   6   0  19 0.00  0.0    M 11.9 21  50   M    M   M        30  60
13  92  77  85   7   0  20 0.00  0.0    M 10.9 22  50   M    M   M        29  50
14  89  79  84   6   0  19 0.00  0.0    M 12.8 23  50   M    M   M        30  60
15  89  78  84   6   0  19 0.00  0.0    M 12.2 22  60   M    M   M        30  50
16  89  77  83   5   0  18 0.00  0.0    M 11.9 25  50   M    M   M        34  50
17  89  77  83   5   0  18 0.03  0.0    M 12.2 23  60   M    M   M 8      30  50
18   M   M   M   M   M   M    M    M    M   M   M   M   M    M   M 8       M  M
19  90  79  85   7   0  20 0.00  0.0    M 13.1 25  60   M    M   M 8      34  70
20  90  79  85   7   0  20 0.00  0.0    M 14.9 29  50   M    M   M        38  50
21  90  78  84   6   0  19    T  0.0    M 15.4 25  50   M    M   M        35  60
22  91  79  85   7   0  20    T  0.0    M 13.2 24  60   M    M   M        30  60
23  91  79  85   7   0  20 0.06  0.0    M 12.8 23  50   M    M   M 8      30  50
24   M   M   M   M   M   M    M    M    M   M   M   M   M    M   M         M  M
25   M   M   M   M   M   M    M    M    M   M   M   M   M    M   M         M  M
26  87  77  82   4   0  17    T  0.0    M 14.4 25  60   M    M   M        34  50
================================================================================
SM 2041 1751         0 406  0.15     0.0 287.5          M        M
================================================================================
AV 88.7 76.1                              12.5 FASTST   M    M -nan   MAX(MPH)
                                 MISC ---->  # 29  50               # 38   50
================================================================================
NOTES:
# LAST OF SEVERAL OCCURRENCES

COLUMN 17 PEAK WIND IN M.P.H.

PRELIMINARY LOCAL CLIMATOLOGICAL DATA (WS FORM: F-6) , PAGE 2

                                          STATION:  MOLOKAI HI
                                          MONTH:    JULY
                                          YEAR:     2017
                                          LATITUDE:   21  8 N
                                          LONGITUDE: 157  6 W

[TEMPERATURE DATA]      [PRECIPITATION DATA]       SYMBOLS USED IN COLUMN 16

AVERAGE MONTHLY: 82.4   TOTAL FOR MONTH:   0.15    1 = FOG OR MIST
DPTR FM NORMAL:   4.8   DPTR FM NORMAL:   -0.36    2 = FOG REDUCING VISIBILITY
HIGHEST:    92 ON 13    GRTST 24HR  0.06 ON 23-23      TO 1/4 MILE OR LESS
LOWEST:     70 ON 11                               3 = THUNDER
                        SNOW, ICE PELLETS, HAIL    4 = ICE PELLETS
                        TOTAL MONTH:   0.0 INCH    5 = HAIL
                        GRTST 24HR     0.0         6 = FREEZING RAIN OR DRIZZLE
                        GRTST DEPTH:  M  ON   M    7 = DUSTSTORM OR SANDSTORM:
                                                       VSBY 1/2 MILE OR LESS
                                                   8 = SMOKE OR HAZE
[NO. OF DAYS WITH]      [WEATHER - DAYS WITH]      9 = BLOWING SNOW
                                                   X = TORNADO
MAX 32 OR BELOW:   0    0.01 INCH OR MORE:   3
MAX 90 OR ABOVE:  10    0.10 INCH OR MORE:   0
MIN 32 OR BELOW:   0    0.50 INCH OR MORE:   0
MIN  0 OR BELOW:   0    1.00 INCH OR MORE:   0

[HDD (BASE 65) ]
TOTAL THIS MO.     0    CLEAR  (SCALE 0-3)   0
DPTR FM NORMAL     0    PTCLDY (SCALE 4-7)   0
TOTAL FM JUL 1     0    CLOUDY (SCALE 8-10)  0
DPTR FM NORMAL     0

[CDD (BASE 65) ]
TOTAL THIS MO.   406
DPTR FM NORMAL    79    [PRESSURE DATA]
TOTAL FM JAN 1  2017    HIGHEST SLP M ON M
DPTR FM NORMAL   322    LOWEST  SLP 29.93 ON M

[REMARKS]
