000
CXHW52 PHFO 251250
CF6MKK
PRELIMINARY LOCAL CLIMATOLOGICAL DATA (WS FORM: F-6)

                                          STATION:   MOLOKAI HI
                                          MONTH:     AUGUST
                                          YEAR:      2016
                                          LATITUDE:   21  8 N
                                          LONGITUDE: 157  6 W

  TEMPERATURE IN F:       :PCPN:    SNOW:  WIND      :SUNSHINE: SKY     :PK WND
================================================================================
1   2   3   4   5  6A  6B    7    8   9   10  11  12  13   14  15   16   17  18
                                     12Z  AVG MX 2MIN
DY MAX MIN AVG DEP HDD CDD  WTR  SNW DPTH SPD SPD DIR MIN PSBL S-S WX    SPD DR
================================================================================

 1  89  76  83   5   0  18 0.00  0.0    0 11.0 21  50   M    M   3        29  60
 2  87  76  82   4   0  17    T  0.0    0 14.6 25  50   M    M   2        37  40
 3  88  76  82   4   0  17    T  0.0    0 13.0 24  50   M    M   3 1      32  50
 4  88  77  83   5   0  18    T  0.0    0 14.9 28  50   M    M   2        35  50
 5  87  76  82   4   0  17    T  0.0    0 15.1 25  50   M    M   2        37  60
 6  85  76  81   3   0  16 0.05  0.0    0 12.4 22  50   M    M   7 18     30  50
 7  88  77  83   5   0  18 0.06  0.0    0  9.4 21 140   M    M   6 1      26 150
 8  90  74  82   4   0  17    T  0.0    0 10.3 20  60   M    M   1        28  30
 9  88  77  83   5   0  18 0.00  0.0    0 13.2 24  50   M    M   0        32  50
10  87  77  82   4   0  17    T  0.0    0 15.7 26  50   M    M   1        37  60
11  87  77  82   4   0  17    T  0.0    0 16.0 25  50   M    M   2        35  50
12  87  75  81   3   0  16 0.01  0.0    0 15.7 26  60   M    M   3        37  70
13  87  76  82   4   0  17    T  0.0    0 13.4 25  50   M    M   4        32  50
14  89  76  83   5   0  18    T  0.0    0 12.6 24  50   M    M   3        34  50
15  89  76  83   5   0  18 0.00  0.0    0 13.2 25  50   M    M   5        33  50
16  90  71  81   3   0  16 0.00  0.0    0  8.6 22  60   M    M   2        29  30
17  89  69  79   1   0  14 0.00  0.0    0 11.2 25  50   M    M   1        33  50
18  86  76  81   3   0  16    T  0.0    0 14.3 26  50   M    M   3 18     34  50
19  87  75  81   3   0  16    T  0.0    0 13.2 24  60   M    M   1        33  60
20  87  76  82   4   0  17 0.01  0.0    0 12.4 24  60   M    M   3        32  50
21  85  75  80   1   0  15    T  0.0    0 10.4 17  40   M    M   5 18     26  40
22  85  75  80   1   0  15 0.25  0.0    0  6.6 16  50   M    M   6 1      23  50
23  91  74  83   4   0  18 0.00  0.0    0  4.5 15 140   M    M   5        19 140
24  88  75  82   3   0  17 0.02  0.0    0  4.7 12 320   M    M   7        14 290
================================================================================
SM 2104 1808         0 403  0.40     0.0 286.4          M       77
================================================================================
AV 87.7 75.3                              11.9 FASTST   M    M   3    MAX(MPH)
                                 MISC ---->  # 28  50               # 37   40
================================================================================
NOTES:
# LAST OF SEVERAL OCCURRENCES

COLUMN 17 PEAK WIND IN M.P.H.

PRELIMINARY LOCAL CLIMATOLOGICAL DATA (WS FORM: F-6) , PAGE 2

                                          STATION:  MOLOKAI HI
                                          MONTH:    AUGUST
                                          YEAR:     2016
                                          LATITUDE:   21  8 N
                                          LONGITUDE: 157  6 W

[TEMPERATURE DATA]      [PRECIPITATION DATA]       SYMBOLS USED IN COLUMN 16

AVERAGE MONTHLY: 81.5   TOTAL FOR MONTH:   0.40    1 = FOG OR MIST
DPTR FM NORMAL:   3.3   DPTR FM NORMAL:   -0.09    2 = FOG REDUCING VISIBILITY
HIGHEST:    91 ON 23    GRTST 24HR  0.25 ON 22-22      TO 1/4 MILE OR LESS
LOWEST:     69 ON 17                               3 = THUNDER
                        SNOW, ICE PELLETS, HAIL    4 = ICE PELLETS
                        TOTAL MONTH:   0.0 INCH    5 = HAIL
                        GRTST 24HR     0.0         6 = FREEZING RAIN OR DRIZZLE
                        GRTST DEPTH:   0           7 = DUSTSTORM OR SANDSTORM:
                                                       VSBY 1/2 MILE OR LESS
                                                   8 = SMOKE OR HAZE
[NO. OF DAYS WITH]      [WEATHER - DAYS WITH]      9 = BLOWING SNOW
                                                   X = TORNADO
MAX 32 OR BELOW:   0    0.01 INCH OR MORE:   6
MAX 90 OR ABOVE:   3    0.10 INCH OR MORE:   1
MIN 32 OR BELOW:   0    0.50 INCH OR MORE:   0
MIN  0 OR BELOW:   0    1.00 INCH OR MORE:   0

[HDD (BASE 65) ]
TOTAL THIS MO.     0    CLEAR  (SCALE 0-3)  15
DPTR FM NORMAL     0    PTCLDY (SCALE 4-7)   9
TOTAL FM JUL 1     0    CLOUDY (SCALE 8-10)  0
DPTR FM NORMAL     0

[CDD (BASE 65) ]
TOTAL THIS MO.   403
DPTR FM NORMAL    82    [PRESSURE DATA]
TOTAL FM JAN 1  2531    HIGHEST SLP M ON M
DPTR FM NORMAL   450    LOWEST  SLP 29.89 ON M

[REMARKS]
