000
CXUS54 KFWD 010730
CF6MKN
PRELIMINARY LOCAL CLIMATOLOGICAL DATA (WS FORM: F-6)

                                          STATION:   COMANCHE
                                          MONTH:     JULY
                                          YEAR:      2015
                                          LATITUDE:   31 55 N
                                          LONGITUDE:  98 36 W

  TEMPERATURE IN F:       :PCPN:    SNOW:  WIND      :SUNSHINE: SKY     :PK WND
================================================================================
1   2   3   4   5  6A  6B    7    8   9   10  11  12  13   14  15   16   17  18
                                     12Z  AVG MX 2MIN
DY MAX MIN AVG DEP HDD CDD  WTR  SNW DPTH SPD SPD DIR MIN PSBL S-S WX    SPD DR
================================================================================

 1  92  69  81   M   0  16 0.00  0.0    0 10.0 16 190   M    M   2        24 220
 2  91  68  80   M   0  15 0.00  0.0    0 11.8 17 190   M    M   1        27 200
 3  90  73  82   M   0  17 0.00  0.0    0  8.0 13 220   M    M   3        22 220
 4  93  72  83   M   0  18 0.00  0.0    0  8.1 13 200   M    M   2        21 200
 5  92  73  83   M   0  18 0.00  0.0    0 12.0 21 200   M    M   2        27 200
 6  93  75  84   M   0  19 0.00  0.0    0 13.6 24 190   M    M   2        29 190
 7  85  74  80   M   0  15 0.11  0.0    0  8.4 15 180   M    M   7 3      23 180
 8  84  71  78   M   0  13 3.16  0.0    0  7.0 16 270   M    M   5 3      24 210
 9  92  72  82   M   0  17 0.00  0.0    0 11.2 16 170   M    M   2        24 170
10  93  69  81   M   0  16 0.00  0.0    0  9.2 16 190   M    M   1        23 190
11  94  69  82   M   0  17 0.00  0.0    0  7.2 12 190   M    M   0        16 210
12  94  71  83   M   0  18 0.00  0.0    0  7.1 13 200   M    M   0        22 200
13  95  74  85   M   0  20 0.00  0.0    0  7.2 13 210   M    M   0        17 210
14  97  73  85   M   0  20 0.00  0.0    0  7.6 12 200   M    M   0        20 200
15  96  69  83   M   0  18 0.00  0.0    0  7.1 10 200   M    M   0         M  M
16  97  71  84   M   0  19 0.00  0.0    0  9.0 17 220   M    M   0        18 220
17  97  72  85   M   0  20 0.00  0.0    0  9.8 16 210   M    M   0        23 210
18  99  74  87   M   0  22 0.00  0.0    0 10.5 15 200   M    M   1        22 200
19  98  73  86   M   0  21 0.00  0.0    0  9.3 13 200   M    M   1        20 200
20  99  74  87   M   0  22 0.00  0.0    0  8.0 13 210   M    M   0        17 210
21  98  74  86   M   0  21 0.00  0.0    0  7.4 13 150   M    M   1        20 190
22  98  75  87   M   0  22 0.00  0.0    0  8.1 15 200   M    M   1        23 200
23  98  74  86   M   0  21 0.00  0.0    0  8.3 14 190   M    M   1        20 190
24  98  73  86   M   0  21 0.00  0.0    0  9.2 17 200   M    M   0        23 200
25  99  75  87   M   0  22 0.00  0.0    0  7.1 13 150   M    M   0        17 200
26  99  73  86   M   0  21 0.00  0.0    0  7.0 13 140   M    M   1         M  M
27  99  72  86   M   0  21 0.00  0.0    0  6.3 12 130   M    M   0        18 130
28  98  73  86   M   0  21 0.00  0.0    0  7.8 12 150   M    M   0        17 160
29 100  74  87   M   0  22 0.00  0.0    0  5.9 10 180   M    M   0         M  M
30  99  73  86   M   0  21 0.00  0.0    0  3.5  7 240   M    M   0         M  M
31 100  72  86   M   0  21 0.00  0.0    0  4.7 17  30   M    M   1 3      32  30
================================================================================
SM 2957 2244         0 595  3.27     0.0 257.4          M       34
================================================================================
AV 95.4 72.4                               8.3 FASTST   M    M   1    MAX(MPH)
                                 MISC ---->    24   M                 32    M
================================================================================
NOTES:
# LAST OF SEVERAL OCCURRENCES

COLUMN 17 PEAK WIND IN M.P.H.

PRELIMINARY LOCAL CLIMATOLOGICAL DATA (WS FORM: F-6) , PAGE 2

                                          STATION:  COMANCHE
                                          MONTH:    JULY
                                          YEAR:     2015
                                          LATITUDE:   31 55 N
                                          LONGITUDE:  98 36 W

[TEMPERATURE DATA]      [PRECIPITATION DATA]       SYMBOLS USED IN COLUMN 16

AVERAGE MONTHLY: 83.9   TOTAL FOR MONTH:   3.27    1 = FOG OR MIST
DPTR FM NORMAL:     M   DPTR FM NORMAL:    1.29    2 = FOG REDUCING VISIBILITY
HIGHEST:   100 ON 31,29 GRTST 24HR  3.16 ON  8- 8      TO 1/4 MILE OR LESS
LOWEST:     68 ON  2                               3 = THUNDER
                        SNOW, ICE PELLETS, HAIL    4 = ICE PELLETS
                        TOTAL MONTH:   0.0 INCH    5 = HAIL
                        GRTST 24HR     0.0         6 = FREEZING RAIN OR DRIZZLE
                        GRTST DEPTH:   0           7 = DUSTSTORM OR SANDSTORM:
                                                       VSBY 1/2 MILE OR LESS
                                                   8 = SMOKE OR HAZE
[NO. OF DAYS WITH]      [WEATHER - DAYS WITH]      9 = BLOWING SNOW
                                                   X = TORNADO
MAX 32 OR BELOW:   0    0.01 INCH OR MORE:   2
MAX 90 OR ABOVE:  29    0.10 INCH OR MORE:   2
MIN 32 OR BELOW:   0    0.50 INCH OR MORE:   1
MIN  0 OR BELOW:   0    1.00 INCH OR MORE:   1

[HDD (BASE 65) ]
TOTAL THIS MO.     0    CLEAR  (SCALE 0-3)  29
DPTR FM NORMAL     M    PTCLDY (SCALE 4-7)   2
TOTAL FM JUL 1     0    CLOUDY (SCALE 8-10)  0
DPTR FM NORMAL     M

[CDD (BASE 65) ]
TOTAL THIS MO.   595
DPTR FM NORMAL     M    [PRESSURE DATA]
TOTAL FM JAN 1  1400    HIGHEST SLP M ON M
DPTR FM NORMAL     M    LOWEST  SLP M ON M

[REMARKS]
#FINAL-07-15#
