000
CXUS54 KFWD 270730
CF6MKN
PRELIMINARY LOCAL CLIMATOLOGICAL DATA (WS FORM: F-6)

                                          STATION:   COMANCHE
                                          MONTH:     SEPTEMBER
                                          YEAR:      2016
                                          LATITUDE:   31 55 N
                                          LONGITUDE:  98 36 W

  TEMPERATURE IN F:       :PCPN:    SNOW:  WIND      :SUNSHINE: SKY     :PK WND
================================================================================
1   2   3   4   5  6A  6B    7    8   9   10  11  12  13   14  15   16   17  18
                                     12Z  AVG MX 2MIN
DY MAX MIN AVG DEP HDD CDD  WTR  SNW DPTH SPD SPD DIR MIN PSBL S-S WX    SPD DR
================================================================================

 1  87  70  79   M   0  14    M  0.0    0  4.8  8  50   M    M   3 3       M  M
 2  87  68  78   M   0  13 0.00  0.0    0  2.8  8 110   M    M   7 1       M  M
 3  90  69  80   M   0  15 0.01  0.0    0  4.1 10 130   M    M   4 1       M  M
 4  92  68  80   M   0  15 0.00  0.0    0  6.6 13 130   M    M   2 1      21 190
 5  92  71  82   M   0  17 0.00  0.0    0 10.4 16 170   M    M   2        29 190
 6  94  74  84   M   0  19 0.00  0.0    0 10.8 15 150   M    M   4        24 180
 7  96  75  86   M   0  21 0.00  0.0    0 10.3 15 190   M    M   3        24 200
 8  97  73  85   M   0  20 0.00  0.0    0 10.9 17 200   M    M   0        24 200
 9  95  73  84   M   0  19 0.00  0.0    0 11.4 17 150   M    M   0        24 210
10  77  64  71   M   0   6 0.32  0.0    0  6.9 24  40   M    M   6        37  40
11  88  63  76   M   0  11 0.00  0.0    0  3.1  7 100   M    M   0         M  M
12  92  64  78   M   0  13 0.00  0.0    0  6.3 13 130   M    M   1        21 140
13  92  68  80   M   0  15 1.16  0.0    0  6.1 14  70   M    M   4        18  70
14  89  71  80   M   0  15 0.47  0.0    0  3.3 20  40   M    M   4 1      24  40
15  90  69  80   M   0  15 0.00  0.0    0  2.9  9 120   M    M   1 1       M  M
16  92  65  79   M   0  14 0.12  0.0    0  5.6 20 310   M    M   2 3      32 300
17  91  69  80   M   0  15 0.02  0.0    0  2.7 15 210   M    M   0        23 210
18  94  74  84   M   0  19 0.00  0.0    0  4.4 15 180   M    M   1        20 180
19  97  75  86   M   0  21 0.00  0.0    0  6.7 12 230   M    M   0        17 230
20  95  71  83   M   0  18 0.00  0.0    0  4.7  9 200   M    M   0         M  M
21  92  70  81   M   0  16 0.00  0.0    0  3.6  8 130   M    M   1 1       M  M
22  92  67  80   M   0  15 0.00  0.0    0  4.9  9 190   M    M   1         M  M
23  92  70  81   M   0  16 0.00  0.0    0  8.0 15 160   M    M   4 1      23 160
24  93  72  83   M   0  18 0.00  0.0    0  9.4 15 190   M    M   5        24 160
25  74  66  70   M   0   5 1.10  0.0    0  7.6 15 350   M    M  10 3      25 310
26  69  59  64   M   1   0 0.22  0.0    0  7.3 15 360   M    M  10        20 360
================================================================================
SM 2339 1798         1 385  3.42     0.0 165.6          M       75
================================================================================
AV 90.0 69.2                               6.4 FASTST   M    M   3    MAX(MPH)
                                 MISC ---->    24   M                 37    M
================================================================================
NOTES:
# LAST OF SEVERAL OCCURRENCES

COLUMN 17 PEAK WIND IN M.P.H.

PRELIMINARY LOCAL CLIMATOLOGICAL DATA (WS FORM: F-6) , PAGE 2

                                          STATION:  COMANCHE
                                          MONTH:    SEPTEMBER
                                          YEAR:     2016
                                          LATITUDE:   31 55 N
                                          LONGITUDE:  98 36 W

[TEMPERATURE DATA]      [PRECIPITATION DATA]       SYMBOLS USED IN COLUMN 16

AVERAGE MONTHLY: 79.6   TOTAL FOR MONTH:   3.42    1 = FOG OR MIST
DPTR FM NORMAL:     M   DPTR FM NORMAL:    0.85    2 = FOG REDUCING VISIBILITY
HIGHEST:    97 ON 19, 8 GRTST 24HR  1.16 ON 13-13      TO 1/4 MILE OR LESS
LOWEST:     59 ON 26                               3 = THUNDER
                        SNOW, ICE PELLETS, HAIL    4 = ICE PELLETS
                        TOTAL MONTH:   0.0 INCH    5 = HAIL
                        GRTST 24HR     0.0         6 = FREEZING RAIN OR DRIZZLE
                        GRTST DEPTH:   0           7 = DUSTSTORM OR SANDSTORM:
                                                       VSBY 1/2 MILE OR LESS
                                                   8 = SMOKE OR HAZE
[NO. OF DAYS WITH]      [WEATHER - DAYS WITH]      9 = BLOWING SNOW
                                                   X = TORNADO
MAX 32 OR BELOW:   0    0.01 INCH OR MORE:   8
MAX 90 OR ABOVE:  19    0.10 INCH OR MORE:   6
MIN 32 OR BELOW:   0    0.50 INCH OR MORE:   2
MIN  0 OR BELOW:   0    1.00 INCH OR MORE:   2

[HDD (BASE 65) ]
TOTAL THIS MO.     1    CLEAR  (SCALE 0-3)  15
DPTR FM NORMAL     M    PTCLDY (SCALE 4-7)   9
TOTAL FM JUL 1     1    CLOUDY (SCALE 8-10)  2
DPTR FM NORMAL     M

[CDD (BASE 65) ]
TOTAL THIS MO.   385
DPTR FM NORMAL     M    [PRESSURE DATA]
TOTAL FM JAN 1  2389    HIGHEST SLP M ON M
DPTR FM NORMAL     M    LOWEST  SLP M ON M

[REMARKS]
