000
CXUS54 KTSA 010840
CF6MKO
PRELIMINARY LOCAL CLIMATOLOGICAL DATA (WS FORM: F-6)

                                          STATION:   MUSKOGEE OKLAHOMA
                                          MONTH:     JULY
                                          YEAR:      2015
                                          LATITUDE:   35 40 N
                                          LONGITUDE:  95 22 W

  TEMPERATURE IN F:       :PCPN:    SNOW:  WIND      :SUNSHINE: SKY     :PK WND
================================================================================
1   2   3   4   5  6A  6B    7    8   9   10  11  12  13   14  15   16   17  18
                                     12Z  AVG MX 2MIN
DY MAX MIN AVG DEP HDD CDD  WTR  SNW DPTH SPD SPD DIR MIN PSBL S-S WX    SPD DR
================================================================================

 1  91  74  83   3   0  18 0.00  0.0    0 11.8 18 200   M    M   0        26 190
 2  90  70  80   0   0  15 1.48  0.0    0 13.7 36  50   M    M   2 13     47  50
 3  89  70  80   0   0  15 0.28  0.0    0  6.7 20  40   M    M   5 138    29 360
 4  89  68  79  -1   0  14 0.00  0.0    0  3.6 10 150   M    M   2        14 180
 5  91  70  81   1   0  16 0.00  0.0    0  8.5 20 130   M    M   1        27 140
 6  87  73  80   0   0  15 0.00  0.0    0  9.5 21 180   M    M   4        28 180
 7  79  70  75  -5   0  10 3.54  0.0    0  6.0 14 200   M    M   9 12     19 210
 8  76  71  74  -6   0   9 2.59  0.0    0  8.0 22 210   M    M   9 1      27 210
 9  84  71  78  -3   0  13 0.69  0.0    0  5.8 21 200   M    M   7 138    30 220
10  90  70  80  -1   0  15 0.00  0.0    0  7.5 17 190   M    M   1 1      24 160
11  91  70  81   0   0  16 0.00  0.0    0  9.2 18 200   M    M   0        23 220
12  92  72  82   1   0  17 0.00  0.0    0  7.0 17 190   M    M   0        22 180
13  94  73  84   3   0  19 0.00  0.0    0  8.8 17 190   M    M   0        22 200
14  95  76  86   5   0  21 0.00  0.0    0  6.9 14 200   M    M   0        18 180
15  94  76  85   4   0  20 0.00  0.0    0  6.5 14 190   M    M   0        17 170
16  93  71  82   1   0  17 0.00  0.0    0  9.0 17 190   M    M   0        22 180
17  93  72  83   2   0  18 0.00  0.0    0  9.1 17 200   M    M   0        24 200
18  94  73  84   2   0  19 0.00  0.0    0  8.7 17 210   M    M   0        22 200
19  95  74  85   3   0  20 0.00  0.0    0  7.6 14 180   M    M   0        18 180
20  95  73  84   2   0  19    T  0.0    0  6.8 17 310   M    M   1 3      23 320
21  86  72  79  -3   0  14 1.95  0.0    0  5.4 22 350   M    M   6 13     28 340
22  89  72  81  -1   0  16 2.84  0.0    0  6.9 20 360   M    M   6 13     23 360
23  93  75  84   2   0  19 0.01  0.0    0  7.0 24 230   M    M   2 3      31 230
24  94  75  85   3   0  20 0.00  0.0    0  6.2 13 230   M    M   0        16 230
25  95  75  85   3   0  20 0.00  0.0    0  4.3 10 220   M    M   0        12 220
26  96  75  86   4   0  21 0.00  0.0    0  4.7 12 180   M    M   0 1      15 170
27  96  77  87   5   0  22 0.00  0.0    0  5.1 10 190   M    M   1 1      14 180
28  95  75  85   3   0  20 0.00  0.0    0  7.1 16 190   M    M   0 1      22 170
29  97  74  86   4   0  21 0.00  0.0    0  4.0 10 170   M    M   0        13 180
30  95  74  85   3   0  20 0.20  0.0    0  4.0 26 340   M    M   1 13     33 340
31  89  73  81  -1   0  16 0.00  0.0    0  4.0 12  60   M    M   2        15  80
================================================================================
SM 2827 2254         0 535 13.58     0.0 219.4          M       59
================================================================================
AV 91.2 72.7                               7.1 FASTST   M    M   2    MAX(MPH)
                                 MISC ---->  # 36  50               # 47   50
================================================================================
NOTES:
# LAST OF SEVERAL OCCURRENCES

COLUMN 17 PEAK WIND IN M.P.H.

PRELIMINARY LOCAL CLIMATOLOGICAL DATA (WS FORM: F-6) , PAGE 2

                                          STATION:  MUSKOGEE OKLAHOMA
                                          MONTH:    JULY
                                          YEAR:     2015
                                          LATITUDE:   35 40 N
                                          LONGITUDE:  95 22 W

[TEMPERATURE DATA]      [PRECIPITATION DATA]       SYMBOLS USED IN COLUMN 16

AVERAGE MONTHLY: 82.0   TOTAL FOR MONTH:  13.58    1 = FOG OR MIST
DPTR FM NORMAL:   0.8   DPTR FM NORMAL:   10.10    2 = FOG REDUCING VISIBILITY
HIGHEST:    97 ON 29    GRTST 24HR  5.18 ON  7- 8      TO 1/4 MILE OR LESS
LOWEST:     68 ON  4                               3 = THUNDER
                        SNOW, ICE PELLETS, HAIL    4 = ICE PELLETS
                        TOTAL MONTH:   0.0 INCH    5 = HAIL
                        GRTST 24HR     0.0         6 = FREEZING RAIN OR DRIZZLE
                        GRTST DEPTH:   0           7 = DUSTSTORM OR SANDSTORM:
                                                       VSBY 1/2 MILE OR LESS
                                                   8 = SMOKE OR HAZE
[NO. OF DAYS WITH]      [WEATHER - DAYS WITH]      9 = BLOWING SNOW
                                                   X = TORNADO
MAX 32 OR BELOW:   0    0.01 INCH OR MORE:   9
MAX 90 OR ABOVE:  22    0.10 INCH OR MORE:   8
MIN 32 OR BELOW:   0    0.50 INCH OR MORE:   6
MIN  0 OR BELOW:   0    1.00 INCH OR MORE:   5

[HDD (BASE 65) ]
TOTAL THIS MO.     0    CLEAR  (SCALE 0-3)  24
DPTR FM NORMAL     0    PTCLDY (SCALE 4-7)   5
TOTAL FM JUL 1     0    CLOUDY (SCALE 8-10)  2
DPTR FM NORMAL     0

[CDD (BASE 65) ]
TOTAL THIS MO.   535
DPTR FM NORMAL    33    [PRESSURE DATA]
TOTAL FM JAN 1  1165    HIGHEST SLP 30.16 ON 31
DPTR FM NORMAL   132    LOWEST  SLP 29.75 ON 14

[REMARKS]
#FINAL-07-15#
