000
CXUS53 KMPX 241000
CF6MKT
PRELIMINARY LOCAL CLIMATOLOGICAL DATA (WS FORM: F-6)

                                          STATION:   MANKATO MN
                                          MONTH:     MAY
                                          YEAR:      2016
                                          LATITUDE:   44 13 N
                                          LONGITUDE:  93 55 W

  TEMPERATURE IN F:       :PCPN:    SNOW:  WIND      :SUNSHINE: SKY     :PK WND
================================================================================
1   2   3   4   5  6A  6B    7    8   9   10  11  12  13   14  15   16   17  18
                                     12Z  AVG MX 2MIN
DY MAX MIN AVG DEP HDD CDD  WTR  SNW DPTH SPD SPD DIR MIN PSBL S-S WX    SPD DR
================================================================================

 1  61  41  51  -2  14   0    M    M    M 10.1 15  20   M    M   4        21  40
 2  64  39  52  -2  13   0    M    M    M  4.1  8 210   M    M   1         M  M
 3  72  45  59   5   6   0 0.00    M    M 13.7 25 280   M    M   2        32 270
 4  66  45  56   2   9   0    M    M    M 12.3 22 360   M    M   0        31 360
 5  79  41  60   5   5   0    M    M    M  7.1 13 230   M    M   0        16 210
 6  91  57  74  19   0   9    M    M    M 15.9 29 250   M    M   1 3      40 250
 7  70  52  61   5   4   0    M    M    M 12.7 23 350   M    M   0 3      30  10
 8  73  43  58   2   7   0    M    M    M  4.8 14 110   M    M   1        17 130
 9  61  54  58   2   7   0    M    M    M 17.5 28 100   M    M   8 3      36 100
10  61  52  57   1   8   0    M    M    M 12.7 16 110   M    M  10        16 120
11  57  52  55  -2  10   0    M    M    M  6.7 15 100   M    M   8         M  M
12  55  46  51  -6  14   0    M    M    M 11.5 20 300   M    M   6        25 300
13  46  39  43 -15  22   0    M    M    M 12.3 25 320   M    M   7        32 320
14  50  34  42 -16  23   0    M    M    M 17.7 28 320   M    M   4        37 320
15  64  34  49  -9  16   0    M    M    M  8.5 14 290   M    M   3        22 290
16  66  48  57  -1   8   0    M    M    M  8.2 13 260   M    M   3         M  M
17  63  46  55  -4  10   0    M    M    M  9.5 16  80   M    M   1        22  40
18  68  41  55  -4  10   0    M    M    M  4.6  9 200   M    M   0         M  M
19  73  48  61   1   4   0    M    M    M 10.0 15 180   M    M   4        23 200
20  73  46  60   0   5   0    M    M    M  8.2 15 140   M    M   4        22 140
21  79  54  67   7   0   2    M    M    M  5.4 10 130   M    M   0        18 150
22  84  52  68   8   0   3    M    M    M 13.1 23 180   M    M   0        32 170
23  81  63  72  11   0   7    M    M    M 16.5 23 180   M    M   4        32 200
================================================================================
SM 1557 1072       195  21  0.00    M    243.1          M       71
================================================================================
AV 67.7 46.6                              10.6 FASTST   M    M   3    MAX(MPH)
                                 MISC ---->    29   M                 40    M
================================================================================
NOTES:
# LAST OF SEVERAL OCCURRENCES

COLUMN 17 PEAK WIND IN M.P.H.

PRELIMINARY LOCAL CLIMATOLOGICAL DATA (WS FORM: F-6) , PAGE 2

                                          STATION:  MANKATO MN
                                          MONTH:    MAY
                                          YEAR:     2016
                                          LATITUDE:   44 13 N
                                          LONGITUDE:  93 55 W

[TEMPERATURE DATA]      [PRECIPITATION DATA]       SYMBOLS USED IN COLUMN 16

AVERAGE MONTHLY: 57.2   TOTAL FOR MONTH:   0.00    1 = FOG OR MIST
DPTR FM NORMAL:   0.0   DPTR FM NORMAL:   -2.49    2 = FOG REDUCING VISIBILITY
HIGHEST:    91 ON  6    GRTST 24HR  0.00 ON  3- 3      TO 1/4 MILE OR LESS
LOWEST:     34 ON 15,14                            3 = THUNDER
                        SNOW, ICE PELLETS, HAIL    4 = ICE PELLETS
                        TOTAL MONTH:    M          5 = HAIL
                        GRTST 24HR    M  ON   M    6 = FREEZING RAIN OR DRIZZLE
                        GRTST DEPTH:  M  ON   M    7 = DUSTSTORM OR SANDSTORM:
                                                       VSBY 1/2 MILE OR LESS
                                                   8 = SMOKE OR HAZE
[NO. OF DAYS WITH]      [WEATHER - DAYS WITH]      9 = BLOWING SNOW
                                                   X = TORNADO
MAX 32 OR BELOW:   0    0.01 INCH OR MORE:   0
MAX 90 OR ABOVE:   1    0.10 INCH OR MORE:   0
MIN 32 OR BELOW:   0    0.50 INCH OR MORE:   0
MIN  0 OR BELOW:   0    1.00 INCH OR MORE:   0

[HDD (BASE 65) ]
TOTAL THIS MO.   195    CLEAR  (SCALE 0-3)  13
DPTR FM NORMAL    -7    PTCLDY (SCALE 4-7)   7
TOTAL FM JUL 1  6429    CLOUDY (SCALE 8-10)  3
DPTR FM NORMAL -1294

[CDD (BASE 65) ]
TOTAL THIS MO.    21
DPTR FM NORMAL    -1    [PRESSURE DATA]
TOTAL FM JAN 1    28    HIGHEST SLP M ON M
DPTR FM NORMAL     1    LOWEST  SLP M ON M

[REMARKS]
