000
CXUS52 KMLB 230629
CF6MLB
PRELIMINARY LOCAL CLIMATOLOGICAL DATA (WS FORM: F-6)

                                          STATION:   MELBOURNE
                                          MONTH:     JUNE
                                          YEAR:      2017
                                          LATITUDE:   28  6 N
                                          LONGITUDE:  80 39 W

  TEMPERATURE IN F:       :PCPN:    SNOW:  WIND      :SUNSHINE: SKY     :PK WND
================================================================================
1   2   3   4   5  6A  6B    7    8   9   10  11  12  13   14  15   16   17  18
                                     12Z  AVG MX 2MIN
DY MAX MIN AVG DEP HDD CDD  WTR  SNW DPTH SPD SPD DIR MIN PSBL S-S WX    SPD DR
================================================================================

 1  91  76  84   5   0  19 0.20  0.0    0  6.9 20 210   M    M   3 13     24 170
 2  89  74  82   3   0  17 0.64  0.0    0  3.8 16 360   M    M   4 138    21 110
 3  87  73  80   1   0  15 0.01  0.0    0  6.0 16 120   M    M   5 1      21 120
 4  84  73  79  -1   0  14 0.20  0.0    0  5.5 16 190   M    M   2 1      23 180
 5  87  73  80   0   0  15 0.73  0.0    0  5.8 26 210   M    M   4 13     35 220
 6  88  74  81   1   0  16 0.41  0.0    0 10.4 21 200   M    M   5 138    28 220
 7  87  72  80   0   0  15 0.83  0.0    0 12.3 36 260   M    M   7 13     47 260
 8  89  75  82   2   0  17 0.30  0.0    0 12.2 33 220   M    M   8 138    45 220
 9  87  75  81   1   0  16 0.00  0.0    0 10.0 17  50   M    M   4        19  40
10  90  77  84   4   0  19 0.01  0.0    0  5.0 14 120   M    M   5 138    18 120
11  88  74  81   1   0  16 0.03  0.0    0  5.8 15 100   M    M   1 3      18 100
12  87  78  83   3   0  18 0.00  0.0    0  6.8 13 100   M    M   2        16  90
13  88  79  84   4   0  19 0.01  0.0    0  5.8 14 130   M    M   2 3      19 130
14  86  70  78  -2   0  13 0.88  0.0    0  4.7 25 230   M    M   2 138    31 230
15  83  73  78  -2   0  13 0.27  0.0    0  3.3 14 100   M    M   4 13     17 100
16  87  70  79  -2   0  14 1.37  0.0    0  6.1 35 310   M    M   3 13     40 310
17  88  71  80  -1   0  15 0.01  0.0    0  6.6 22 140   M    M   3 1      26 140
18  86  75  81   0   0  16 0.21  0.0    0  5.9 20 160   M    M   3 13     23 150
19  87  78  83   2   0  18    T  0.0    0  8.8 23 130   M    M   3        29 130
20  89  79  84   3   0  19 0.00  0.0    0 12.0 23 130   M    M   2        30 130
21  90  80  85   4   0  20 0.01  0.0    0 12.0 25 130   M    M   4 3      31 140
22  90  80  85   4   0  20 0.00  0.0    0 11.2 20 110   M    M   2 1      26 120
================================================================================
SM 1928 1649         0 364  6.12     0.0 166.9          M       78
================================================================================
AV 87.6 75.0                               7.6 FASTST   M    M   4    MAX(MPH)
                                 MISC ---->  # 36 260               # 47  260
================================================================================
NOTES:
# LAST OF SEVERAL OCCURRENCES

COLUMN 17 PEAK WIND IN M.P.H.

PRELIMINARY LOCAL CLIMATOLOGICAL DATA (WS FORM: F-6) , PAGE 2

                                          STATION:  MELBOURNE
                                          MONTH:    JUNE
                                          YEAR:     2017
                                          LATITUDE:   28  6 N
                                          LONGITUDE:  80 39 W

[TEMPERATURE DATA]      [PRECIPITATION DATA]       SYMBOLS USED IN COLUMN 16

AVERAGE MONTHLY: 81.3   TOTAL FOR MONTH:   6.12    1 = FOG OR MIST
DPTR FM NORMAL:   1.1   DPTR FM NORMAL:    1.20    2 = FOG REDUCING VISIBILITY
HIGHEST:    91 ON  1    GRTST 24HR  1.37 ON 16-16      TO 1/4 MILE OR LESS
LOWEST:     70 ON 16,14                            3 = THUNDER
                        SNOW, ICE PELLETS, HAIL    4 = ICE PELLETS
                        TOTAL MONTH:   0.0 INCH    5 = HAIL
                        GRTST 24HR     0.0         6 = FREEZING RAIN OR DRIZZLE
                        GRTST DEPTH:   0           7 = DUSTSTORM OR SANDSTORM:
                                                       VSBY 1/2 MILE OR LESS
                                                   8 = SMOKE OR HAZE
[NO. OF DAYS WITH]      [WEATHER - DAYS WITH]      9 = BLOWING SNOW
                                                   X = TORNADO
MAX 32 OR BELOW:   0    0.01 INCH OR MORE:  17
MAX 90 OR ABOVE:   4    0.10 INCH OR MORE:  11
MIN 32 OR BELOW:   0    0.50 INCH OR MORE:   5
MIN  0 OR BELOW:   0    1.00 INCH OR MORE:   1

[HDD (BASE 65) ]
TOTAL THIS MO.     0    CLEAR  (SCALE 0-3)  12
DPTR FM NORMAL     0    PTCLDY (SCALE 4-7)   9
TOTAL FM JUL 1   220    CLOUDY (SCALE 8-10)  1
DPTR FM NORMAL  -357

[CDD (BASE 65) ]
TOTAL THIS MO.   364
DPTR FM NORMAL    29    [PRESSURE DATA]
TOTAL FM JAN 1  1511    HIGHEST SLP M ON M
DPTR FM NORMAL   450    LOWEST  SLP 29.69 ON M

[REMARKS]
