000
CXUS52 KMLB 281138
CF6MLB
PRELIMINARY LOCAL CLIMATOLOGICAL DATA (WS FORM: F-6)

                                          STATION:   MELBOURNE
                                          MONTH:     APRIL
                                          YEAR:      2017
                                          LATITUDE:   28  6 N
                                          LONGITUDE:  80 39 W

  TEMPERATURE IN F:       :PCPN:    SNOW:  WIND      :SUNSHINE: SKY     :PK WND
================================================================================
1   2   3   4   5  6A  6B    7    8   9   10  11  12  13   14  15   16   17  18
                                     12Z  AVG MX 2MIN
DY MAX MIN AVG DEP HDD CDD  WTR  SNW DPTH SPD SPD DIR MIN PSBL S-S WX    SPD DR
================================================================================

 1  84  60  72   4   0   7 0.00  0.0    0  6.5 15  70   M    M   1 12     19  50
 2  85  66  76   8   0  11 0.00  0.0    0  9.5 21 110   M    M   2 1      25 110
 3  87  76  82  14   0  17 0.00  0.0    0 13.2 26 140   M    M   3        34 140
 4  89  71  80  12   0  15 0.18  0.0    0  9.0 31 340   M    M   1 138    42 340
 5  92  69  81  12   0  16    T  0.0    0  9.8 22 110   M    M   1 13     26 110
 6  88  58  73   4   0   8 0.01  0.0    0 13.4 33 160   M    M   3 13     42 160
 7  77  51  64  -5   1   0 0.00  0.0    0 11.7 22 290   M    M   0 8      30 360
 8  76  49  63  -6   2   0 0.00  0.0    0  8.3 15  50   M    M   0 8      19  60
 9  80  52  66  -3   0   1 0.00  0.0    0  8.6 14  70   M    M   0        19  60
10  81  71  76   7   0  11 0.00  0.0    0 13.5 18 100   M    M   2        24 100
11  81  69  75   5   0  10 0.00  0.0    0 12.2 18 100   M    M   2        23 100
12  83  69  76   6   0  11    T  0.0    0 11.1 17  70   M    M   3        22  90
13  82  71  77   7   0  12 0.00  0.0    0 12.4 18  40   M    M   3        23  40
14  84  72  78   8   0  13 0.00  0.0    0 14.5 23  70   M    M   3        27  60
15  83  74  79   9   0  14    T  0.0    0 16.7 22 100   M    M   2        28 130
16  82  73  78   8   0  13 0.00  0.0    0 13.6 20  90   M    M   0        26 120
17  83  62  73   2   0   8 0.00  0.0    0  7.2 16  90   M    M   3        20  60
18  84  64  74   3   0   9 0.00  0.0    0  8.2 18  70   M    M   2        21  70
19  84  74  79   8   0  14    T  0.0    0 13.2 21 120   M    M   2        25 100
20  83  74  79   8   0  14 0.00  0.0    0 12.1 17 100   M    M   2        21 110
21  84  73  79   8   0  14    T  0.0    0 10.1 18 110   M    M   2        25 110
22  85  70  78   6   0  13 0.03  0.0    0 11.7 21 110   M    M   4        27 130
23  82  70  76   4   0  11 0.00  0.0    0  7.2 16 140   M    M   4 18     21 150
24  92  66  79   7   0  14 0.00  0.0    0 11.9 30 260   M    M   4        37 270
25  84  61  73   1   0   8 0.00  0.0    0  9.0 18 100   M    M   3        23 240
26  89  57  73   1   0   8 0.00  0.0    0  7.9 20 110   M    M   3        25 210
27  89  70  80   8   0  15 0.00  0.0    0 11.5 23 150   M    M   1        31 140
================================================================================
SM 2273 1792         3 287  0.22     0.0 294.0          M       56
================================================================================
AV 84.2 66.4                              10.9 FASTST   M    M   2    MAX(MPH)
                                 MISC ---->  # 33 160               # 42  340
================================================================================
NOTES:
# LAST OF SEVERAL OCCURRENCES

COLUMN 17 PEAK WIND IN M.P.H.

PRELIMINARY LOCAL CLIMATOLOGICAL DATA (WS FORM: F-6) , PAGE 2

                                          STATION:  MELBOURNE
                                          MONTH:    APRIL
                                          YEAR:     2017
                                          LATITUDE:   28  6 N
                                          LONGITUDE:  80 39 W

[TEMPERATURE DATA]      [PRECIPITATION DATA]       SYMBOLS USED IN COLUMN 16

AVERAGE MONTHLY: 75.3   TOTAL FOR MONTH:   0.22    1 = FOG OR MIST
DPTR FM NORMAL:   5.2   DPTR FM NORMAL:   -1.72    2 = FOG REDUCING VISIBILITY
HIGHEST:    92 ON 24, 5 GRTST 24HR  0.18 ON  4- 4      TO 1/4 MILE OR LESS
LOWEST:     49 ON  8                               3 = THUNDER
                        SNOW, ICE PELLETS, HAIL    4 = ICE PELLETS
                        TOTAL MONTH:   0.0 INCH    5 = HAIL
                        GRTST 24HR     0.0         6 = FREEZING RAIN OR DRIZZLE
                        GRTST DEPTH:   0           7 = DUSTSTORM OR SANDSTORM:
                                                       VSBY 1/2 MILE OR LESS
                                                   8 = SMOKE OR HAZE
[NO. OF DAYS WITH]      [WEATHER - DAYS WITH]      9 = BLOWING SNOW
                                                   X = TORNADO
MAX 32 OR BELOW:   0    0.01 INCH OR MORE:   3
MAX 90 OR ABOVE:   2    0.10 INCH OR MORE:   1
MIN 32 OR BELOW:   0    0.50 INCH OR MORE:   0
MIN  0 OR BELOW:   0    1.00 INCH OR MORE:   0

[HDD (BASE 65) ]
TOTAL THIS MO.     3    CLEAR  (SCALE 0-3)  22
DPTR FM NORMAL   -12    PTCLDY (SCALE 4-7)   5
TOTAL FM JUL 1   220    CLOUDY (SCALE 8-10)  0
DPTR FM NORMAL  -355

[CDD (BASE 65) ]
TOTAL THIS MO.   287
DPTR FM NORMAL   134    [PRESSURE DATA]
TOTAL FM JAN 1   650    HIGHEST SLP M ON M
DPTR FM NORMAL   300    LOWEST  SLP 29.64 ON 24

[REMARKS]
