000
CXUS55 KBYZ 281055
CF6MLS
PRELIMINARY LOCAL CLIMATOLOGICAL DATA (WS FORM: F-6)

                                          STATION:   MILES CITY MT
                                          MONTH:     APRIL
                                          YEAR:      2016
                                          LATITUDE:   46 25 N
                                          LONGITUDE: 105 53 W

  TEMPERATURE IN F:       :PCPN:    SNOW:  WIND      :SUNSHINE: SKY     :PK WND
================================================================================
1   2   3   4   5  6A  6B    7    8   9   10  11  12  13   14  15   16   17  18
                                     12Z  AVG MX 2MIN
DY MAX MIN AVG DEP HDD CDD  WTR  SNW DPTH SPD SPD DIR MIN PSBL S-S WX    SPD DR
================================================================================

 1  60  21  41   0  24   0 0.00    M    M 10.5 25 300   M    M   5        31 310
 2  74  30  52  11  13   0 0.00    M    M 12.9 29 280   M    M   0        41 230
 3  71  43  57  15   8   0    T    M    M 14.6 25 290   M    M   5        38 300
 4  76  35  56  14   9   0 0.02    M    M 10.5 39 310   M    M   3        46 310
 5  53  36  45   3  20   0 0.23    M    M 21.6 40 320   M    M   5 1      50 310
 6  63  33  48   5  17   0    T    M    M 15.8 37 300   M    M   5        44 300
 7  61  35  48   5  17   0 0.00    M    M 12.3 28 340   M    M   5        37 310
 8  64  29  47   4  18   0 0.00    M    M 10.0 23 160   M    M   0        30 140
 9  75  40  58  14   7   0 0.00    M    M 15.7 29 330   M    M   1        35 340
10  51  30  41  -3  24   0 0.00    M    M 12.6 25 330   M    M   5        35 320
11  61  24  43  -1  22   0 0.00    M    M 10.3 18 150   M    M   0        24 140
12  76  37  57  12   8   0 0.00    M    M 10.9 26 300   M    M   0        36 320
13  74  46  60  15   5   0 0.00    M    M 12.3 32 330   M    M   1 8      39 310
14  73  45  59  13   6   0 0.21    M    M 10.4 29 250   M    M   6 3      37 250
15  57  39  48   2  17   0    T    M    M 18.0 29 280   M    M   7 1      36 290
16  50  34  42  -4  23   0 0.02    M    M 10.9 21  10   M    M   7 1      24 350
17  51  28  40  -7  25   0 0.14    M    M 10.8 26  20   M    M   7 1      36  20
18  44  37  41  -6  24   0 0.34    M    M  8.8 15  50   M    M  10 1      18  50
19  55  44  50   3  15   0 0.05    M    M  5.0 13  50   M    M  10 1      15  50
20  69  44  57   9   8   0 0.00    M    M  5.9 14 330   M    M   5        20 260
21  74  43  59  11   6   0 0.00    M    M  9.5 20 140   M    M   0        30 130
22  84  50  67  19   0   2 0.00    M    M 10.2 24 150   M    M   0        32 150
23  73  50  62  13   3   0 0.00    M    M 17.6 29  50   M    M   1 3      35  40
24  52  35  44  -5  21   0 2.91    M    M 13.4 31 340   M    M  10 13     38 340
25  41  36  39 -10  26   0 0.01    M    M  8.1 13  30   M    M  10 1      18  10
26  43  36  40 -10  25   0 0.05    M    M  5.8 12  60   M    M  10 18     13  60
27  40  34  37 -13  28   0 0.33    M    M  8.7 16  50   M    M  10 1      18  40
================================================================================
SM 1665  994       419   2  4.31    M    313.1          M      128
================================================================================
AV 61.7 36.8                              11.6 FASTST   M    M   5    MAX(MPH)
                                 MISC ---->  # 40 320               # 50  310
================================================================================
NOTES:
# LAST OF SEVERAL OCCURRENCES

COLUMN 17 PEAK WIND IN M.P.H.

PRELIMINARY LOCAL CLIMATOLOGICAL DATA (WS FORM: F-6) , PAGE 2

                                          STATION:  MILES CITY MT
                                          MONTH:    APRIL
                                          YEAR:     2016
                                          LATITUDE:   46 25 N
                                          LONGITUDE: 105 53 W

[TEMPERATURE DATA]      [PRECIPITATION DATA]       SYMBOLS USED IN COLUMN 16

AVERAGE MONTHLY: 49.2   TOTAL FOR MONTH:   4.31    1 = FOG OR MIST
DPTR FM NORMAL:   3.7   DPTR FM NORMAL:    3.13    2 = FOG REDUCING VISIBILITY
HIGHEST:    84 ON 22    GRTST 24HR  2.91 ON 24-24      TO 1/4 MILE OR LESS
LOWEST:     21 ON  1                               3 = THUNDER
                        SNOW, ICE PELLETS, HAIL    4 = ICE PELLETS
                        TOTAL MONTH:    M          5 = HAIL
                        GRTST 24HR    M  ON   M    6 = FREEZING RAIN OR DRIZZLE
                        GRTST DEPTH:  M  ON   M    7 = DUSTSTORM OR SANDSTORM:
                                                       VSBY 1/2 MILE OR LESS
                                                   8 = SMOKE OR HAZE
[NO. OF DAYS WITH]      [WEATHER - DAYS WITH]      9 = BLOWING SNOW
                                                   X = TORNADO
MAX 32 OR BELOW:   0    0.01 INCH OR MORE:  11
MAX 90 OR ABOVE:   0    0.10 INCH OR MORE:   6
MIN 32 OR BELOW:   6    0.50 INCH OR MORE:   1
MIN  0 OR BELOW:   0    1.00 INCH OR MORE:   1

[HDD (BASE 65) ]
TOTAL THIS MO.   419    CLEAR  (SCALE 0-3)  10
DPTR FM NORMAL  -108    PTCLDY (SCALE 4-7)  11
TOTAL FM JUL 1  5799    CLOUDY (SCALE 8-10)  6
DPTR FM NORMAL -1403

[CDD (BASE 65) ]
TOTAL THIS MO.     2
DPTR FM NORMAL     2    [PRESSURE DATA]
TOTAL FM JAN 1     2    HIGHEST SLP M ON M
DPTR FM NORMAL     2    LOWEST  SLP 29.35 ON 14

[REMARKS]
