000
CXUS55 KBYZ 281055
CF6MLS
PRELIMINARY LOCAL CLIMATOLOGICAL DATA (WS FORM: F-6)

                                          STATION:   MILES CITY MT
                                          MONTH:     MARCH
                                          YEAR:      2017
                                          LATITUDE:   46 25 N
                                          LONGITUDE: 105 53 W

  TEMPERATURE IN F:       :PCPN:    SNOW:  WIND      :SUNSHINE: SKY     :PK WND
================================================================================
1   2   3   4   5  6A  6B    7    8   9   10  11  12  13   14  15   16   17  18
                                     12Z  AVG MX 2MIN
DY MAX MIN AVG DEP HDD CDD  WTR  SNW DPTH SPD SPD DIR MIN PSBL S-S WX    SPD DR
================================================================================

 1  39  18  29   0  36   0    T    M    M  8.5 25 310   M    M   7 8      30 310
 2  38  25  32   3  33   0    T    M    M  7.2 16 320   M    M   7        22 320
 3  57  32  45  15  20   0 0.00    M    M  9.2 21 280   M    M   4        26 280
 4  61  33  47  17  18   0 0.00    M    M  8.0 20 290   M    M   1        24 290
 5  69  32  51  21  14   0 0.00    M    M 12.3 32 330   M    M   1        40 320
 6  35  23  29  -2  36   0 0.05    M    M 18.3 32 330   M    M   5 12     42 320
 7  36  20  28  -3  37   0 0.00    M    M 18.8 43 300   M    M   1        53 300
 8  29  20  25  -7  40   0 0.01    M    M  8.0 16 150   M    M  10 1      20 150
 9  23  10  17 -15  48   0 0.02    M    M 10.9 18  40   M    M  10 18     21  40
10  21  10  16 -16  49   0 0.12    M    M  9.6 18  50   M    M   9 128    22 150
11  23   7  15 -18  50   0 0.01    M    M  6.7 15  80   M    M   5 1      18 130
12  25   7  16 -17  49   0    T    M    M 12.3 26 320   M    M   9 1      30 330
13  29   9  19 -15  46   0 0.01    M    M  5.8 15 140   M    M   8 18     17 130
14  41  23  32  -2  33   0    T    M    M  3.8  9  50   M    M   6 1      11  50
15  63  33  48  14  17   0 0.00    M    M  5.4  9 150   M    M   3        11 170
16  65  36  51  16  14   0    T    M    M 11.8 43 300   M    M   2 8      52 300
17  52  29  41   6  24   0 0.00    M    M  7.8 17 340   M    M   1        21 320
18  78  36  57  21   8   0 0.00    M    M 13.2 21 160   M    M   2        27 160
19  60  42  51  15  14   0 0.15    M    M  7.9 16 330   M    M   7        20 330
20  53  37  45   9  20   0 0.00    M    M 10.1 21  10   M    M   9        27  20
21  38  32  35  -2  30   0    T    M    M 15.1 26 140   M    M  10        33 130
22  60  33  47  10  18   0 0.00    M    M  8.6 22 140   M    M   5        28 140
23  59  37  48  11  17   0 0.12    M    M  7.5 17 290   M    M   7        21  10
24  65  31  48  10  17   0 0.00    M    M  9.9 23 160   M    M   0        29 150
25  58  42  50  12  15   0 0.00    M    M  7.6 20 320   M    M   7        23 320
26  61  38  50  11  15   0 0.00    M    M  5.4 13 290   M    M   1        17 280
27  63  38  51  12  14   0    T    M    M  7.3 16 280   M    M   6        21 270
================================================================================
SM 1301  733       732   0  0.49    M    257.0          M      143
================================================================================
AV 48.2 27.2                               9.5 FASTST   M    M   5    MAX(MPH)
                                 MISC ---->  # 43 300               # 53  300
================================================================================
NOTES:
# LAST OF SEVERAL OCCURRENCES

COLUMN 17 PEAK WIND IN M.P.H.

PRELIMINARY LOCAL CLIMATOLOGICAL DATA (WS FORM: F-6) , PAGE 2

                                          STATION:  MILES CITY MT
                                          MONTH:    MARCH
                                          YEAR:     2017
                                          LATITUDE:   46 25 N
                                          LONGITUDE: 105 53 W

[TEMPERATURE DATA]      [PRECIPITATION DATA]       SYMBOLS USED IN COLUMN 16

AVERAGE MONTHLY: 37.7   TOTAL FOR MONTH:   0.49    1 = FOG OR MIST
DPTR FM NORMAL:   3.7   DPTR FM NORMAL:    0.00    2 = FOG REDUCING VISIBILITY
HIGHEST:    78 ON 18    GRTST 24HR  0.15 ON 19-19      TO 1/4 MILE OR LESS
LOWEST:      7 ON 12,11                            3 = THUNDER
                        SNOW, ICE PELLETS, HAIL    4 = ICE PELLETS
                        TOTAL MONTH:    M          5 = HAIL
                        GRTST 24HR    M  ON   M    6 = FREEZING RAIN OR DRIZZLE
                        GRTST DEPTH:  M  ON   M    7 = DUSTSTORM OR SANDSTORM:
                                                       VSBY 1/2 MILE OR LESS
                                                   8 = SMOKE OR HAZE
[NO. OF DAYS WITH]      [WEATHER - DAYS WITH]      9 = BLOWING SNOW
                                                   X = TORNADO
MAX 32 OR BELOW:   6    0.01 INCH OR MORE:   8
MAX 90 OR ABOVE:   0    0.10 INCH OR MORE:   3
MIN 32 OR BELOW:  16    0.50 INCH OR MORE:   0
MIN  0 OR BELOW:   0    1.00 INCH OR MORE:   0

[HDD (BASE 65) ]
TOTAL THIS MO.   732    CLEAR  (SCALE 0-3)   9
DPTR FM NORMAL  -109    PTCLDY (SCALE 4-7)  12
TOTAL FM JUL 1  6284    CLOUDY (SCALE 8-10)  6
DPTR FM NORMAL  -291

[CDD (BASE 65) ]
TOTAL THIS MO.     0
DPTR FM NORMAL     0    [PRESSURE DATA]
TOTAL FM JAN 1     0    HIGHEST SLP M ON M
DPTR FM NORMAL     0    LOWEST  SLP 29.21 ON  5

[REMARKS]
