000
CXUS55 KBYZ 261055
CF6MLS
PRELIMINARY LOCAL CLIMATOLOGICAL DATA (WS FORM: F-6)

                                          STATION:   MILES CITY MT
                                          MONTH:     JULY
                                          YEAR:      2016
                                          LATITUDE:   46 25 N
                                          LONGITUDE: 105 53 W

  TEMPERATURE IN F:       :PCPN:    SNOW:  WIND      :SUNSHINE: SKY     :PK WND
================================================================================
1   2   3   4   5  6A  6B    7    8   9   10  11  12  13   14  15   16   17  18
                                     12Z  AVG MX 2MIN
DY MAX MIN AVG DEP HDD CDD  WTR  SNW DPTH SPD SPD DIR MIN PSBL S-S WX    SPD DR
================================================================================

 1  94  65  80   9   0  15 0.00    M    M 10.1 18 150   M    M   0        25 160
 2  97  63  80   9   0  15 0.12    M    M 10.0 36 220   M    M   1 3      57 240
 3  92  67  80   9   0  15    T    M    M  9.6 26 240   M    M   0        33 230
 4  93  61  77   5   0  12 0.00    M    M  7.2 29 210   M    M   1        38 210
 5  82  61  72   0   0   7 0.00    M    M  9.3 25 360   M    M   1        31 360
 6  86  59  73   1   0   8 0.03    M    M 14.0 45 330   M    M   4 3      52 330
 7  82  53  68  -4   0   3 0.00    M    M 10.2 23 300   M    M   1        30 270
 8  97  59  78   5   0  13 0.00    M    M  9.8 26 130   M    M   0        33 140
 9  98  65  82   9   0  17 0.03    M    M  9.4 26  20   M    M   0 3      38  40
10  82  60  71  -2   0   6 0.09    M    M 11.9 30 320   M    M   5 3      36 330
11  72  54  63 -10   2   0 0.14    M    M 20.7 41 290   M    M   5 1      51 280
12  82  56  69  -5   0   4 0.00    M    M 18.8 35 280   M    M   1        42 270
13  82  54  68  -6   0   3 0.01    M    M 12.7 33 330   M    M   3 3      45 310
14  84  51  68  -6   0   3    T    M    M  7.1 31 340   M    M   1        37 340
15  85  50  68  -6   0   3 0.28    M    M 11.0 29 350   M    M   0 13     37 350
16  82  59  71  -3   0   6 0.46    M    M 12.9 35 290   M    M   1 13     42 360
17  85  55  70  -4   0   5 0.00    M    M  7.6 21  50   M    M   M        26  50
18 100  65  83   8   0  18 0.00    M    M 12.1 31 140   M    M   0 8      41 140
19 102  71  87  12   0  22 0.01    M    M  9.4 28 360   M    M   0 3      36 330
20  98  65  82   7   0  17 0.00    M    M  8.8 22 340   M    M   0        27 330
21  98  62  80   5   0  15 0.00    M    M  7.5 16 280   M    M   0        19 280
22 103  69  86  11   0  21 0.00    M    M 10.9 26 310   M    M   0        34 310
23  88  64  76   1   0  11 0.00    M    M 16.5 29 300   M    M   1        38 300
24  94  59  77   2   0  12 0.00    M    M  6.1 13 270   M    M   0        18 270
25  99  62  81   6   0  16 0.00    M    M  6.8 20  40   M    M   0 8      23  40
================================================================================
SM 2257 1509         2 267  1.17    M    270.4          M       25
================================================================================
AV 90.3 60.4                              10.8 FASTST   M    M   1    MAX(MPH)
                                 MISC ---->  # 45 330               # 57  240
================================================================================
NOTES:
# LAST OF SEVERAL OCCURRENCES

COLUMN 17 PEAK WIND IN M.P.H.

PRELIMINARY LOCAL CLIMATOLOGICAL DATA (WS FORM: F-6) , PAGE 2

                                          STATION:  MILES CITY MT
                                          MONTH:    JULY
                                          YEAR:     2016
                                          LATITUDE:   46 25 N
                                          LONGITUDE: 105 53 W

[TEMPERATURE DATA]      [PRECIPITATION DATA]       SYMBOLS USED IN COLUMN 16

AVERAGE MONTHLY: 75.3   TOTAL FOR MONTH:   1.17    1 = FOG OR MIST
DPTR FM NORMAL:   1.8   DPTR FM NORMAL:   -0.19    2 = FOG REDUCING VISIBILITY
HIGHEST:   103 ON 22    GRTST 24HR  0.46 ON 16-16      TO 1/4 MILE OR LESS
LOWEST:     50 ON 15                               3 = THUNDER
                        SNOW, ICE PELLETS, HAIL    4 = ICE PELLETS
                        TOTAL MONTH:    M          5 = HAIL
                        GRTST 24HR    M  ON   M    6 = FREEZING RAIN OR DRIZZLE
                        GRTST DEPTH:  M  ON   M    7 = DUSTSTORM OR SANDSTORM:
                                                       VSBY 1/2 MILE OR LESS
                                                   8 = SMOKE OR HAZE
[NO. OF DAYS WITH]      [WEATHER - DAYS WITH]      9 = BLOWING SNOW
                                                   X = TORNADO
MAX 32 OR BELOW:   0    0.01 INCH OR MORE:   9
MAX 90 OR ABOVE:  13    0.10 INCH OR MORE:   4
MIN 32 OR BELOW:   0    0.50 INCH OR MORE:   0
MIN  0 OR BELOW:   0    1.00 INCH OR MORE:   0

[HDD (BASE 65) ]
TOTAL THIS MO.     2    CLEAR  (SCALE 0-3)  21
DPTR FM NORMAL    -8    PTCLDY (SCALE 4-7)   3
TOTAL FM JUL 1     2    CLOUDY (SCALE 8-10)  0
DPTR FM NORMAL    -8

[CDD (BASE 65) ]
TOTAL THIS MO.   267
DPTR FM NORMAL    42    [PRESSURE DATA]
TOTAL FM JAN 1   490    HIGHEST SLP  0.00 ON 15
DPTR FM NORMAL   138    LOWEST  SLP 29.58 ON 11

[REMARKS]
