000
CXUS54 KSHV 301300
CF6MLU
PRELIMINARY LOCAL CLIMATOLOGICAL DATA (WS FORM: F-6)

                                          STATION:   MONROE
                                          MONTH:     SEPTEMBER
                                          YEAR:      2014
                                          LATITUDE:   32 30 N
                                          LONGITUDE:  92  2 W

  TEMPERATURE IN F:       :PCPN:    SNOW:  WIND      :SUNSHINE: SKY     :PK WND
================================================================================
1   2   3   4   5  6A  6B    7    8   9   10  11  12  13   14  15   16   17  18
                                     12Z  AVG MX 2MIN
DY MAX MIN AVG DEP HDD CDD  WTR  SNW DPTH SPD SPD DIR MIN PSBL S-S WX    SPD DR
================================================================================

 1  92  72  82   1   0  17 0.00  0.0    0  6.4 14 190   M    M   3 1      20 160
 2  90  72  81   0   0  16 0.83  0.0    0  4.3 29 250   M    M   6 1238   33 250
 3  91  71  81   0   0  16 0.00  0.0    0  1.9  8 290   M    M   5 128    12 270
 4  94  73  84   4   0  19 0.01  0.0    0  2.0  9 210   M    M   2 1      12 220
 5  94  71  83   3   0  18 0.01  0.0    0  2.1 18 160   M    M   2 138    29 150
 6  93  69  81   1   0  16 0.27  0.0    0  2.9 21 280   M    M   5 123    28 280
 7  88  74  81   1   0  16 0.00  0.0    0  5.5 13 360   M    M   5 18     15 360
 8  92  71  82   3   0  17 0.00  0.0    0   M   M   M   M    M   1 18      6  50
 9  93  72  83   4   0  18 0.00  0.0    0  2.5 14  90   M    M   2 18     28 200
10  92  75  84   5   0  19 0.00  0.0    0  6.3 16 220   M    M   2 1      21 190
11  93  73  83   5   0  18 0.11  0.0    0  4.5 20 280   M    M   2 18     26 280
12  82  65  74  -4   0   9 0.02  0.0    0  8.9 16  20   M    M  10 18     21  20
13  70  60  65 -13   0   0    T  0.0    0  9.3 17  20   M    M   8 18     25  40
14  80  63  72  -5   0   7 0.00  0.0    0  4.6 10  20   M    M   6        14  10
15  88  65  77   0   0  12 0.00  0.0    0  3.6 10 350   M    M   0        13 360
16  88  71  80   3   0  15 0.00  0.0    0  2.1  9  10   M    M   1        16  20
17  92  69  81   5   0  16 0.00  0.0    0  1.3  6 180   M    M   1 18      9 230
18  89  70  80   4   0  15 0.00  0.0    0  1.4 12 220   M    M   2 138    14 210
19  90  66  78   2   0  13 0.00  0.0    0  1.7  9  90   M    M   1 1      15  80
20  93  66  80   5   0  15 0.00  0.0    0  1.4 12 170   M    M   3 12     15 170
21  94  68  81   6   0  16 0.00  0.0    0  1.9 10 320   M    M   1 1      14 340
22  85  63  74  -1   0   9 0.00  0.0    0  9.8 20  40   M    M   1        24  60
23  84  55  70  -4   0   5 0.00  0.0    0  5.9 14  20   M    M   0        18  30
24  85  55  70  -4   0   5 0.00  0.0    0  2.8 12  90   M    M   1 8      17  80
25  88  58  73  -1   0   8 0.00  0.0    0  2.5 13  60   M    M   1 12     16  50
26  87  61  74   1   0   9    T  0.0    0  3.3 10 340   M    M   2        17 360
27  88  61  75   2   0  10 0.00  0.0    0  3.5 15  60   M    M   1        20  50
28  87  65  76   4   0  11    T  0.0    0  3.9  9  50   M    M   4        13  60
29  90  67  79   7   0  14 0.00  0.0    0  4.6 15  40   M    M   6        20  30
================================================================================
SM 2572 1941         0 379  1.25     0.0 110.9          M       84
================================================================================
AV 88.7 66.9                               4.0 FASTST   M    M   3    MAX(MPH)
                                 MISC ---->  # 29 250               # 33  250
================================================================================
NOTES:
# LAST OF SEVERAL OCCURRENCES

COLUMN 17 PEAK WIND IN M.P.H.

PRELIMINARY LOCAL CLIMATOLOGICAL DATA (WS FORM: F-6) , PAGE 2

                                          STATION:  MONROE
                                          MONTH:    SEPTEMBER
                                          YEAR:     2014
                                          LATITUDE:   32 30 N
                                          LONGITUDE:  92  2 W

[TEMPERATURE DATA]      [PRECIPITATION DATA]       SYMBOLS USED IN COLUMN 16

AVERAGE MONTHLY: 77.8   TOTAL FOR MONTH:   1.25    1 = FOG OR MIST
DPTR FM NORMAL:   0.9   DPTR FM NORMAL:   -2.24    2 = FOG REDUCING VISIBILITY
HIGHEST:    94 ON 21, 5 GRTST 24HR  0.84 ON  2- 3      TO 1/4 MILE OR LESS
LOWEST:     55 ON 24,23                            3 = THUNDER
                        SNOW, ICE PELLETS, HAIL    4 = ICE PELLETS
                        TOTAL MONTH:   0.0 INCH    5 = HAIL
                        GRTST 24HR     0.0         6 = FREEZING RAIN OR DRIZZLE
                        GRTST DEPTH:   0           7 = DUSTSTORM OR SANDSTORM:
                                                       VSBY 1/2 MILE OR LESS
                                                   8 = SMOKE OR HAZE
[NO. OF DAYS WITH]      [WEATHER - DAYS WITH]      9 = BLOWING SNOW
                                                   X = TORNADO
MAX 32 OR BELOW:   0    0.01 INCH OR MORE:   6
MAX 90 OR ABOVE:  15    0.10 INCH OR MORE:   3
MIN 32 OR BELOW:   0    0.50 INCH OR MORE:   1
MIN  0 OR BELOW:   0    1.00 INCH OR MORE:   0

[HDD (BASE 65) ]
TOTAL THIS MO.     0    CLEAR  (SCALE 0-3)  19
DPTR FM NORMAL    -3    PTCLDY (SCALE 4-7)   8
TOTAL FM JUL 1     0    CLOUDY (SCALE 8-10)  2
DPTR FM NORMAL    -3

[CDD (BASE 65) ]
TOTAL THIS MO.   379
DPTR FM NORMAL    27    [PRESSURE DATA]
TOTAL FM JAN 1  2130    HIGHEST SLP M ON M
DPTR FM NORMAL  -229    LOWEST  SLP 29.79 ON 10

[REMARKS]
