000
CXUS54 KSHV 271300
CF6MLU
PRELIMINARY LOCAL CLIMATOLOGICAL DATA (WS FORM: F-6)

                                          STATION:   MONROE
                                          MONTH:     JUNE
                                          YEAR:      2017
                                          LATITUDE:   32 30 N
                                          LONGITUDE:  92  2 W

  TEMPERATURE IN F:       :PCPN:    SNOW:  WIND      :SUNSHINE: SKY     :PK WND
================================================================================
1   2   3   4   5  6A  6B    7    8   9   10  11  12  13   14  15   16   17  18
                                     12Z  AVG MX 2MIN
DY MAX MIN AVG DEP HDD CDD  WTR  SNW DPTH SPD SPD DIR MIN PSBL S-S WX    SPD DR
================================================================================

 1  76  68  72  -6   0   7 0.83  0.0    0  3.7 14 350   M    M   6 13     17 160
 2  85  69  77  -1   0  12 0.00  0.0    0  2.2 12  50   M    M   7 1      15  40
 3  87  70  79   1   0  14 0.01  0.0    0  4.7 14 130   M    M   5 1      23 120
 4  83  69  76  -3   0  11 0.15  0.0    0  6.7 18 220   M    M   7 18     22 220
 5  83  67  75  -4   0  10 0.08  0.0    0  3.1  9 350   M    M   7 1      11 150
 6  83  71  77  -2   0  12 1.54  0.0    0  5.5 13  20   M    M   6 13      M  M
 7  84  65  75  -4   0  10 0.00  0.0    0  9.8 21  10   M    M   0        28  30
 8  85  62  74  -5   0   9 0.00  0.0    0  5.2 15 350   M    M   1        19 350
 9  86  60  73  -7   0   8 0.00  0.0    0  1.6  9 350   M    M   1        12 360
10  87  62  75  -5   0  10 0.00  0.0    0  3.7 13 180   M    M   1 1      17 190
11  89  67  78  -2   0  13 0.80  0.0    0  3.5 23 170   M    M   4 138    34 170
12  89  74  82   2   0  17 1.48  0.0    0  5.4 21  70   M    M   7 138    30  70
13  90  73  82   2   0  17 0.24  0.0    0  4.4 13 150   M    M   6 1      18 150
14  91  71  81   1   0  16 0.27  0.0    0  4.5 21 180   M    M   3 13     33 180
15  91  75  83   2   0  18 0.00  0.0    0  5.5 14 220   M    M   3        18 260
16  93  75  84   3   0  19 0.00  0.0    0  6.8 16 230   M    M   3 1      23 260
17  91  73  82   1   0  17 0.00  0.0    0  6.6 16 220   M    M   5        22 220
18  93  77  85   4   0  20    T  0.0    0  6.0 14 230   M    M   5        18 210
19  90  76  83   2   0  18 0.00  0.0    0  5.2 14  10   M    M   6 18     19 360
20  88  73  81   0   0  16 0.12  0.0    0  6.4 17  30   M    M   5 1      21  40
21  78  72  75  -7   0  10 0.03  0.0    0 10.3 18  50   M    M   6 1      24  40
22  85  75  80  -2   0  15 0.03  0.0    0 11.5 23 180   M    M   9 18     34 180
23  90  71  81  -1   0  16 2.13  0.0    0 10.5 32 350   M    M   8 13     40 350
24  87  71  79  -3   0  14 0.02  0.0    0  6.7 15  30   M    M   4 1      19  50
25  82  65  74  -8   0   9 0.77  0.0    0  5.4 13  20   M    M   4 13     17  40
26  87  63  75  -7   0  10 0.00  0.0    0  3.1 13  50   M    M   0        16  60
================================================================================
SM 2253 1814         0 348  8.50     0.0 148.0          M      119
================================================================================
AV 86.7 69.8                               5.7 FASTST   M    M   5    MAX(MPH)
                                 MISC ---->  # 32 350               # 40  350
================================================================================
NOTES:
# LAST OF SEVERAL OCCURRENCES

COLUMN 17 PEAK WIND IN M.P.H.

PRELIMINARY LOCAL CLIMATOLOGICAL DATA (WS FORM: F-6) , PAGE 2

                                          STATION:  MONROE
                                          MONTH:    JUNE
                                          YEAR:     2017
                                          LATITUDE:   32 30 N
                                          LONGITUDE:  92  2 W

[TEMPERATURE DATA]      [PRECIPITATION DATA]       SYMBOLS USED IN COLUMN 16

AVERAGE MONTHLY: 78.2   TOTAL FOR MONTH:   8.50    1 = FOG OR MIST
DPTR FM NORMAL:  -2.1   DPTR FM NORMAL:    4.45    2 = FOG REDUCING VISIBILITY
HIGHEST:    93 ON 18,16 GRTST 24HR  2.13 ON 23-23      TO 1/4 MILE OR LESS
LOWEST:     60 ON  9                               3 = THUNDER
                        SNOW, ICE PELLETS, HAIL    4 = ICE PELLETS
                        TOTAL MONTH:   0.0 INCH    5 = HAIL
                        GRTST 24HR     0.0         6 = FREEZING RAIN OR DRIZZLE
                        GRTST DEPTH:   0           7 = DUSTSTORM OR SANDSTORM:
                                                       VSBY 1/2 MILE OR LESS
                                                   8 = SMOKE OR HAZE
[NO. OF DAYS WITH]      [WEATHER - DAYS WITH]      9 = BLOWING SNOW
                                                   X = TORNADO
MAX 32 OR BELOW:   0    0.01 INCH OR MORE:  15
MAX 90 OR ABOVE:   8    0.10 INCH OR MORE:  10
MIN 32 OR BELOW:   0    0.50 INCH OR MORE:   6
MIN  0 OR BELOW:   0    1.00 INCH OR MORE:   3

[HDD (BASE 65) ]
TOTAL THIS MO.     0    CLEAR  (SCALE 0-3)   8
DPTR FM NORMAL     0    PTCLDY (SCALE 4-7)  17
TOTAL FM JUL 1  1400    CLOUDY (SCALE 8-10)  1
DPTR FM NORMAL  -830

[CDD (BASE 65) ]
TOTAL THIS MO.   348
DPTR FM NORMAL   -49    [PRESSURE DATA]
TOTAL FM JAN 1   866    HIGHEST SLP M ON M
DPTR FM NORMAL    34    LOWEST  SLP 29.49 ON 22

[REMARKS]
