000
CXUS54 KSHV 281300
CF6MLU
PRELIMINARY LOCAL CLIMATOLOGICAL DATA (WS FORM: F-6)

                                          STATION:   MONROE
                                          MONTH:     JULY
                                          YEAR:      2016
                                          LATITUDE:   32 30 N
                                          LONGITUDE:  92  2 W

  TEMPERATURE IN F:       :PCPN:    SNOW:  WIND      :SUNSHINE: SKY     :PK WND
================================================================================
1   2   3   4   5  6A  6B    7    8   9   10  11  12  13   14  15   16   17  18
                                     12Z  AVG MX 2MIN
DY MAX MIN AVG DEP HDD CDD  WTR  SNW DPTH SPD SPD DIR MIN PSBL S-S WX    SPD DR
================================================================================

 1  97  68  83   0   0  18 0.00  0.0    0  1.5  9  20   M    M   0 18     12  20
 2  95  72  84   1   0  19 0.00  0.0    0  3.5 14 230   M    M   1 1      17 220
 3  95  75  85   2   0  20 0.00  0.0    0  8.2 17 210   M    M   1 1      22 220
 4  95  75  85   2   0  20 1.47  0.0    0  8.8 40 270   M    M   4 13     46 270
 5  92  78  85   2   0  20    T  0.0    0  7.0 16 230   M    M   3 3      21 240
 6  94  77  86   3   0  21 0.00  0.0    0  9.9 21 230   M    M   3        26 220
 7  96  77  87   4   0  22 0.00  0.0    0  9.6 20 210   M    M   3        27 220
 8  95  77  86   3   0  21 0.00  0.0    0  6.8 16 230   M    M   2        22 260
 9  93  78  86   3   0  21 0.00  0.0    0  5.9 18  30   M    M   3 38     24  40
10  92  73  83   0   0  18 0.00  0.0    0  5.9 20  20   M    M   0 3      26  40
11  94  72  83   0   0  18 0.00  0.0    0  6.2 14 220   M    M   2        19 210
12  95  72  84   1   0  19 0.00  0.0    0  6.0 14 220   M    M   1        19 220
13  97  76  87   4   0  22 0.00  0.0    0  7.6 16 230   M    M   1        20 220
14  96  70  83   0   0  18 0.34  0.0    0  6.5 37 350   M    M   1 13     50  10
15  91  70  81  -2   0  16 0.01  0.0    0  2.8 18 270   M    M   1 3      24 270
16  94  71  83   0   0  18 0.00  0.0    0  3.9 13 310   M    M   1        17 330
17  97  73  85   2   0  20 0.00  0.0    0  3.0 13 100   M    M   1        22 110
18  96  74  85   2   0  20    T  0.0    0  2.6 12  90   M    M   1 1      16  90
19  96  74  85   2   0  20 0.00  0.0    0  2.4  9 170   M    M   1        13 130
20  97  76  87   4   0  22 0.00  0.0    0  3.8  8  70   M    M   0        11 180
21 100  76  88   5   0  23    T  0.0    0  3.5 15  50   M    M   1 13     19  40
22  99  75  87   4   0  22 0.16  0.0    0  2.9 22 350   M    M   0 138    27 360
23  97  73  85   2   0  20 0.01  0.0    0  2.9 18 350   M    M   1 13     23 350
24  93  74  84   1   0  19 0.15  0.0    0  3.0 21  10   M    M   3 138    27 360
25  94  74  84   1   0  19    T  0.0    0  2.7 14  60   M    M   2 138    19  60
26  96  73  85   2   0  20    T  0.0    0  3.9 15 120   M    M   3 13     23 120
27  90  75  83   0   0  18 0.66  0.0    0  5.7 20 230   M    M   6 1      26 200
================================================================================
SM 2566 1998         0 534  2.80     0.0 136.5          M       46
================================================================================
AV 95.0 74.0                               5.1 FASTST   M    M   2    MAX(MPH)
                                 MISC ---->  # 40 270               # 50   10
================================================================================
NOTES:
# LAST OF SEVERAL OCCURRENCES

COLUMN 17 PEAK WIND IN M.P.H.

PRELIMINARY LOCAL CLIMATOLOGICAL DATA (WS FORM: F-6) , PAGE 2

                                          STATION:  MONROE
                                          MONTH:    JULY
                                          YEAR:     2016
                                          LATITUDE:   32 30 N
                                          LONGITUDE:  92  2 W

[TEMPERATURE DATA]      [PRECIPITATION DATA]       SYMBOLS USED IN COLUMN 16

AVERAGE MONTHLY: 84.5   TOTAL FOR MONTH:   2.80    1 = FOG OR MIST
DPTR FM NORMAL:   1.5   DPTR FM NORMAL:   -0.38    2 = FOG REDUCING VISIBILITY
HIGHEST:   100 ON 21    GRTST 24HR  1.47 ON  4- 4      TO 1/4 MILE OR LESS
LOWEST:     68 ON  1                               3 = THUNDER
                        SNOW, ICE PELLETS, HAIL    4 = ICE PELLETS
                        TOTAL MONTH:   0.0 INCH    5 = HAIL
                        GRTST 24HR     0.0         6 = FREEZING RAIN OR DRIZZLE
                        GRTST DEPTH:   0           7 = DUSTSTORM OR SANDSTORM:
                                                       VSBY 1/2 MILE OR LESS
                                                   8 = SMOKE OR HAZE
[NO. OF DAYS WITH]      [WEATHER - DAYS WITH]      9 = BLOWING SNOW
                                                   X = TORNADO
MAX 32 OR BELOW:   0    0.01 INCH OR MORE:   7
MAX 90 OR ABOVE:  27    0.10 INCH OR MORE:   5
MIN 32 OR BELOW:   0    0.50 INCH OR MORE:   2
MIN  0 OR BELOW:   0    1.00 INCH OR MORE:   1

[HDD (BASE 65) ]
TOTAL THIS MO.     0    CLEAR  (SCALE 0-3)  24
DPTR FM NORMAL     0    PTCLDY (SCALE 4-7)   3
TOTAL FM JUL 1     0    CLOUDY (SCALE 8-10)  0
DPTR FM NORMAL     0

[CDD (BASE 65) ]
TOTAL THIS MO.   534
DPTR FM NORMAL    48    [PRESSURE DATA]
TOTAL FM JAN 1  1406    HIGHEST SLP M ON M
DPTR FM NORMAL    19    LOWEST  SLP 29.84 ON 26

[REMARKS]
