000
CXUS56 KPQR 281230
CF6MMV
PRELIMINARY LOCAL CLIMATOLOGICAL DATA (WS FORM: F-6)

                                          STATION:   MCMINNVILLE OR
                                          MONTH:     AUGUST
                                          YEAR:      2014
                                          LATITUDE:   45 11 N
                                          LONGITUDE: 123  8 W

  TEMPERATURE IN F:       :PCPN:    SNOW:  WIND      :SUNSHINE: SKY     :PK WND
================================================================================
1   2   3   4   5  6A  6B    7    8   9   10  11  12  13   14  15   16   17  18
                                     12Z  AVG MX 2MIN
DY MAX MIN AVG DEP HDD CDD  WTR  SNW DPTH SPD SPD DIR MIN PSBL S-S WX    SPD DR
================================================================================

 1  96  63  80  12   0  15    T  0.0    0  7.1 22  30   M    M   0 3      29 280
 2  88  59  74   6   0   9 0.00  0.0    0  7.3 15 230   M    M   0        19 230
 3  95  57  76   9   0  11 0.00  0.0    0  5.4 12  30   M    M   0        16  30
 4  97  59  78  11   0  13 0.00  0.0    0  6.3 18 220   M    M   0        21 220
 5  85  51  68   1   0   3 0.00  0.0    0  4.6 13 220   M    M   0        15 240
 6  86  55  71   4   0   6 0.00  0.0    0  3.9 16  20   M    M   2        20  20
 7  86  51  69   2   0   4 0.00  0.0    0  3.8 15 360   M    M   0        20 350
 8  82  52  67   0   0   2 0.00  0.0    0  5.9 14 360   M    M   0        16  10
 9  88  49  69   2   0   4 0.00  0.0    0  7.5 17  10   M    M   0        24  50
10  98  54  76   9   0  11 0.00  0.0    0  5.3 14 340   M    M   0        24 350
11  97  63  80  13   0  15 0.00  0.0    0  4.5 15 240   M    M   0        19 230
12  75  62  69   2   0   4 0.01  0.0    0  6.9 22 180   M    M   2 3      27 190
13  80  57  69   2   0   4    T  0.0    0  6.0 16 330   M    M   7        19 320
14  79  60  70   3   0   5    T  0.0    0  3.5 12 230   M    M   9        14 230
15  82  61  72   5   0   7 0.00  0.0    0  4.3 12 230   M    M   7        14 240
16  88  55  72   6   0   7 0.00  0.0    0  3.6 10  40   M    M   0 1      14  10
17  91  58  75   9   0  10 0.00  0.0    0  6.6 20 360   M    M   0        23 360
18  94  57  76  10   0  11 0.00  0.0    0  5.0 25 330   M    M   0        29 330
19  88  60  74   8   0   9 0.00  0.0    0  6.2 17 320   M    M   0        30 360
20  80  57  69   3   0   4 0.00  0.0    0  5.0 14 220   M    M   4        16 220
21  80  48  64  -2   1   0 0.00  0.0    0  3.0 12 250   M    M   4        15 250
22  84  55  70   4   0   5 0.00  0.0    0  4.6 14 340   M    M   3        18  10
23  89  51  70   4   0   5 0.00  0.0    0  5.8 17 350   M    M   0        24 340
24  85  50  68   2   0   3 0.00  0.0    0  4.3 16  10   M    M   0        21 340
25  91  52  72   6   0   7 0.00  0.0    0  4.9 15 350   M    M   0        19 360
26  95  55  75   9   0  10 0.00  0.0    0  2.1  9 340   M    M   0        12  20
27  93  58  76  11   0  11 0.00  0.0    0  3.6 14 210   M    M   0        17 220
================================================================================
SM 2372 1509         1 195  0.01     0.0 137.0          M       38
================================================================================
AV 87.9 55.9                               5.1 FASTST   M    M   1    MAX(MPH)
                                 MISC ---->  # 25 330               # 30  360
================================================================================
NOTES:
# LAST OF SEVERAL OCCURRENCES

COLUMN 17 PEAK WIND IN M.P.H.

PRELIMINARY LOCAL CLIMATOLOGICAL DATA (WS FORM: F-6) , PAGE 2

                                          STATION:  MCMINNVILLE OR
                                          MONTH:    AUGUST
                                          YEAR:     2014
                                          LATITUDE:   45 11 N
                                          LONGITUDE: 123  8 W

[TEMPERATURE DATA]      [PRECIPITATION DATA]       SYMBOLS USED IN COLUMN 16

AVERAGE MONTHLY: 71.9   TOTAL FOR MONTH:   0.01    1 = FOG OR MIST
DPTR FM NORMAL:   5.3   DPTR FM NORMAL:   -0.46    2 = FOG REDUCING VISIBILITY
HIGHEST:    98 ON 10    GRTST 24HR  0.01 ON 12-12      TO 1/4 MILE OR LESS
LOWEST:     48 ON 21                               3 = THUNDER
                        SNOW, ICE PELLETS, HAIL    4 = ICE PELLETS
                        TOTAL MONTH:   0.0 INCH    5 = HAIL
                        GRTST 24HR     0.0         6 = FREEZING RAIN OR DRIZZLE
                        GRTST DEPTH:   0           7 = DUSTSTORM OR SANDSTORM:
                                                       VSBY 1/2 MILE OR LESS
                                                   8 = SMOKE OR HAZE
[NO. OF DAYS WITH]      [WEATHER - DAYS WITH]      9 = BLOWING SNOW
                                                   X = TORNADO
MAX 32 OR BELOW:   0    0.01 INCH OR MORE:   1
MAX 90 OR ABOVE:  10    0.10 INCH OR MORE:   0
MIN 32 OR BELOW:   0    0.50 INCH OR MORE:   0
MIN  0 OR BELOW:   0    1.00 INCH OR MORE:   0

[HDD (BASE 65) ]
TOTAL THIS MO.     1    CLEAR  (SCALE 0-3)  21
DPTR FM NORMAL   -30    PTCLDY (SCALE 4-7)   5
TOTAL FM JUL 1     5    CLOUDY (SCALE 8-10)  1
DPTR FM NORMAL   -70

[CDD (BASE 65) ]
TOTAL THIS MO.   195
DPTR FM NORMAL   122    [PRESSURE DATA]
TOTAL FM JAN 1   435    HIGHEST SLP M ON M
DPTR FM NORMAL   262    LOWEST  SLP 29.77 ON M

[REMARKS]
