262
CXUS56 KPQR 291200
CF6MMV
PRELIMINARY LOCAL CLIMATOLOGICAL DATA (WS FORM: F-6)

                                          STATION:   MCMINNVILLE OR
                                          MONTH:     JUNE
                                          YEAR:      2017
                                          LATITUDE:   45 11 N
                                          LONGITUDE: 123  8 W

  TEMPERATURE IN F:       :PCPN:    SNOW:  WIND      :SUNSHINE: SKY     :PK WND
================================================================================
1   2   3   4   5  6A  6B    7    8   9   10  11  12  13   14  15   16   17  18
                                     12Z  AVG MX 2MIN
DY MAX MIN AVG DEP HDD CDD  WTR  SNW DPTH SPD SPD DIR MIN PSBL S-S WX    SPD DR
================================================================================

 1  69  53  61   3   4   0 0.01  0.0    0  7.4 16 250   M    M   7        20 260
 2  76  50  63   5   2   0 0.00  0.0    0  4.4 15 220   M    M   4        17 220
 3  68  50  59   1   6   0    T  0.0    0  4.2 14 230   M    M   9 18     18 220
 4  68  47  58   0   7   0 0.00  0.0    0  3.8 13 250   M    M   8        15 250
 5  79  43  61   3   4   0 0.00  0.0    0  5.4 12 340   M    M   0        16 330
 6  82  49  66   8   0   1 0.00  0.0    0  5.7 16 240   M    M   0 8      20 250
 7  77  48  63   5   2   0 0.03  0.0    0  4.0 12 210   M    M   3        15 210
 8  64  52  58   0   7   0 0.25  0.0    0  7.5 23 240   M    M  10 1      28 230
 9  61  50  56  -3   9   0 0.04  0.0    0  6.8 20 260   M    M   9        23 260
10  59  49  54  -5  11   0 0.28  0.0    0  4.3 16 260   M    M   9 1      23 240
11  70  48  59   0   6   0 0.01  0.0    0  3.8 15 300   M    M   6        18 300
12  66  48  57  -2   8   0    T  0.0    0  6.0 20 260   M    M   9        25 250
13  66  48  57  -2   8   0    T  0.0    0  8.8 17 250   M    M   8        23 240
14  68  46  57  -2   8   0    T  0.0    0  2.1 10 260   M    M   7        13 260
15  64  54  59  -1   6   0 0.21  0.0    0 11.9 23 190   M    M  10 1      29 190
16  65  57  61   1   4   0 0.01  0.0    0  6.0 13 250   M    M  10        16 250
17  73  55  64   4   1   0 0.00  0.0    0  4.2 12 260   M    M   9        14 260
18  82  58  70  10   0   5 0.00  0.0    0  3.8 12 340   M    M   6        15 340
19  87  56  72  12   0   7 0.00  0.0    0  6.1 16 230   M    M   1 1      19 230
20  81  51  66   6   0   1 0.00  0.0    0  4.7 14 360   M    M   3        17 360
21  78  44  61   0   4   0 0.00  0.0    0  7.2 16  10   M    M   0        21 350
22  84  46  65   4   0   0 0.00  0.0    0  9.0 18 360   M    M   0        24 360
23  92  53  73  12   0   8 0.00  0.0    0  9.7 17  20   M    M   0        22 340
24  98  66  82  20   0  17 0.00  0.0    0 10.2 16  20   M    M   0        22  10
25  96  58  77  15   0  12 0.00  0.0    0  8.5 22 220   M    M   0        27 220
26  76  55  66   4   0   1 0.00  0.0    0  6.8 17 230   M    M   3 3      22 220
27  76  53  65   3   0   0 0.00  0.0    0  4.9 14 230   M    M   6        17 230
28  76  48  62   0   3   0 0.00  0.0    0  3.9 14 230   M    M   5        17 230
================================================================================
SM 2101 1435       100  52  0.84     0.0 171.1          M      142
================================================================================
AV 75.0 51.3                               6.1 FASTST   M    M   5    MAX(MPH)
                                 MISC ---->  # 23 240               # 29  190
================================================================================
NOTES:
# LAST OF SEVERAL OCCURRENCES

COLUMN 17 PEAK WIND IN M.P.H.

PRELIMINARY LOCAL CLIMATOLOGICAL DATA (WS FORM: F-6) , PAGE 2

                                          STATION:  MCMINNVILLE OR
                                          MONTH:    JUNE
                                          YEAR:     2017
                                          LATITUDE:   45 11 N
                                          LONGITUDE: 123  8 W

[TEMPERATURE DATA]      [PRECIPITATION DATA]       SYMBOLS USED IN COLUMN 16

AVERAGE MONTHLY: 63.1   TOTAL FOR MONTH:   0.84    1 = FOG OR MIST
DPTR FM NORMAL:   3.5   DPTR FM NORMAL:   -0.61    2 = FOG REDUCING VISIBILITY
HIGHEST:    98 ON 24    GRTST 24HR  0.28 ON 10-10      TO 1/4 MILE OR LESS
LOWEST:     43 ON  5                               3 = THUNDER
                        SNOW, ICE PELLETS, HAIL    4 = ICE PELLETS
                        TOTAL MONTH:   0.0 INCH    5 = HAIL
                        GRTST 24HR     0.0         6 = FREEZING RAIN OR DRIZZLE
                        GRTST DEPTH:   0           7 = DUSTSTORM OR SANDSTORM:
                                                       VSBY 1/2 MILE OR LESS
                                                   8 = SMOKE OR HAZE
[NO. OF DAYS WITH]      [WEATHER - DAYS WITH]      9 = BLOWING SNOW
                                                   X = TORNADO
MAX 32 OR BELOW:   0    0.01 INCH OR MORE:   8
MAX 90 OR ABOVE:   3    0.10 INCH OR MORE:   3
MIN 32 OR BELOW:   0    0.50 INCH OR MORE:   0
MIN  0 OR BELOW:   0    1.00 INCH OR MORE:   0

[HDD (BASE 65) ]
TOTAL THIS MO.   100    CLEAR  (SCALE 0-3)  10
DPTR FM NORMAL   -63    PTCLDY (SCALE 4-7)  10
TOTAL FM JUL 1  4605    CLOUDY (SCALE 8-10)  8
DPTR FM NORMAL  -260

[CDD (BASE 65) ]
TOTAL THIS MO.    52
DPTR FM NORMAL    43    [PRESSURE DATA]
TOTAL FM JAN 1    76    HIGHEST SLP M ON M
DPTR FM NORMAL    61    LOWEST  SLP 29.65 ON  8

[REMARKS]
