000
CXUS56 KPQR 211330
CF6MMV
PRELIMINARY LOCAL CLIMATOLOGICAL DATA (WS FORM: F-6)

                                          STATION:   MCMINNVILLE OR
                                          MONTH:     DECEMBER
                                          YEAR:      2014
                                          LATITUDE:   45 11 N
                                          LONGITUDE: 123  8 W

  TEMPERATURE IN F:       :PCPN:    SNOW:  WIND      :SUNSHINE: SKY     :PK WND
================================================================================
1   2   3   4   5  6A  6B    7    8   9   10  11  12  13   14  15   16   17  18
                                     12Z  AVG MX 2MIN
DY MAX MIN AVG DEP HDD CDD  WTR  SNW DPTH SPD SPD DIR MIN PSBL S-S WX    SPD DR
================================================================================

 1  39  32  36  -6  29   0 0.00  0.0    0  4.2  9 350   M    M  10         M  M
 2  41  29  35  -7  30   0 0.00  0.0    0  9.2 16 350   M    M   2        21 340
 3  50  38  44   3  21   0 0.01    M    0  9.2 16 340   M    M   7        20 340
 4  44  38  41   0  24   0 1.20    M    0  2.3  8 340   M    M  10 1      10 350
 5  52  44  48   7  17   0 0.29    M    0  6.2 15 290   M    M   9 1      19 290
 6  57  42  50   9  15   0 0.26    M    0  6.2 20 200   M    M   9 12     23 200
 7  54  36  45   5  20   0 0.01    M    0  3.5 10  10   M    M   5 12     12  10
 8  50  40  45   5  20   0 0.00  0.0    0  1.8  8 120   M    M   6         9 120
 9  62  48  55  15  10   0 0.30    M    0  9.8 26 190   M    M   9 1      33 190
10  63  46  55  15  10   0 0.78    M    0 12.1 32 180   M    M   7 1      40 180
11  62   M   M   M   M   M    M    M    0 12.2 38 180   M    M   5 1      61 180
12  53  39  46   6  19   0 0.02    M    M  0.3  7  80   M    M   8 12      9 100
13  45  40  43   3  22   0 0.00  0.0    0  3.7 10 330   M    M  10 12     13 320
14  55  35  45   5  20   0    T    M    0  5.8 13 340   M    M   4 12     16 340
15  50  42  46   7  19   0 0.02    M    0  8.9 14 350   M    M   8        16 330
16  50  41  46   7  19   0 0.03    M    0  7.9 12 350   M    M   8        24 230
17  48  39  44   5  21   0 0.03    M    0  3.7 12 220   M    M   9 1      14 220
18  55  41  48   9  17   0 0.31    M    0  4.4 22 210   M    M  10 12     30 180
19  52  42  47   8  18   0 0.09    M    0  7.5 15 190   M    M   7 1      18 160
20  58  48  53  14  12   0 1.59    M    0 14.1 24 230   M    M  10 1      34 230
================================================================================
SM 1040  760       363   0  4.94     0.0 133.0          M      153
================================================================================
AV 52.0 40.0                               6.7 FASTST   M    M   8    MAX(MPH)
                                 MISC ---->  # 38 180               # 61  180
================================================================================
NOTES:
# LAST OF SEVERAL OCCURRENCES

COLUMN 17 PEAK WIND IN M.P.H.

PRELIMINARY LOCAL CLIMATOLOGICAL DATA (WS FORM: F-6) , PAGE 2

                                          STATION:  MCMINNVILLE OR
                                          MONTH:    DECEMBER
                                          YEAR:     2014
                                          LATITUDE:   45 11 N
                                          LONGITUDE: 123  8 W

[TEMPERATURE DATA]      [PRECIPITATION DATA]       SYMBOLS USED IN COLUMN 16

AVERAGE MONTHLY: 46.0   TOTAL FOR MONTH:   4.94    1 = FOG OR MIST
DPTR FM NORMAL:   5.9   DPTR FM NORMAL:    0.98    2 = FOG REDUCING VISIBILITY
HIGHEST:    63 ON 10    GRTST 24HR  1.59 ON 20-20      TO 1/4 MILE OR LESS
LOWEST:     29 ON  2                               3 = THUNDER
                        SNOW, ICE PELLETS, HAIL    4 = ICE PELLETS
                        TOTAL MONTH:   0.0 INCH    5 = HAIL
                        GRTST 24HR     0.0         6 = FREEZING RAIN OR DRIZZLE
                        GRTST DEPTH:   0           7 = DUSTSTORM OR SANDSTORM:
                                                       VSBY 1/2 MILE OR LESS
                                                   8 = SMOKE OR HAZE
[NO. OF DAYS WITH]      [WEATHER - DAYS WITH]      9 = BLOWING SNOW
                                                   X = TORNADO
MAX 32 OR BELOW:   0    0.01 INCH OR MORE:  14
MAX 90 OR ABOVE:   0    0.10 INCH OR MORE:   7
MIN 32 OR BELOW:   2    0.50 INCH OR MORE:   3
MIN  0 OR BELOW:   0    1.00 INCH OR MORE:   2

[HDD (BASE 65) ]
TOTAL THIS MO.   363    CLEAR  (SCALE 0-3)   1
DPTR FM NORMAL  -135    PTCLDY (SCALE 4-7)   8
TOTAL FM JUL 1  1150    CLOUDY (SCALE 8-10) 11
DPTR FM NORMAL  -570

[CDD (BASE 65) ]
TOTAL THIS MO.     0
DPTR FM NORMAL     0    [PRESSURE DATA]
TOTAL FM JAN 1   529    HIGHEST SLP M ON M
DPTR FM NORMAL   314    LOWEST  SLP 29.12 ON 11

[REMARKS]
