000
CXUS55 KBOU 260215
CF6MNH
PRELIMINARY LOCAL CLIMATOLOGICAL DATA (WS FORM: F-6)

                                          STATION:   ELBERT 6W CO
                                          MONTH:     AUGUST
                                          YEAR:      2015
                                          LATITUDE:   39 13 N
                                          LONGITUDE: 104 38 W

  TEMPERATURE IN F:       :PCPN:    SNOW:  WIND      :SUNSHINE: SKY     :PK WND
================================================================================
1   2   3   4   5  6A  6B    7    8   9   10  11  12  13   14  15   16   17  18
                                     12Z  AVG MX 2MIN
DY MAX MIN AVG DEP HDD CDD  WTR  SNW DPTH SPD SPD DIR MIN PSBL S-S WX    SPD DR
================================================================================

 1  70  54  62   M   3   0    M    M    M  8.4 10 190   M    M   1         M  M
 2   M   M   M   M   M   M    M    M    M   M   M   M   M    M   M         M  M
 3  73  55  64   M   1   0    M    M    M  9.9 21 180   M    M   4        25 180
 4  81  54  68   M   0   3    M    M    M  7.4 12 230   M    M   1         M  M
 5  84  54  69   M   0   4    M    M    M  8.8 18 160   M    M   0        25 160
 6  84  55  70   M   0   5    M    M    M  3.9 12 180   M    M   0         M  M
 7  82  55  69   M   0   4    M    M    M 10.0 18 170   M    M   2 3      27 190
 8  77  55  66   M   0   1    M    M    M  6.6 12  90   M    M   3 3       M  M
 9  79  52  66   M   0   1    M    M    M  6.0 10 140   M    M   3 13     20 120
10  75  50  63   M   2   0    M    M    M 10.8 29 190   M    M   5 3      36 190
11  73  55  64   M   1   0    M    M    M 11.9 21 200   M    M   2        32 200
12  81  63  72   M   0   7    M    M    M  7.0 13 360   M    M   4 3      16 360
13  82  59  71   M   0   6    M    M    M  7.6 15 310   M    M   3        22  40
14  84  55  70   M   0   5    M    M    M  8.6 18 170   M    M   3 3      25 170
15  88  59  74   M   0   9    M    M    M  8.3 25 240   M    M   3 3      38 240
16  81  55  68   M   0   3    M    M    M  7.8 16 290   M    M   4 3      20 290
17  79  54  67   M   0   2    M    M    M  8.6 16 360   M    M   2 13     28 360
18  64  43  54   M  11   0    M    M    M  8.9 18 330   M    M   4        27 330
19  63  43  53   M  12   0    M    M    M  5.9 15 200   M    M   5        20 200
20  77  45  61   M   4   0    M    M    M  8.2 15 190   M    M   1        22 190
21  81  52  67   M   0   2    M    M    M  9.0 15 280   M    M   0        24 300
22  86  45  66   M   0   1    M    M    M  9.8 21  50   M    M   1 3      29  50
23  70  41  56   M   9   0    M    M    M 13.1 25 200   M    M   0        32 200
24  84  50  67   M   0   2    M    M    M  7.0 14 220   M    M   1        17 210
================================================================================
SM 1798 1203        43  55    M     M    193.5          M       52
================================================================================
AV 78.2 52.3                               8.4 FASTST   M    M   2    MAX(MPH)
                                 MISC ---->    29   M               # 38  240
================================================================================
NOTES:
# LAST OF SEVERAL OCCURRENCES

COLUMN 17 PEAK WIND IN M.P.H.

PRELIMINARY LOCAL CLIMATOLOGICAL DATA (WS FORM: F-6) , PAGE 2

                                          STATION:  ELBERT 6W CO
                                          MONTH:    AUGUST
                                          YEAR:     2015
                                          LATITUDE:   39 13 N
                                          LONGITUDE: 104 38 W

[TEMPERATURE DATA]      [PRECIPITATION DATA]       SYMBOLS USED IN COLUMN 16

AVERAGE MONTHLY: 65.2   TOTAL FOR MONTH:      M    1 = FOG OR MIST
DPTR FM NORMAL:     M   DPTR FM NORMAL:       M    2 = FOG REDUCING VISIBILITY
HIGHEST:    88 ON 15    GRTST 24HR    M  ON   M        TO 1/4 MILE OR LESS
LOWEST:     41 ON 23                               3 = THUNDER
                        SNOW, ICE PELLETS, HAIL    4 = ICE PELLETS
                        TOTAL MONTH:    M          5 = HAIL
                        GRTST 24HR    M  ON   M    6 = FREEZING RAIN OR DRIZZLE
                        GRTST DEPTH:  M  ON   M    7 = DUSTSTORM OR SANDSTORM:
                                                       VSBY 1/2 MILE OR LESS
                                                   8 = SMOKE OR HAZE
[NO. OF DAYS WITH]      [WEATHER - DAYS WITH]      9 = BLOWING SNOW
                                                   X = TORNADO
MAX 32 OR BELOW:   0    0.01 INCH OR MORE:   0
MAX 90 OR ABOVE:   0    0.10 INCH OR MORE:   0
MIN 32 OR BELOW:   0    0.50 INCH OR MORE:   0
MIN  0 OR BELOW:   0    1.00 INCH OR MORE:   0

[HDD (BASE 65) ]
TOTAL THIS MO.    43    CLEAR  (SCALE 0-3)  15
DPTR FM NORMAL     M    PTCLDY (SCALE 4-7)   8
TOTAL FM JUL 1   102    CLOUDY (SCALE 8-10)  0
DPTR FM NORMAL     M

[CDD (BASE 65) ]
TOTAL THIS MO.    55
DPTR FM NORMAL     M    [PRESSURE DATA]
TOTAL FM JAN 1   107    HIGHEST SLP M ON M
DPTR FM NORMAL     M    LOWEST  SLP M ON M

[REMARKS]
