000
CXUS55 KBOU 271236
CF6MNH
PRELIMINARY LOCAL CLIMATOLOGICAL DATA (WS FORM: F-6)

                                          STATION:   ELBERT 6W CO
                                          MONTH:     DECEMBER
                                          YEAR:      2014
                                          LATITUDE:   39 13 N
                                          LONGITUDE: 104 38 W

  TEMPERATURE IN F:       :PCPN:    SNOW:  WIND      :SUNSHINE: SKY     :PK WND
================================================================================
1   2   3   4   5  6A  6B    7    8   9   10  11  12  13   14  15   16   17  18
                                     12Z  AVG MX 2MIN
DY MAX MIN AVG DEP HDD CDD  WTR  SNW DPTH SPD SPD DIR MIN PSBL S-S WX    SPD DR
================================================================================

 1  41  14  28   M  37   0    M    M    M  8.4 18 200   M    M   3 1      23 200
 2  59  27  43   M  22   0    M    M    M  7.0 12 210   M    M   0        17 260
 3  37  27  32   M  33   0    M    M    M 12.9 30 180   M    M   4        36 180
 4  48  30  39   M  26   0    M    M    M  9.2 17 180   M    M   0        18 200
 5  50  28  39   M  26   0    M    M    M  7.0 12 310   M    M   1         M  M
 6  43  28  36   M  29   0    M    M    M 11.4 22 190   M    M   0        29 200
 7  54  27  41   M  24   0    M    M    M  6.6 12 250   M    M   0         M  M
 8  52  25  39   M  26   0    M    M    M  8.6 14 170   M    M   0         M  M
 9  54  28  41   M  24   0    M    M    M  7.1 15 180   M    M   0         M  M
10  55  27  41   M  24   0    M    M    M  7.2 10 200   M    M   0         M  M
11  61  30  46   M  19   0    M    M    M  7.0 12 200   M    M   0         M  M
12  64  30  47   M  18   0    M    M    M 10.0 18 200   M    M   0         M  M
13  52  30  41   M  24   0    M    M    M  7.8 12 220   M    M   0         M  M
14  36  25  31   M  34   0    M    M    M 13.4 21 340   M    M   8 12     29 340
15  32  10  21   M  44   0    M    M    M  5.0 13  20   M    M   4 12      M  M
16  37  16  27   M  38   0    M    M    M 10.9 21 190   M    M   1        27 190
17  39  23  31   M  34   0    M    M    M  3.6  9 160   M    M   6 1       M  M
18  39  21  30   M  35   0    M    M    M  7.0 12 230   M    M   5 1       M  M
19  37  19  28   M  37   0    M    M    M  5.9 12 200   M    M   0         M  M
20  45  25  35   M  30   0    M    M    M  6.5 12 220   M    M   3         M  M
21  43  23  33   M  32   0    M    M    M  9.6 17 280   M    M   4        27 280
22  32  18  25   M  40   0    M    M    M  8.0 14 350   M    M  10        20  40
23  27   7  17   M  48   0    M    M    M 18.9 37 350   M    M   5 8      47 350
24  45   9  27   M  38   0    M    M    M  9.5 20 250   M    M   0        23 250
25  45  18  32   M  33   0    M    M    M 11.2 18 240   M    M   4 1      23 360
26  18   5  12   M  53   0    M    M    M  5.9 13 360   M    M  10 18      M  M
================================================================================
SM 1145  570       828   0    M     M    225.6          M       68
================================================================================
AV 44.0 21.9                               8.7 FASTST   M    M   3    MAX(MPH)
                                 MISC ---->    37   M                 47    M
================================================================================
NOTES:
# LAST OF SEVERAL OCCURRENCES

COLUMN 17 PEAK WIND IN M.P.H.

PRELIMINARY LOCAL CLIMATOLOGICAL DATA (WS FORM: F-6) , PAGE 2

                                          STATION:  ELBERT 6W CO
                                          MONTH:    DECEMBER
                                          YEAR:     2014
                                          LATITUDE:   39 13 N
                                          LONGITUDE: 104 38 W

[TEMPERATURE DATA]      [PRECIPITATION DATA]       SYMBOLS USED IN COLUMN 16

AVERAGE MONTHLY: 33.0   TOTAL FOR MONTH:      M    1 = FOG OR MIST
DPTR FM NORMAL:     M   DPTR FM NORMAL:       M    2 = FOG REDUCING VISIBILITY
HIGHEST:    64 ON 12    GRTST 24HR    M  ON   M        TO 1/4 MILE OR LESS
LOWEST:      5 ON 26                               3 = THUNDER
                        SNOW, ICE PELLETS, HAIL    4 = ICE PELLETS
                        TOTAL MONTH:    M          5 = HAIL
                        GRTST 24HR    M  ON   M    6 = FREEZING RAIN OR DRIZZLE
                        GRTST DEPTH:  M  ON   M    7 = DUSTSTORM OR SANDSTORM:
                                                       VSBY 1/2 MILE OR LESS
                                                   8 = SMOKE OR HAZE
[NO. OF DAYS WITH]      [WEATHER - DAYS WITH]      9 = BLOWING SNOW
                                                   X = TORNADO
MAX 32 OR BELOW:   4    0.01 INCH OR MORE:   0
MAX 90 OR ABOVE:   0    0.10 INCH OR MORE:   0
MIN 32 OR BELOW:  26    0.50 INCH OR MORE:   0
MIN  0 OR BELOW:   0    1.00 INCH OR MORE:   0

[HDD (BASE 65) ]
TOTAL THIS MO.   828    CLEAR  (SCALE 0-3)  16
DPTR FM NORMAL     M    PTCLDY (SCALE 4-7)   8
TOTAL FM JUL 1  2603    CLOUDY (SCALE 8-10)  2
DPTR FM NORMAL     M

[CDD (BASE 65) ]
TOTAL THIS MO.     0
DPTR FM NORMAL     M    [PRESSURE DATA]
TOTAL FM JAN 1   148    HIGHEST SLP M ON M
DPTR FM NORMAL     M    LOWEST  SLP M ON M

[REMARKS]
