000
CXUS55 KBOU 310815
CF6MNH
PRELIMINARY LOCAL CLIMATOLOGICAL DATA (WS FORM: F-6)

                                          STATION:   ELBERT 6W CO
                                          MONTH:     JULY
                                          YEAR:      2016
                                          LATITUDE:   39 13 N
                                          LONGITUDE: 104 38 W

  TEMPERATURE IN F:       :PCPN:    SNOW:  WIND      :SUNSHINE: SKY     :PK WND
================================================================================
1   2   3   4   5  6A  6B    7    8   9   10  11  12  13   14  15   16   17  18
                                     12Z  AVG MX 2MIN
DY MAX MIN AVG DEP HDD CDD  WTR  SNW DPTH SPD SPD DIR MIN PSBL S-S WX    SPD DR
================================================================================

 1  68  54  61   M   4   0    M    M    M  9.1 16 190   M    M   9 13     32 320
 2  68  54  61   M   4   0    M    M    M  5.5 12 330   M    M   7 1      16 340
 3  75  50  63   M   2   0    M    M    M  7.3 12 230   M    M   1 3      23  20
 4  79  52  66   M   0   1    M    M    M  8.1 12 180   M    M   2        22 120
 5  79  52  66   M   0   1    M    M    M  7.8 16 290   M    M   1        20 290
 6  84  50  67   M   0   2    M    M    M 11.3 15 230   M    M   1        28 230
 7   M   M   M   M   M   M    M    M    M   M   M   M   M    M   M         M  M
 8   M   M   M   M   M   M    M    M    M   M   M   M   M    M   M         M  M
 9   M   M   M   M   M   M    M    M    M   M   M   M   M    M   M         M  M
10   M   M   M   M   M   M    M    M    M   M   M   M   M    M   M         M  M
11   M   M   M   M   M   M    M    M    M   M   M   M   M    M   M         M  M
12   M   M   M   M   M   M    M    M    M   M   M   M   M    M   M         M  M
13   M   M   M   M   M   M    M    M    M   M   M   M   M    M   M         M  M
14  75  55  65   M   0   0    M    M    M 10.5 18 200   M    M   2        27 190
15  81  54  68   M   0   3    M    M    M 10.2 20 200   M    M   1        27 200
16  90  52  71   M   0   6    M    M    M 10.6 23 280   M    M   0        29 240
17  82  52  67   M   0   2    M    M    M  8.4 17 130   M    M   1 3      23 110
18  84  54  69   M   0   4    M    M    M  9.2 20 160   M    M   3 3      24 160
19  86  57  72   M   0   7    M    M    M  9.4 17 200   M    M   3 3      21 350
20  82  55  69   M   0   4    M    M    M  7.2 12 220   M    M   2 38      M  M
21  84  55  70   M   0   5    M    M    M  7.8 21 280   M    M   3        31 280
22  86  59  73   M   0   8    M    M    M  7.5 20 330   M    M   1 3       M  M
23  86  55  71   M   0   6    M    M    M  7.5 21 240   M    M   2 3      28 240
24  82  52  67   M   0   2    M    M    M  8.2 18 170   M    M   1        20 160
25  86  52  69   M   0   4    M    M    M 12.5 23 210   M    M   1 3      38 200
26  86  57  72   M   0   7    M    M    M  8.6 23 320   M    M   2 3      28 320
27  84  55  70   M   0   5    M    M    M  8.6 18 180   M    M   1 1      23 180
28  81  54  68   M   0   3    M    M    M 10.1 18 360   M    M   2 3      24 360
29  77  52  65   M   0   0    M    M    M  8.4 18 140   M    M   3        24 180
30  84  55  70   M   0   5    M    M    M 10.9 18 190   M    M   2 3      25 180
================================================================================
SM 1869 1237        10  75    M     M    204.7          M       51
================================================================================
AV 81.3 53.8                               8.9 FASTST   M    M   2    MAX(MPH)
                                 MISC ---->  # 23 280               # 38  200
================================================================================
NOTES:
# LAST OF SEVERAL OCCURRENCES

COLUMN 17 PEAK WIND IN M.P.H.

PRELIMINARY LOCAL CLIMATOLOGICAL DATA (WS FORM: F-6) , PAGE 2

                                          STATION:  ELBERT 6W CO
                                          MONTH:    JULY
                                          YEAR:     2016
                                          LATITUDE:   39 13 N
                                          LONGITUDE: 104 38 W

[TEMPERATURE DATA]      [PRECIPITATION DATA]       SYMBOLS USED IN COLUMN 16

AVERAGE MONTHLY: 67.5   TOTAL FOR MONTH:      M    1 = FOG OR MIST
DPTR FM NORMAL:     M   DPTR FM NORMAL:       M    2 = FOG REDUCING VISIBILITY
HIGHEST:    90 ON 16    GRTST 24HR    M  ON   M        TO 1/4 MILE OR LESS
LOWEST:     50 ON  6, 3                            3 = THUNDER
                        SNOW, ICE PELLETS, HAIL    4 = ICE PELLETS
                        TOTAL MONTH:    M          5 = HAIL
                        GRTST 24HR    M  ON   M    6 = FREEZING RAIN OR DRIZZLE
                        GRTST DEPTH:  M  ON   M    7 = DUSTSTORM OR SANDSTORM:
                                                       VSBY 1/2 MILE OR LESS
                                                   8 = SMOKE OR HAZE
[NO. OF DAYS WITH]      [WEATHER - DAYS WITH]      9 = BLOWING SNOW
                                                   X = TORNADO
MAX 32 OR BELOW:   0    0.01 INCH OR MORE:   0
MAX 90 OR ABOVE:   1    0.10 INCH OR MORE:   0
MIN 32 OR BELOW:   0    0.50 INCH OR MORE:   0
MIN  0 OR BELOW:   0    1.00 INCH OR MORE:   0

[HDD (BASE 65) ]
TOTAL THIS MO.    10    CLEAR  (SCALE 0-3)  21
DPTR FM NORMAL     M    PTCLDY (SCALE 4-7)   1
TOTAL FM JUL 1    10    CLOUDY (SCALE 8-10)  1
DPTR FM NORMAL     M

[CDD (BASE 65) ]
TOTAL THIS MO.    75
DPTR FM NORMAL     M    [PRESSURE DATA]
TOTAL FM JAN 1   102    HIGHEST SLP M ON M
DPTR FM NORMAL     M    LOWEST  SLP M ON M

[REMARKS]
