000
CXUS53 KBIS 310733
CF6MOT
PRELIMINARY LOCAL CLIMATOLOGICAL DATA (WS FORM: F-6)

                                          STATION:   MINOT ND
                                          MONTH:     MAY
                                          YEAR:      2016
                                          LATITUDE:   48 15 N
                                          LONGITUDE: 101 16 W

  TEMPERATURE IN F:       :PCPN:    SNOW:  WIND      :SUNSHINE: SKY     :PK WND
================================================================================
1   2   3   4   5  6A  6B    7    8   9   10  11  12  13   14  15   16   17  18
                                     12Z  AVG MX 2MIN
DY MAX MIN AVG DEP HDD CDD  WTR  SNW DPTH SPD SPD DIR MIN PSBL S-S WX    SPD DR
================================================================================

 1  71  35  53   3  12   0 0.00    M    M  4.7 12 220   M    M   0 8      14 220
 2  74  49  62  12   3   0 0.01    M    M  8.4 18  30   M    M   3 8      23  70
 3  79  51  65  14   0   0 0.00    M    M 12.4 25 340   M    M   0        34 330
 4  88  44  66  15   0   1 0.00    M    M  6.3 18 170   M    M   1        24 160
 5  95  65  80  29   0  15 0.00    M    M 12.1 23 210   M    M   0        29 200
 6  76  50  63  11   2   0 0.00    M    M 14.9 28 340   M    M   1 8      34 350
 7  76  41  59   7   6   0 0.00    M    M  6.7 15 310   M    M   0        21 290
 8  80  50  65  13   0   0 0.00    M    M 11.5 24 160   M    M   0        32 170
 9  80  47  64  11   1   0    T    M    M 14.7 30 110   M    M   3        40 110
10  62  44  53   0  12   0 0.32    M    M 13.8 22 110   M    M   8 18     27 110
11  56  44  50  -3  15   0    T    M    M 17.2 30 280   M    M   9 8      38 290
12  50  41  46  -8  19   0    T    M    M 19.5 28 280   M    M  10        36 270
13  55  35  45  -9  20   0 0.00    M    M 17.8 29 330   M    M   8        39 330
14  66  44  55   1  10   0    T    M    M 13.2 30 300   M    M   7        40 300
15  74  39  57   2   8   0 0.00    M    M 11.2 24 280   M    M   1        35 320
16  73  37  55   0  10   0 0.00    M    M  6.2 16  70   M    M   1        21  90
17  77  41  59   4   6   0 0.00    M    M  6.2 15 160   M    M   0        21 160
18  81  55  68  12   0   3    T    M    M 14.6 24 170   M    M   0        33 190
19  84  55  70  14   0   5 0.00    M    M 12.2 23 160   M    M   2        31 120
20  81  55  68  12   0   3 0.00    M    M 15.3 25 110   M    M   1        32  90
21  83  49  66  10   0   1    T    M    M 18.1 31 130   M    M   2        42 150
22  86  62  74  17   0   9 0.01    M    M 11.6 31 270   M    M   6 3      39 250
23  82  52  67  10   0   2    T    M    M  9.2 30 240   M    M   3 3      39 250
24  79  45  62   5   3   0 0.00    M    M  6.3 20 230   M    M   1 8      27 230
25  67  57  62   4   3   0 0.42    M    M  6.6 17  90   M    M  10 13     22  90
26  72  56  64   6   1   0 0.14    M    M  8.0 18  10   M    M   9 138    23 360
27  72  55  64   6   1   0 0.01    M    M  6.7 18  30   M    M   7 1      24  20
28  73  56  65   6   0   0 0.31    M    M  5.5 13 330   M    M   8 18     17  40
29  79  53  66   7   0   1 0.00    M    M  8.3 18 280   M    M   1 1      27 290
30  76  50  63   4   2   0 0.42    M    M  5.8 17 320   M    M   5 1      23 310
================================================================================
SM 2247 1457       134  40  1.64    M    325.0          M      107
================================================================================
AV 74.9 48.6                              10.8 FASTST   M    M   4    MAX(MPH)
                                 MISC ---->  # 31 130               # 42  150
================================================================================
NOTES:
# LAST OF SEVERAL OCCURRENCES

COLUMN 17 PEAK WIND IN M.P.H.

PRELIMINARY LOCAL CLIMATOLOGICAL DATA (WS FORM: F-6) , PAGE 2

                                          STATION:  MINOT ND
                                          MONTH:    MAY
                                          YEAR:     2016
                                          LATITUDE:   48 15 N
                                          LONGITUDE: 101 16 W

[TEMPERATURE DATA]      [PRECIPITATION DATA]       SYMBOLS USED IN COLUMN 16

AVERAGE MONTHLY: 61.7   TOTAL FOR MONTH:   1.64    1 = FOG OR MIST
DPTR FM NORMAL:   7.0   DPTR FM NORMAL:   -0.76    2 = FOG REDUCING VISIBILITY
HIGHEST:    95 ON  5    GRTST 24HR  0.42 ON 30-30      TO 1/4 MILE OR LESS
LOWEST:     35 ON 13, 1                            3 = THUNDER
                        SNOW, ICE PELLETS, HAIL    4 = ICE PELLETS
                        TOTAL MONTH:    M          5 = HAIL
                        GRTST 24HR    M  ON   M    6 = FREEZING RAIN OR DRIZZLE
                        GRTST DEPTH:  M  ON   M    7 = DUSTSTORM OR SANDSTORM:
                                                       VSBY 1/2 MILE OR LESS
                                                   8 = SMOKE OR HAZE
[NO. OF DAYS WITH]      [WEATHER - DAYS WITH]      9 = BLOWING SNOW
                                                   X = TORNADO
MAX 32 OR BELOW:   0    0.01 INCH OR MORE:   8
MAX 90 OR ABOVE:   1    0.10 INCH OR MORE:   5
MIN 32 OR BELOW:   0    0.50 INCH OR MORE:   0
MIN  0 OR BELOW:   0    1.00 INCH OR MORE:   0

[HDD (BASE 65) ]
TOTAL THIS MO.   134    CLEAR  (SCALE 0-3)  18
DPTR FM NORMAL  -189    PTCLDY (SCALE 4-7)   6
TOTAL FM JUL 1  6951    CLOUDY (SCALE 8-10)  6
DPTR FM NORMAL -1738

[CDD (BASE 65) ]
TOTAL THIS MO.    40
DPTR FM NORMAL    32    [PRESSURE DATA]
TOTAL FM JAN 1    40    HIGHEST SLP M ON M
DPTR FM NORMAL    31    LOWEST  SLP 29.51 ON 22

[REMARKS]
