451
CXUS53 KBIS 250830
CF6MOT
PRELIMINARY LOCAL CLIMATOLOGICAL DATA (WS FORM: F-6)

                                          STATION:   MINOT ND
                                          MONTH:     NOVEMBER
                                          YEAR:      2017
                                          LATITUDE:   48 15 N
                                          LONGITUDE: 101 16 W

  TEMPERATURE IN F:       :PCPN:    SNOW:  WIND      :SUNSHINE: SKY     :PK WND
================================================================================
1   2   3   4   5  6A  6B    7    8   9   10  11  12  13   14  15   16   17  18
                                     12Z  AVG MX 2MIN
DY MAX MIN AVG DEP HDD CDD  WTR  SNW DPTH SPD SPD DIR MIN PSBL S-S WX    SPD DR
================================================================================

 1  34  20  27  -9  38   0 0.06    M    M  6.4 17  20   M    M   9 18     20  10
 2  32  23  28  -8  37   0    T    M    M  6.7 13 100   M    M  10 1      16 350
 3  27  24  26  -9  39   0 0.01    M    M 13.6 20  80   M    M  10 18     24  90
 4  33  22  28  -7  37   0 0.08    M    M 13.9 26 290   M    M  10 1      31 260
 5  22  13  18 -16  47   0    T    M    M 13.2 28 290   M    M   7        32 290
 6  23   7  15 -19  50   0 0.00    M    M  9.2 20 290   M    M   5        24 290
 7  30   5  18 -15  47   0 0.00    M    M 12.7 26 220   M    M   0        35 210
 8  18   5  12 -21  53   0    T    M    M  8.6 17 300   M    M   5 1      20 300
 9  16   0   8 -24  57   0    T    M    M  8.1 16 130   M    M   1        21 130
10  34  14  24  -7  41   0 0.01    M    M 15.9 26 150   M    M   5        34 160
11  27  12  20 -11  45   0 0.00    M    M 11.1 20 280   M    M   1        24 290
12  30   7  19 -11  46   0 0.00    M    M  5.9 12 170   M    M   4 128    13 170
13  41  12  27  -3  38   0 0.00    M    M  3.6 13 160   M    M   3 12     18 170
14  48  25  37   8  28   0 0.00    M    M 14.8 30 290   M    M   2        37 300
15  25  11  18 -11  47   0    T    M    M 14.1 30 290   M    M   8        36 300
16  40  17  29   1  36   0 0.00    M    M 14.9 24 130   M    M   8 8      33 130
17  40  15  28   1  37   0 0.00    M    M  7.6 21 270   M    M   1        26 280
18  29  14  22  -5  43   0    T    M    M 13.4 25 280   M    M   3        33 280
19  41  19  30   4  35   0 0.00    M    M  9.3 18 230   M    M   0        24 220
20  51  12  32   6  33   0    T    M    M 22.5 41 290   M    M   3        52 290
21  18   4  11 -14  54   0    T    M    M 13.8 31 290   M    M   3 8      39 290
22  43   8  26   1  39   0    T    M    M  7.3 21 320   M    M   3        25 310
23  63  23  43  19  22   0 0.00    M    M 12.6 22 230   M    M   1        30 240
24  56  30  43  19  22   0 0.02    M    M 17.0 32 290   M    M   3        39 280
================================================================================
SM  821  342       971   0  0.18    M    276.2          M      105
================================================================================
AV 34.2 14.3                              11.5 FASTST   M    M   4    MAX(MPH)
                                 MISC ---->  # 41 290               # 52  290
================================================================================
NOTES:
# LAST OF SEVERAL OCCURRENCES

COLUMN 17 PEAK WIND IN M.P.H.

PRELIMINARY LOCAL CLIMATOLOGICAL DATA (WS FORM: F-6) , PAGE 2

                                          STATION:  MINOT ND
                                          MONTH:    NOVEMBER
                                          YEAR:     2017
                                          LATITUDE:   48 15 N
                                          LONGITUDE: 101 16 W

[TEMPERATURE DATA]      [PRECIPITATION DATA]       SYMBOLS USED IN COLUMN 16

AVERAGE MONTHLY: 24.2   TOTAL FOR MONTH:   0.18    1 = FOG OR MIST
DPTR FM NORMAL:  -5.8   DPTR FM NORMAL:   -0.47    2 = FOG REDUCING VISIBILITY
HIGHEST:    63 ON 23    GRTST 24HR  0.08 ON  4- 4      TO 1/4 MILE OR LESS
LOWEST:      0 ON  9                               3 = THUNDER
                        SNOW, ICE PELLETS, HAIL    4 = ICE PELLETS
                        TOTAL MONTH:    M          5 = HAIL
                        GRTST 24HR    M  ON   M    6 = FREEZING RAIN OR DRIZZLE
                        GRTST DEPTH:  M  ON   M    7 = DUSTSTORM OR SANDSTORM:
                                                       VSBY 1/2 MILE OR LESS
                                                   8 = SMOKE OR HAZE
[NO. OF DAYS WITH]      [WEATHER - DAYS WITH]      9 = BLOWING SNOW
                                                   X = TORNADO
MAX 32 OR BELOW:  12    0.01 INCH OR MORE:   5
MAX 90 OR ABOVE:   0    0.10 INCH OR MORE:   0
MIN 32 OR BELOW:  24    0.50 INCH OR MORE:   0
MIN  0 OR BELOW:   1    1.00 INCH OR MORE:   0

[HDD (BASE 65) ]
TOTAL THIS MO.   971    CLEAR  (SCALE 0-3)  10
DPTR FM NORMAL   132    PTCLDY (SCALE 4-7)  10
TOTAL FM JUL 1  1722    CLOUDY (SCALE 8-10)  4
DPTR FM NORMAL   -77

[CDD (BASE 65) ]
TOTAL THIS MO.     0
DPTR FM NORMAL     0    [PRESSURE DATA]
TOTAL FM JAN 1   580    HIGHEST SLP M ON M
DPTR FM NORMAL   135    LOWEST  SLP 29.36 ON 24

[REMARKS]
