000
CXUS53 KBIS 220830
CF6MOT
PRELIMINARY LOCAL CLIMATOLOGICAL DATA (WS FORM: F-6)

                                          STATION:   MINOT ND
                                          MONTH:     AUGUST
                                          YEAR:      2017
                                          LATITUDE:   48 15 N
                                          LONGITUDE: 101 16 W

  TEMPERATURE IN F:       :PCPN:    SNOW:  WIND      :SUNSHINE: SKY     :PK WND
================================================================================
1   2   3   4   5  6A  6B    7    8   9   10  11  12  13   14  15   16   17  18
                                     12Z  AVG MX 2MIN
DY MAX MIN AVG DEP HDD CDD  WTR  SNW DPTH SPD SPD DIR MIN PSBL S-S WX    SPD DR
================================================================================

 1  83  59  71   0   0   6    T    M    M  8.9 18 320   M    M   1        23 350
 2  70  54  62  -9   3   0 0.72    M    M  9.4 29 350   M    M   9 1      35 360
 3  77  50  64  -7   1   0 0.00    M    M  7.5 18 320   M    M   3        22 320
 4  80  56  68  -3   0   3 0.00    M    M  4.5 10 180   M    M   4        13 230
 5  75  53  64  -6   1   0 0.58    M    M  4.0 22  60   M    M   3 13     30  60
 6  79  51  65  -5   0   0 0.00    M    M  4.9 14  10   M    M   1        18  10
 7  84  53  69  -1   0   4 0.00    M    M  7.8 14 310   M    M   2        18 240
 8  86  62  74   4   0   9 0.00    M    M  8.3 20 350   M    M   1 3      25 350
 9  72  57  65  -5   0   0 0.08    M    M 10.2 22 360   M    M   8 13     27 360
10  79  55  67  -3   0   2 0.00    M    M  6.5 12 290   M    M   4        15 310
11  82  51  67  -3   0   2 0.00    M    M  3.6 14  70   M    M   4        16  70
12  71  54  63  -7   2   0 0.65    M    M  7.5 16  90   M    M   5 13     20 110
13  79  50  65  -5   0   0 0.00    M    M  6.3 16  90   M    M   1        25  80
14  82  50  66  -3   0   1 0.00    M    M  6.6 18 120   M    M   0        26 120
15  68  58  63  -6   2   0 0.13    M    M  6.2 13 110   M    M   8 12     15 100
16  80  57  69   0   0   4 0.00    M    M  5.1 15 310   M    M   5 12     20 320
17  85  59  72   3   0   7 0.03    M    M  8.2 20  90   M    M   1 3      25  90
18  83  58  71   3   0   6 0.08    M    M  7.3 18 280   M    M   0 3      24 290
19  90  62  76   8   0  11 0.00    M    M 13.5 26 280   M    M   0        33 280
20  79  50  65  -3   0   0 0.00    M    M  6.6 14 290   M    M   0        17 280
21  76  53  65  -3   0   0 0.00    M    M 12.5 29 320   M    M   2        35 310
================================================================================
SM 1660 1152         9  55  2.27    M    155.4          M       62
================================================================================
AV 79.1 54.9                               7.4 FASTST   M    M   3    MAX(MPH)
                                 MISC ---->  # 29 350               # 35  360
================================================================================
NOTES:
# LAST OF SEVERAL OCCURRENCES

COLUMN 17 PEAK WIND IN M.P.H.

PRELIMINARY LOCAL CLIMATOLOGICAL DATA (WS FORM: F-6) , PAGE 2

                                          STATION:  MINOT ND
                                          MONTH:    AUGUST
                                          YEAR:     2017
                                          LATITUDE:   48 15 N
                                          LONGITUDE: 101 16 W

[TEMPERATURE DATA]      [PRECIPITATION DATA]       SYMBOLS USED IN COLUMN 16

AVERAGE MONTHLY: 67.0   TOTAL FOR MONTH:   2.27    1 = FOG OR MIST
DPTR FM NORMAL:  -2.7   DPTR FM NORMAL:    0.87    2 = FOG REDUCING VISIBILITY
HIGHEST:    90 ON 19    GRTST 24HR  0.72 ON  2- 2      TO 1/4 MILE OR LESS
LOWEST:     50 ON 20,14                            3 = THUNDER
                        SNOW, ICE PELLETS, HAIL    4 = ICE PELLETS
                        TOTAL MONTH:    M          5 = HAIL
                        GRTST 24HR    M  ON   M    6 = FREEZING RAIN OR DRIZZLE
                        GRTST DEPTH:  M  ON   M    7 = DUSTSTORM OR SANDSTORM:
                                                       VSBY 1/2 MILE OR LESS
                                                   8 = SMOKE OR HAZE
[NO. OF DAYS WITH]      [WEATHER - DAYS WITH]      9 = BLOWING SNOW
                                                   X = TORNADO
MAX 32 OR BELOW:   0    0.01 INCH OR MORE:   7
MAX 90 OR ABOVE:   1    0.10 INCH OR MORE:   4
MIN 32 OR BELOW:   0    0.50 INCH OR MORE:   3
MIN  0 OR BELOW:   0    1.00 INCH OR MORE:   0

[HDD (BASE 65) ]
TOTAL THIS MO.     9    CLEAR  (SCALE 0-3)  13
DPTR FM NORMAL   -14    PTCLDY (SCALE 4-7)   6
TOTAL FM JUL 1     9    CLOUDY (SCALE 8-10)  2
DPTR FM NORMAL   -38

[CDD (BASE 65) ]
TOTAL THIS MO.    55
DPTR FM NORMAL   -62    [PRESSURE DATA]
TOTAL FM JAN 1   461    HIGHEST SLP M ON M
DPTR FM NORMAL    86    LOWEST  SLP 29.71 ON 19

[REMARKS]
