000
CXUS51 KPHI 280800
CF6MPO
PRELIMINARY LOCAL CLIMATOLOGICAL DATA (WS FORM: F-6)

                                          STATION:   MOUNT POCONO PA
                                          MONTH:     JANUARY
                                          YEAR:      2015
                                          LATITUDE:   41  8 N
                                          LONGITUDE:  75 24 W

  TEMPERATURE IN F:       :PCPN:    SNOW:  WIND      :SUNSHINE: SKY     :PK WND
================================================================================
1   2   3   4   5  6A  6B    7    8   9   10  11  12  13   14  15   16   17  18
                                     12Z  AVG MX 2MIN
DY MAX MIN AVG DEP HDD CDD  WTR  SNW DPTH SPD SPD DIR MIN PSBL S-S WX    SPD DR
================================================================================

 1  30  15  23  -1  42   0 0.00    M    M 14.6 28 280   M    M   0        39 260
 2  33  19  26   2  39   0 0.00    M    M 11.0 26 280   M    M   4        37 290
 3  34  18  26   2  39   0 0.46    M    M  8.1 16 100   M    M   6 1268   25  90
 4  47  33  40  16  25   0 0.27    M    M 13.0 33 280   M    M   9 12     50 290
 5  37   9  23  -1  42   0    T    M    M 17.1 33 270   M    M   5        45 280
 6  14   8  11 -12  54   0 0.03    M    M  6.8 16 300   M    M   7 18     25 300
 7  14  -1   7 -16  58   0 0.01    M    M 15.7 26 320   M    M   9 89     42 320
 8  10  -3   4 -19  61   0 0.00    M    M 13.0 23 300   M    M   2 8      35 300
 9  22   8  15  -8  50   0 0.01    M    M 15.9 26 280   M    M   7 128    39 290
10  13   2   8 -15  57   0 0.00    M    M 12.7 24 290   M    M   0        32 270
11  29  11  20  -3  45   0 0.00    M    M  9.2 21 200   M    M   7        28 290
12  37  27  32   9  33   0 0.26    M    M 10.3 23 330   M    M  10 146    33 330
13  27   7  17  -6  48   0    T    M    M  9.8 22 330   M    M   2        32 340
14  24   7  16  -7  49   0 0.00    M    M  5.3 12  90   M    M   9        17  70
15  26  16  21  -2  44   0 0.00    M    M  8.9 22 290   M    M   3        29 290
16  31   9  20  -3  45   0 0.01    M    M 16.9 28 280   M    M   4 12     40 310
17  23   4  14  -9  51   0 0.00    M    M  8.2 16 170   M    M   0        23 180
18  36  20  28   5  37   0 0.12    M    M  8.5 17 290   M    M   9 126    24 180
19  33  28  31   8  34   0 0.01    M    M 10.7 22 290   M    M  10 1      30 290
20  30  19  25   2  40   0 0.00    M    M  9.0 15 300   M    M   7        22 330
21  28   9  19  -4  46   0    T    M    M  5.1 12 140   M    M   5 18     16 140
22  30  20  25   2  40   0    T    M    M  6.9 16 310   M    M   6 1      23 310
23  33  16  25   2  40   0 0.01    M    M  8.0 15 310   M    M   3 18     19 320
24  34  27  31   8  34   0 0.44    M    M  9.8 25 310   M    M   8 18     34 310
25  31  19  25   2  40   0    T    M    M 11.9 25 310   M    M   6        37 320
26  20  11  16  -7  49   0 0.04    M    M 14.0 24  70   M    M  10 19     35  70
27  21   7  14  -9  51   0    T    M    M 17.1 28 320   M    M   6 18     38 330
================================================================================
SM  747  365      1193   0  1.67    M    297.5          M      154
================================================================================
AV 27.7 13.5                              11.0 FASTST   M    M   6    MAX(MPH)
                                 MISC ---->  # 33 280               # 50  290
================================================================================
NOTES:
# LAST OF SEVERAL OCCURRENCES

COLUMN 17 PEAK WIND IN M.P.H.

PRELIMINARY LOCAL CLIMATOLOGICAL DATA (WS FORM: F-6) , PAGE 2

                                          STATION:  MOUNT POCONO PA
                                          MONTH:    JANUARY
                                          YEAR:     2015
                                          LATITUDE:   41  8 N
                                          LONGITUDE:  75 24 W

[TEMPERATURE DATA]      [PRECIPITATION DATA]       SYMBOLS USED IN COLUMN 16

AVERAGE MONTHLY: 20.6   TOTAL FOR MONTH:   1.67    1 = FOG OR MIST
DPTR FM NORMAL:  -2.6   DPTR FM NORMAL:   -0.93    2 = FOG REDUCING VISIBILITY
HIGHEST:    47 ON  4    GRTST 24HR  0.55 ON  3- 4      TO 1/4 MILE OR LESS
LOWEST:     -3 ON  8                               3 = THUNDER
                        SNOW, ICE PELLETS, HAIL    4 = ICE PELLETS
                        TOTAL MONTH:    M          5 = HAIL
                        GRTST 24HR    M  ON   M    6 = FREEZING RAIN OR DRIZZLE
                        GRTST DEPTH:  M  ON   M    7 = DUSTSTORM OR SANDSTORM:
                                                       VSBY 1/2 MILE OR LESS
                                                   8 = SMOKE OR HAZE
[NO. OF DAYS WITH]      [WEATHER - DAYS WITH]      9 = BLOWING SNOW
                                                   X = TORNADO
MAX 32 OR BELOW:  18    0.01 INCH OR MORE:  12
MAX 90 OR ABOVE:   0    0.10 INCH OR MORE:   5
MIN 32 OR BELOW:  26    0.50 INCH OR MORE:   0
MIN  0 OR BELOW:   2    1.00 INCH OR MORE:   0

[HDD (BASE 65) ]
TOTAL THIS MO.  1193    CLEAR  (SCALE 0-3)   6
DPTR FM NORMAL    63    PTCLDY (SCALE 4-7)  13
TOTAL FM JUL 1  3796    CLOUDY (SCALE 8-10)  8
DPTR FM NORMAL   -71

[CDD (BASE 65) ]
TOTAL THIS MO.     0
DPTR FM NORMAL     0    [PRESSURE DATA]
TOTAL FM JAN 1     0    HIGHEST SLP M ON M
DPTR FM NORMAL     0    LOWEST  SLP 29.26 ON 24

[REMARKS]
