000
CXUS51 KPHI 290800
CF6MPO
PRELIMINARY LOCAL CLIMATOLOGICAL DATA (WS FORM: F-6)

                                          STATION:   MOUNT POCONO PA
                                          MONTH:     JULY
                                          YEAR:      2015
                                          LATITUDE:   41  8 N
                                          LONGITUDE:  75 24 W

  TEMPERATURE IN F:       :PCPN:    SNOW:  WIND      :SUNSHINE: SKY     :PK WND
================================================================================
1   2   3   4   5  6A  6B    7    8   9   10  11  12  13   14  15   16   17  18
                                     12Z  AVG MX 2MIN
DY MAX MIN AVG DEP HDD CDD  WTR  SNW DPTH SPD SPD DIR MIN PSBL S-S WX    SPD DR
================================================================================

 1  72  59  66  -1   0   1 0.54    M    M 10.3 21 270   M    M   7 1238   28 290
 2  74  54  64  -4   1   0 0.00    M    M  4.4  9 340   M    M   3 1      12 150
 3  75  53  64  -4   1   0 0.00    M    M  4.5 12 210   M    M   2 1      17 220
 4  66  56  61  -7   4   0 0.39    M    M  3.2 12  90   M    M   9 128    13 100
 5  79  55  67  -1   0   2 0.00    M    M  3.6 10 320   M    M   4 12     14 320
 6  79  56  68   0   0   3    T    M    M  7.0 14 150   M    M   6 128    20 140
 7  78  68  73   5   0   8 0.25    M    M  7.1 15 200   M    M   7 1238   18 200
 8  78  64  71   3   0   6    T    M    M  7.3 15 310   M    M   6 18     20 280
 9  77  63  70   2   0   5 0.28    M    M  6.3 16 320   M    M  10 12     25 320
10  76  58  67  -1   0   2    T    M    M  9.2 18 330   M    M   3 1      27 320
11  80  58  69   1   0   4 0.00    M    M  5.8 14  20   M    M   1        19  30
12  80  54  67  -1   0   2 0.00    M    M  2.4 10 290   M    M   1 1      15 310
13  82  60  71   3   0   6 0.07    M    M  4.6 17 140   M    M   3 1      23 160
14  77  62  70   2   0   5    T    M    M  5.4 13 140   M    M   8 12     15 140
15  74  55  65  -3   0   0 0.01    M    M 10.1 21 330   M    M   7 1      28 320
16  76  50  63  -5   2   0 0.00    M    M  4.7 16 340   M    M   0        24 350
17  75  50  63  -5   2   0    T    M    M  8.8 16 190   M    M   5        22 210
18  84  65  75   7   0  10 0.20    M    M  7.3 17 310   M    M   6 13     24 320
19  87  67  77   9   0  12 0.00    M    M  6.9 16 240   M    M   2 8      22 270
20  84  68  76   8   0  11    T    M    M  7.4 16 320   M    M   2        22 330
21  83  61  72   4   0   7    T    M    M  7.3 20 320   M    M   3 1      28 330
22  74  55  65  -3   0   0 0.00    M    M  9.4 17 310   M    M   1        24 310
23  74  53  64  -4   1   0 0.00    M    M  7.3 16 290   M    M   0        25 280
24  77  48  63  -5   2   0 0.00    M    M  5.5 13 290   M    M   2 1      17 310
25  81  50  66  -2   0   1 0.00    M    M  3.7 14 230   M    M   1        20 130
26  83  64  74   6   0   9 0.98    M    M  7.8 18 200   M    M   3 13     23 220
27  79  64  72   4   0   7 0.13    M    M  3.3 12 200   M    M   6 123    17 260
28  85  61  73   5   0   8 0.00    M    M  3.3  9  50   M    M   2 12     13  60
================================================================================
SM 2189 1631        13 109  2.85    M    173.9          M      110
================================================================================
AV 78.2 58.2                               6.2 FASTST   M    M   4    MAX(MPH)
                                 MISC ---->  # 21 270               # 28  290
================================================================================
NOTES:
# LAST OF SEVERAL OCCURRENCES

COLUMN 17 PEAK WIND IN M.P.H.

PRELIMINARY LOCAL CLIMATOLOGICAL DATA (WS FORM: F-6) , PAGE 2

                                          STATION:  MOUNT POCONO PA
                                          MONTH:    JULY
                                          YEAR:     2015
                                          LATITUDE:   41  8 N
                                          LONGITUDE:  75 24 W

[TEMPERATURE DATA]      [PRECIPITATION DATA]       SYMBOLS USED IN COLUMN 16

AVERAGE MONTHLY: 68.2   TOTAL FOR MONTH:   2.85    1 = FOG OR MIST
DPTR FM NORMAL:   0.2   DPTR FM NORMAL:   -1.19    2 = FOG REDUCING VISIBILITY
HIGHEST:    87 ON 19    GRTST 24HR  3.43 ON 30- 1      TO 1/4 MILE OR LESS
LOWEST:     48 ON 24                               3 = THUNDER
                        SNOW, ICE PELLETS, HAIL    4 = ICE PELLETS
                        TOTAL MONTH:    M          5 = HAIL
                        GRTST 24HR    M  ON   M    6 = FREEZING RAIN OR DRIZZLE
                        GRTST DEPTH:  M  ON   M    7 = DUSTSTORM OR SANDSTORM:
                                                       VSBY 1/2 MILE OR LESS
                                                   8 = SMOKE OR HAZE
[NO. OF DAYS WITH]      [WEATHER - DAYS WITH]      9 = BLOWING SNOW
                                                   X = TORNADO
MAX 32 OR BELOW:   0    0.01 INCH OR MORE:   9
MAX 90 OR ABOVE:   0    0.10 INCH OR MORE:   7
MIN 32 OR BELOW:   0    0.50 INCH OR MORE:   2
MIN  0 OR BELOW:   0    1.00 INCH OR MORE:   0

[HDD (BASE 65) ]
TOTAL THIS MO.    13    CLEAR  (SCALE 0-3)  14
DPTR FM NORMAL   -15    PTCLDY (SCALE 4-7)  12
TOTAL FM JUL 1    13    CLOUDY (SCALE 8-10)  2
DPTR FM NORMAL   -15

[CDD (BASE 65) ]
TOTAL THIS MO.   109
DPTR FM NORMAL    -2    [PRESSURE DATA]
TOTAL FM JAN 1   232    HIGHEST SLP M ON M
DPTR FM NORMAL    40    LOWEST  SLP 29.53 ON 15

[REMARKS]
