000
CXUS51 KPHI 220800
CF6MPO
PRELIMINARY LOCAL CLIMATOLOGICAL DATA (WS FORM: F-6)

                                          STATION:   MOUNT POCONO PA
                                          MONTH:     JANUARY
                                          YEAR:      2017
                                          LATITUDE:   41  8 N
                                          LONGITUDE:  75 24 W

  TEMPERATURE IN F:       :PCPN:    SNOW:  WIND      :SUNSHINE: SKY     :PK WND
================================================================================
1   2   3   4   5  6A  6B    7    8   9   10  11  12  13   14  15   16   17  18
                                     12Z  AVG MX 2MIN
DY MAX MIN AVG DEP HDD CDD  WTR  SNW DPTH SPD SPD DIR MIN PSBL S-S WX    SPD DR
================================================================================

 1  38  15  27   3  38   0 0.00    M    M  7.6 23 280   M    M   3        32 260
 2  31  20  26   2  39   0 0.09    M    M  9.0 15  90   M    M   8 126    20 110
 3  34  31  33   9  32   0 0.38    M    M 10.4 17  90   M    M  10 12     25 100
 4  39  21  30   6  35   0    T    M    M 16.4 28 270   M    M   7 1      39 270
 5  22  15  19  -5  46   0    T    M    M 11.9 29 290   M    M   5        38 300
 6  20   7  14  -9  51   0    T    M    M  7.5 14 320   M    M   5 1      19 310
 7  16   9  13 -10  52   0 0.00    M    M  9.2 16 320   M    M   6        24 330
 8  16   5  11 -12  54   0    T    M    M 13.5 28 280   M    M   7        37 290
 9  15   2   9 -14  56   0 0.00    M    M  8.1 15 290   M    M   5        20 290
10  28   8  18  -5  47   0 0.06    M    M  9.4 20 170   M    M   7 16     28 210
11  44  28  36  13  29   0 0.39    M    M 10.0 28 190   M    M   3 16     39 190
12  53  40  47  24  18   0 0.31    M    M 12.3 20 280   M    M   9 12     30 280
13  50  20  35  12  30   0 0.00    M    M 13.8 25 320   M    M   3        35 320
14  24  18  21  -2  44   0 0.05    M    M  5.5 13 310   M    M   6 1      18 300
15  27   9  18  -5  47   0 0.00    M    M  9.9 20 340   M    M   3        27 330
16  38   4  21  -2  44   0    T    M    M  5.0 16 260   M    M   3 4      21 260
17  34  31  33  10  32   0 0.19    M    M  7.1 15 110   M    M  10 126    17 110
18  38  32  35  12  30   0 0.09    M    M  5.4 16 330   M    M  10 126    22 330
19  36  31  34  11  31   0 0.00    M    0  7.2 15 310   M    M  10 1      22 330
20  35  31  33  10  32   0 0.23    M    M  5.1 10 160   M    M  10 1      17 130
21  55  35  45  22  20   0 0.00    M    M  5.4 12 250   M    M   6 12     16 280
================================================================================
SM  693  412       807   0  1.79    M    189.7          M      136
================================================================================
AV 33.0 19.6                               9.0 FASTST   M    M   6    MAX(MPH)
                                 MISC ---->  # 29 290               # 39  270
================================================================================
NOTES:
# LAST OF SEVERAL OCCURRENCES

COLUMN 17 PEAK WIND IN M.P.H.

PRELIMINARY LOCAL CLIMATOLOGICAL DATA (WS FORM: F-6) , PAGE 2

                                          STATION:  MOUNT POCONO PA
                                          MONTH:    JANUARY
                                          YEAR:     2017
                                          LATITUDE:   41  8 N
                                          LONGITUDE:  75 24 W

[TEMPERATURE DATA]      [PRECIPITATION DATA]       SYMBOLS USED IN COLUMN 16

AVERAGE MONTHLY: 26.3   TOTAL FOR MONTH:   1.79    1 = FOG OR MIST
DPTR FM NORMAL:   3.1   DPTR FM NORMAL:   -0.33    2 = FOG REDUCING VISIBILITY
HIGHEST:    55 ON 21    GRTST 24HR  0.46 ON 11-12      TO 1/4 MILE OR LESS
LOWEST:      2 ON  9                               3 = THUNDER
                        SNOW, ICE PELLETS, HAIL    4 = ICE PELLETS
                        TOTAL MONTH:    M          5 = HAIL
                        GRTST 24HR    M  ON   M    6 = FREEZING RAIN OR DRIZZLE
                        GRTST DEPTH:   0           7 = DUSTSTORM OR SANDSTORM:
                                                       VSBY 1/2 MILE OR LESS
                                                   8 = SMOKE OR HAZE
[NO. OF DAYS WITH]      [WEATHER - DAYS WITH]      9 = BLOWING SNOW
                                                   X = TORNADO
MAX 32 OR BELOW:   9    0.01 INCH OR MORE:   9
MAX 90 OR ABOVE:   0    0.10 INCH OR MORE:   5
MIN 32 OR BELOW:  19    0.50 INCH OR MORE:   0
MIN  0 OR BELOW:   0    1.00 INCH OR MORE:   0

[HDD (BASE 65) ]
TOTAL THIS MO.   807    CLEAR  (SCALE 0-3)   3
DPTR FM NORMAL   -71    PTCLDY (SCALE 4-7)  12
TOTAL FM JUL 1  3350    CLOUDY (SCALE 8-10)  6
DPTR FM NORMAL  -265

[CDD (BASE 65) ]
TOTAL THIS MO.     0
DPTR FM NORMAL     0    [PRESSURE DATA]
TOTAL FM JAN 1     0    HIGHEST SLP M ON M
DPTR FM NORMAL     0    LOWEST  SLP 29.47 ON  4

[REMARKS]
