000
CXUS51 KBTV 280700
CF6MPV
PRELIMINARY LOCAL CLIMATOLOGICAL DATA (WS FORM: F-6)

                                          STATION:   MONTPELIER VT
                                          MONTH:     JULY
                                          YEAR:      2015
                                          LATITUDE:   44 12 N
                                          LONGITUDE:  72 34 W

  TEMPERATURE IN F:       :PCPN:    SNOW:  WIND      :SUNSHINE: SKY     :PK WND
================================================================================
1   2   3   4   5  6A  6B    7    8   9   10  11  12  13   14  15   16   17  18
                                     12Z  AVG MX 2MIN
DY MAX MIN AVG DEP HDD CDD  WTR  SNW DPTH SPD SPD DIR MIN PSBL S-S WX    SPD DR
================================================================================

 1  72  59  66   0   0   1 0.49  0.0    0  8.8 16 160   M    M   9 12     22 220
 2  70  47  59  -7   6   0 0.03    M    0  5.2 15 300   M    M   4 1      21 310
 3  74  42  58  -9   7   0 0.00  0.0    0  2.7 14 300   M    M   2 128    19 300
 4  71  48  60  -7   5   0 0.10    M    0  3.8 14 320   M    M   2 12     18 300
 5  76  51  64  -3   1   0 0.00  0.0    0  3.5 13 350   M    M   4 12     16 350
 6  81  53  67   0   0   2 0.00  0.0    0  2.2 13 170   M    M   4 12     16 160
 7  80  56  68   1   0   3 0.04  0.0    0  7.2 18 160   M    M   5 18     24 150
 8  74  53  64  -3   1   0 0.04  0.0    0  6.8 18 300   M    M   4 1      26 300
 9  72  50  61  -6   4   0 0.02  0.0    0  3.2 12 160   M    M   6 12     18 190
10  78  58  68   1   0   3 0.00  0.0    0  6.0 17 280   M    M   3 128    23 310
11  82  53  68   1   0   3 0.00  0.0    0  4.3 13 300   M    M   3        20 310
12  83  59  71   4   0   6 0.00  0.0    0  4.7 14 300   M    M   1        21 290
13  82  61  72   5   0   7 0.00  0.0    0  4.1 14 170   M    M   2 1238   18 180
14  80  61  71   4   0   6 0.31  0.0    0  9.3 21 150   M    M   3 1      27 150
15  69  48  59  -8   6   0 0.32    M    0  6.1 15  20   M    M   6 1      20  20
16  71  43  57 -10   8   0 0.00  0.0    0  3.3 12  30   M    M   1 12     20  30
17  75  45  60  -7   5   0 0.04    M    0  5.5 15 160   M    M   4 12     18 160
18  81  61  71   4   0   6 0.36  0.0    0  7.7 17 160   M    M   7 1      22 170
19  84  63  74   7   0   9 0.92  0.0    0  3.2 16 170   M    M   9 123    20 210
20  81  62  72   5   0   7 0.11  0.0    0  5.0 14 310   M    M   1 13     20 310
21  82  56  69   2   0   4 0.34  0.0    0  3.8 20 300   M    M   3 123    28 290
22  71  56  64  -3   1   0 0.15  0.0    0  6.2 16 300   M    M   6 1      27 350
23  71  53  62  -5   3   0 0.00  0.0    0  4.8 16 290   M    M   7        22 290
24  71  50  61  -6   4   0 0.05  0.0    0  3.9 15 310   M    M   5 1      22 300
25  79  52  66  -1   0   1    T  0.0    0  3.9 13 190   M    M   7 12     17 190
26  79  62  71   4   0   6 0.06  0.0    0  6.6 14 140   M    M   6 13     18 150
27  84  63  74   7   0   9 0.00  0.0    0  1.2 15 160   M    M   5 123    17 160
================================================================================
SM 2073 1465        51  73  3.38     0.0 133.0          M      119
================================================================================
AV 76.8 54.3                               4.9 FASTST   M    M   4    MAX(MPH)
                                 MISC ---->  # 21 150               # 28  290
================================================================================
NOTES:
# LAST OF SEVERAL OCCURRENCES

COLUMN 17 PEAK WIND IN M.P.H.

PRELIMINARY LOCAL CLIMATOLOGICAL DATA (WS FORM: F-6) , PAGE 2

                                          STATION:  MONTPELIER VT
                                          MONTH:    JULY
                                          YEAR:     2015
                                          LATITUDE:   44 12 N
                                          LONGITUDE:  72 34 W

[TEMPERATURE DATA]      [PRECIPITATION DATA]       SYMBOLS USED IN COLUMN 16

AVERAGE MONTHLY: 65.5   TOTAL FOR MONTH:   3.38    1 = FOG OR MIST
DPTR FM NORMAL:  -1.4   DPTR FM NORMAL:   -0.10    2 = FOG REDUCING VISIBILITY
HIGHEST:    84 ON 27,19 GRTST 24HR  1.03 ON 19-20      TO 1/4 MILE OR LESS
LOWEST:     42 ON  3                               3 = THUNDER
                        SNOW, ICE PELLETS, HAIL    4 = ICE PELLETS
                        TOTAL MONTH:   0.0 INCH    5 = HAIL
                        GRTST 24HR     0.0         6 = FREEZING RAIN OR DRIZZLE
                        GRTST DEPTH:   0           7 = DUSTSTORM OR SANDSTORM:
                                                       VSBY 1/2 MILE OR LESS
                                                   8 = SMOKE OR HAZE
[NO. OF DAYS WITH]      [WEATHER - DAYS WITH]      9 = BLOWING SNOW
                                                   X = TORNADO
MAX 32 OR BELOW:   0    0.01 INCH OR MORE:  16
MAX 90 OR ABOVE:   0    0.10 INCH OR MORE:   9
MIN 32 OR BELOW:   0    0.50 INCH OR MORE:   1
MIN  0 OR BELOW:   0    1.00 INCH OR MORE:   0

[HDD (BASE 65) ]
TOTAL THIS MO.    51    CLEAR  (SCALE 0-3)   8
DPTR FM NORMAL    18    PTCLDY (SCALE 4-7)  17
TOTAL FM JUL 1    51    CLOUDY (SCALE 8-10)  2
DPTR FM NORMAL    18

[CDD (BASE 65) ]
TOTAL THIS MO.    73
DPTR FM NORMAL   -12    [PRESSURE DATA]
TOTAL FM JAN 1   119    HIGHEST SLP M ON M
DPTR FM NORMAL   -29    LOWEST  SLP 29.58 ON 21

[REMARKS]
