000
CXUS53 KMPX 200700
CF6MPX
PRELIMINARY LOCAL CLIMATOLOGICAL DATA (WS FORM: F-6)

                                          STATION:   CHANHASSEN MN
                                          MONTH:     DECEMBER
                                          YEAR:      2014
                                          LATITUDE:   44 50 N
                                          LONGITUDE:  93 34 W

  TEMPERATURE IN F:       :PCPN:    SNOW:  WIND      :SUNSHINE: SKY     :PK WND
================================================================================
1   2   3   4   5  6A  6B    7    8   9   10  11  12  13   14  15   16   17  18
                                     12Z  AVG MX 2MIN
DY MAX MIN AVG DEP HDD CDD  WTR  SNW DPTH SPD SPD DIR MIN PSBL S-S WX    SPD DR
================================================================================

 1   6  -4   1 -23  64   0 0.00  0.0    1   M   M   M   M    M   M         M  M
 2  21   3  12 -11  53   0    T    T    1   M   M   M   M    M   M         M  M
 3  21   8  15  -8  50   0 0.00  0.0    1   M   M   M   M    M   M         M  M
 4  32  12  22   0  43   0 0.00  0.0    1   M   M   M   M    M   M         M  M
 5  31  22  27   5  38   0 0.00  0.0    1   M   M   M   M    M   M         M  M
 6  31  16  24   3  41   0 0.00  0.0    1   M   M   M   M    M   M         M  M
 7  34  23  29   8  36   0 0.01  0.1    1   M   M   M   M    M   M         M  M
 8  34  19  27   7  38   0    T  0.0    1   M   M   M   M    M   M         M  M
 9  20  13  17  -3  48   0 0.00  0.0    1   M   M   M   M    M   M         M  M
10  28  20  24   4  41   0 0.00  0.0    1   M   M   M   M    M   M         M  M
11  31  26  29  10  36   0 0.00  0.0    1   M   M   M   M    M   M         M  M
12  37  31  34  15  31   0    T  0.0    1   M   M   M   M    M   M         M  M
13  48  35  42  24  23   0    T  0.0    T   M   M   M   M    M   M         M  M
14  49  46  48  30  17   0    T  0.0    0   M   M   M   M    M   M         M  M
15  50  27  39  21  26   0 0.29  0.2    0   M   M   M   M    M   M         M  M
16  27  12  20   2  45   0 0.10  0.9    1   M   M   M   M    M   M         M  M
17  19   7  13  -4  52   0    T    T    1   M   M   M   M    M   M         M  M
18  21   7  14  -3  51   0    T    T    1   M   M   M   M    M   M         M  M
19   M   M   M   M   M   M    M    M    M   M   M   M   M    M   M         M  M
================================================================================
SM  540  323       733   0  0.40     1.2     M          M        M
================================================================================
AV 30.0 17.9                                 M FASTST   M    M   7    MAX(MPH)
                                 MISC ---->     M   M                  M    M
================================================================================
NOTES:
# LAST OF SEVERAL OCCURRENCES

COLUMN 17 PEAK WIND IN M.P.H.

PRELIMINARY LOCAL CLIMATOLOGICAL DATA (WS FORM: F-6) , PAGE 2

                                          STATION:  CHANHASSEN MN
                                          MONTH:    DECEMBER
                                          YEAR:     2014
                                          LATITUDE:   44 50 N
                                          LONGITUDE:  93 34 W

[TEMPERATURE DATA]      [PRECIPITATION DATA]       SYMBOLS USED IN COLUMN 16

AVERAGE MONTHLY: 24.0   TOTAL FOR MONTH:   0.40    1 = FOG OR MIST
DPTR FM NORMAL:   4.1   DPTR FM NORMAL:   -0.38    2 = FOG REDUCING VISIBILITY
HIGHEST:    50 ON 15    GRTST 24HR  0.29 ON 15-15      TO 1/4 MILE OR LESS
LOWEST:     -4 ON  1                               3 = THUNDER
                        SNOW, ICE PELLETS, HAIL    4 = ICE PELLETS
                        TOTAL MONTH:   1.2 INCHES  5 = HAIL
                        GRTST 24HR   0.9 ON   M    6 = FREEZING RAIN OR DRIZZLE
                        GRTST DEPTH:   1 ON 18,17  7 = DUSTSTORM OR SANDSTORM:
                                                       VSBY 1/2 MILE OR LESS
                                                   8 = SMOKE OR HAZE
[NO. OF DAYS WITH]      [WEATHER - DAYS WITH]      9 = BLOWING SNOW
                                                   X = TORNADO
MAX 32 OR BELOW:  12    0.01 INCH OR MORE:   3
MAX 90 OR ABOVE:   0    0.10 INCH OR MORE:   2
MIN 32 OR BELOW:  16    0.50 INCH OR MORE:   0
MIN  0 OR BELOW:   1    1.00 INCH OR MORE:   0

[HDD (BASE 65) ]
TOTAL THIS MO.   733    CLEAR  (SCALE 0-3)   0
DPTR FM NORMAL  -125    PTCLDY (SCALE 4-7)   0
TOTAL FM JUL 1  2670    CLOUDY (SCALE 8-10)  0
DPTR FM NORMAL   105

[CDD (BASE 65) ]
TOTAL THIS MO.     0
DPTR FM NORMAL     0    [PRESSURE DATA]
TOTAL FM JAN 1   514    HIGHEST SLP M ON M
DPTR FM NORMAL   -91    LOWEST  SLP M ON M

[REMARKS]
