000
CXUS53 KMPX 291000
CF6MPX
PRELIMINARY LOCAL CLIMATOLOGICAL DATA (WS FORM: F-6)

                                          STATION:   CHANHASSEN MN
                                          MONTH:     MAY
                                          YEAR:      2017
                                          LATITUDE:   44 50 N
                                          LONGITUDE:  93 34 W

  TEMPERATURE IN F:       :PCPN:    SNOW:  WIND      :SUNSHINE: SKY     :PK WND
================================================================================
1   2   3   4   5  6A  6B    7    8   9   10  11  12  13   14  15   16   17  18
                                     12Z  AVG MX 2MIN
DY MAX MIN AVG DEP HDD CDD  WTR  SNW DPTH SPD SPD DIR MIN PSBL S-S WX    SPD DR
================================================================================

 1  40  34  37 -16  28   0 0.21    T    0   M   M   M   M    M   M         M  M
 2  60  38  49  -5  16   0    T  0.0    0   M   M   M   M    M   M         M  M
 3  63  41  52  -2  13   0 0.00  0.0    0   M   M   M   M    M   M         M  M
 4  68  40  54   0  11   0 0.00  0.0    0   M   M   M   M    M   M         M  M
 5  77  39  58   3   7   0 0.00  0.0    0   M   M   M   M    M   M         M  M
 6  67  43  55   0  10   0 0.00  0.0    0   M   M   M   M    M   M         M  M
 7  65  48  57   2   8   0 0.00  0.0    0   M   M   M   M    M   M         M  M
 8  70  46  58   2   7   0 0.09  0.0    0   M   M   M   M    M   M         M  M
 9  70  48  59   3   6   0 0.03  0.0    0   M   M   M   M    M   M         M  M
10  66  45  56   0   9   0 0.02  0.0    0   M   M   M   M    M   M         M  M
11  64  45  55  -2  10   0 0.00  0.0    0   M   M   M   M    M   M         M  M
12  75  41  58   1   7   0    T  0.0    0   M   M   M   M    M   M         M  M
13  79  53  66   9   0   1 0.00  0.0    0   M   M   M   M    M   M         M  M
14  84  54  69  11   0   4 0.00  0.0    0   M   M   M   M    M   M         M  M
15  68  58  63   5   2   0 0.43  0.0    0   M   M   M   M    M   M         M  M
16  82  59  71  13   0   6 0.29  0.0    0   M   M   M   M    M   M         M  M
17  68  51  60   2   5   0 2.00  0.0    0   M   M   M   M    M   M         M  M
18  53  44  49 -10  16   0 0.31  0.0    0   M   M   M   M    M   M         M  M
19  54  42  48 -11  17   0 0.00  0.0    0   M   M   M   M    M   M         M  M
20  49  40  45 -14  20   0 1.55  0.0    0   M   M   M   M    M   M         M  M
21  50  40  45 -15  20   0 0.02  0.0    0   M   M   M   M    M   M         M  M
22  64  41  53  -7  12   0    T  0.0    0   M   M   M   M    M   M         M  M
23  61  47  54  -6  11   0 0.04  0.0    0   M   M   M   M    M   M         M  M
24  60  46  53  -7  12   0 0.00  0.0    0   M   M   M   M    M   M         M  M
25  69  42  56  -5   9   0 0.04  0.0    0   M   M   M   M    M   M         M  M
26  78  56  67   6   0   2 0.00  0.0    0   M   M   M   M    M   M         M  M
27  70  49  60  -1   5   0    T  0.0    0   M   M   M   M    M   M         M  M
28  71  54  63   1   2   0    T  0.0    0   M   M   M   M    M   M         M  M
================================================================================
SM 1845 1284       263  13  5.03    T        M          M        M
================================================================================
AV 65.9 45.9                                 M FASTST   M    M   4    MAX(MPH)
                                 MISC ---->     M   M                  M    M
================================================================================
NOTES:
# LAST OF SEVERAL OCCURRENCES

COLUMN 17 PEAK WIND IN M.P.H.

PRELIMINARY LOCAL CLIMATOLOGICAL DATA (WS FORM: F-6) , PAGE 2

                                          STATION:  CHANHASSEN MN
                                          MONTH:    MAY
                                          YEAR:     2017
                                          LATITUDE:   44 50 N
                                          LONGITUDE:  93 34 W

[TEMPERATURE DATA]      [PRECIPITATION DATA]       SYMBOLS USED IN COLUMN 16

AVERAGE MONTHLY: 55.9   TOTAL FOR MONTH:   5.03    1 = FOG OR MIST
DPTR FM NORMAL:  -1.7   DPTR FM NORMAL:    1.74    2 = FOG REDUCING VISIBILITY
HIGHEST:    84 ON 14    GRTST 24HR  2.00 ON 17-17      TO 1/4 MILE OR LESS
LOWEST:     34 ON  1                               3 = THUNDER
                        SNOW, ICE PELLETS, HAIL    4 = ICE PELLETS
                        TOTAL MONTH:    T          5 = HAIL
                        GRTST 24HR    T  ON  1- 1  6 = FREEZING RAIN OR DRIZZLE
                        GRTST DEPTH:   0           7 = DUSTSTORM OR SANDSTORM:
                                                       VSBY 1/2 MILE OR LESS
                                                   8 = SMOKE OR HAZE
[NO. OF DAYS WITH]      [WEATHER - DAYS WITH]      9 = BLOWING SNOW
                                                   X = TORNADO
MAX 32 OR BELOW:   0    0.01 INCH OR MORE:  12
MAX 90 OR ABOVE:   0    0.10 INCH OR MORE:   6
MIN 32 OR BELOW:   0    0.50 INCH OR MORE:   2
MIN  0 OR BELOW:   0    1.00 INCH OR MORE:   2

[HDD (BASE 65) ]
TOTAL THIS MO.   263    CLEAR  (SCALE 0-3)   0
DPTR FM NORMAL    31    PTCLDY (SCALE 4-7)   0
TOTAL FM JUL 1  6846    CLOUDY (SCALE 8-10)  0
DPTR FM NORMAL -1005

[CDD (BASE 65) ]
TOTAL THIS MO.    13
DPTR FM NORMAL   -10    [PRESSURE DATA]
TOTAL FM JAN 1    13    HIGHEST SLP M ON M
DPTR FM NORMAL   -13    LOWEST  SLP M ON M

[REMARKS]
