000
CXUS53 KMQT 210900
CF6MQT
PRELIMINARY LOCAL CLIMATOLOGICAL DATA (WS FORM: F-6)

                                          STATION:   MARQUETTE MI
                                          MONTH:     OCTOBER
                                          YEAR:      2014
                                          LATITUDE:   46 31 N
                                          LONGITUDE:  87 33 W

  TEMPERATURE IN F:       :PCPN:    SNOW:  WIND      :SUNSHINE: SKY     :PK WND
================================================================================
1   2   3   4   5  6A  6B    7    8   9   10  11  12  13   14  15   16   17  18
                                     12Z  AVG MX 2MIN
DY MAX MIN AVG DEP HDD CDD  WTR  SNW DPTH SPD SPD DIR MIN PSBL S-S WX    SPD DR
================================================================================

 1  56  45  51   2  14   0 0.02  0.0    0   M   M   M   M    M   M        29 180
 2  59  52  56   7   9   0 0.53  0.0    0   M   M   M   M    M   M 1      23 225
 3  55  38  47  -1  18   0 0.91  0.0    0   M   M   M   M    M   M 1      29 270
 4  40  35  38 -10  27   0 0.18    T    0   M   M   M   M    M   M        19 270
 5  39  30  35 -13  30   0 0.02    T    0   M   M   M   M    M   M        23 225
 6  54  33  44  -3  21   0 0.00  0.0    0   M   M   M   M    M   M        27 270
 7  52  37  45  -2  20   0 0.01  0.0    0   M   M   M   M    M   M        27 270
 8  45  34  40  -6  25   0 0.01  0.0    0   M   M   M   M    M   M        31 270
 9  48  37  43  -3  22   0 0.03  0.0    0   M   M   M   M    M   M        24 270
10  50  31  41  -5  24   0    T  0.0    0   M   M   M   M    M   M        20 270
11  53  29  41  -4  24   0 0.00  0.0    0   M   M   M   M    M   M        16 225
12  59  40  50   5  15   0 0.00  0.0    0   M   M   M   M    M   M        31 180
13  52  43  48   4  17   0 0.67  0.0    0   M   M   M   M    M   M 12     19 225
14  46  44  45   1  20   0 0.68  0.0    0   M   M   M   M    M   M 12     37  45
15  46  42  44   0  21   0 0.38  0.0    0   M   M   M   M    M   M 1      27 360
16  47  43  45   2  20   0 0.04  0.0    0   M   M   M   M    M   M 1      10 225
17  46  36  41  -2  24   0 1.36  0.0    0   M   M   M   M    M   M 1      37 360
18  38  27  33  -9  32   0 0.19    T    0   M   M   M   M    M   M        29 360
19  45  27  36  -6  29   0 0.03  0.0    0   M   M   M   M    M   M        24 180
20  45  38  42   0  23   0 0.10  0.0    0   M   M   M   M    M   M        23 315
================================================================================
SM  975  741       435   0  5.16    T        M          M        M
================================================================================
AV 48.8 37.0                                 M FASTST   M    M   0    MAX(MPH)
                                 MISC ---->     M   M               # 37   45
================================================================================
NOTES:
# LAST OF SEVERAL OCCURRENCES

COLUMN 17 PEAK WIND IN M.P.H.

PRELIMINARY LOCAL CLIMATOLOGICAL DATA (WS FORM: F-6) , PAGE 2

                                          STATION:  MARQUETTE MI
                                          MONTH:    OCTOBER
                                          YEAR:     2014
                                          LATITUDE:   46 31 N
                                          LONGITUDE:  87 33 W

[TEMPERATURE DATA]      [PRECIPITATION DATA]       SYMBOLS USED IN COLUMN 16

AVERAGE MONTHLY: 42.9   TOTAL FOR MONTH:   5.16    1 = FOG OR MIST
DPTR FM NORMAL:  -2.5   DPTR FM NORMAL:    2.53    2 = FOG REDUCING VISIBILITY
HIGHEST:    59 ON 12, 2 GRTST 24HR  1.36 ON 17-17      TO 1/4 MILE OR LESS
LOWEST:     27 ON 19,18                            3 = THUNDER
                        SNOW, ICE PELLETS, HAIL    4 = ICE PELLETS
                        TOTAL MONTH:    T          5 = HAIL
                        GRTST 24HR    T  ON 18-18  6 = FREEZING RAIN OR DRIZZLE
                        GRTST DEPTH:   0           7 = DUSTSTORM OR SANDSTORM:
                                                       VSBY 1/2 MILE OR LESS
                                                   8 = SMOKE OR HAZE
[NO. OF DAYS WITH]      [WEATHER - DAYS WITH]      9 = BLOWING SNOW
                                                   X = TORNADO
MAX 32 OR BELOW:   0    0.01 INCH OR MORE:  16
MAX 90 OR ABOVE:   0    0.10 INCH OR MORE:   9
MIN 32 OR BELOW:   5    0.50 INCH OR MORE:   5
MIN  0 OR BELOW:   0    1.00 INCH OR MORE:   1

[HDD (BASE 65) ]
TOTAL THIS MO.   435    CLEAR  (SCALE 0-3)   0
DPTR FM NORMAL    40    PTCLDY (SCALE 4-7)   0
TOTAL FM JUL 1   962    CLOUDY (SCALE 8-10)  0
DPTR FM NORMAL    85

[CDD (BASE 65) ]
TOTAL THIS MO.     0
DPTR FM NORMAL     0    [PRESSURE DATA]
TOTAL FM JAN 1   152    HIGHEST SLP M ON M
DPTR FM NORMAL   -89    LOWEST  SLP M ON M

[REMARKS]
