000
CXUS51 KLWX 230620
CF6MRB
PRELIMINARY LOCAL CLIMATOLOGICAL DATA (WS FORM: F-6)

                                          STATION:   MARTINSBURG WV
                                          MONTH:     JANUARY
                                          YEAR:      2018
                                          LATITUDE:   39 24 N
                                          LONGITUDE:  77 59 W

  TEMPERATURE IN F:       :PCPN:    SNOW:  WIND      :SUNSHINE: SKY     :PK WND
================================================================================
1   2   3   4   5  6A  6B    7    8   9   10  11  12  13   14  15   16   17  18
                                     12Z  AVG MX 2MIN
DY MAX MIN AVG DEP HDD CDD  WTR  SNW DPTH SPD SPD DIR MIN PSBL S-S WX    SPD DR
================================================================================

 1  22   9  16 -15  49   0 0.00    M    M 11.5 26 290   M    M   3        34 310
 2  25   6  16 -15  49   0 0.00    M    M  7.4 17 280   M    M   0        23 290
 3  29   0  15 -16  50   0 0.00    M    M  2.3  9  30   M    M   4 8      13 300
 4  24  11  18 -13  47   0    T    M    M 19.1 35 310   M    M   7        45 280
 5  16   8  12 -19  53   0 0.00    M    M 17.2 29 280   M    M   2        37 290
 6  17   6  12 -19  53   0 0.00    M    M 10.7 25 290   M    M   2        35 300
 7  24  -2  11 -20  54   0 0.00    M    M  4.2 15 300   M    M   1        17 310
 8  43  13  28  -3  37   0 0.01    M    M  1.9  9 250   M    M   8        13 250
 9  49  27  38   7  27   0 0.00    M    M  7.0 20 300   M    M   2 8      25 300
10  48  20  34   3  31   0 0.00    M    M  3.0 13 160   M    M   4 18     16 140
11  63  25  44  13  21   0    T    M    M  3.5 18 150   M    M   6 18     24 160
12  71  46  59  28   6   0 1.42    M    M  7.2 26 300   M    M  10 1      35 300
13  46  16  31   0  34   0 0.15    M    M 15.7 28 290   M    M   6 1      38 300
14  25  12  19 -12  46   0 0.00    M    M  8.6 18 340   M    M   0        24 350
15  28  10  19 -12  46   0 0.00    M    M  1.8  8 160   M    M   2        11 160
16  33  23  28  -3  37   0    T    M    M  2.2  7 330   M    M  10 18      9 330
17  30  14  22  -9  43   0    T    M    M 10.2 17 350   M    M   4 8      24 330
18  42  12  27  -4  38   0 0.00    M    M  7.3 20 280   M    M   0        24 280
19  52  30  41  10  24   0 0.00    M    M 10.5 23 260   M    M   0 8      28 260
20  60  22  41  10  24   0 0.00    M    M  9.3 25 260   M    M   0        29 260
21  60  40  50  19  15   0 0.00    M    M  1.9 13 250   M    M   9        17 260
22  64  42  53  22  12   0    T    M    M  4.7 14 160   M    M   5 18     18 150
================================================================================
SM  871  390       796   0  1.58    M    167.2          M       85
================================================================================
AV 39.6 17.7                               7.6 FASTST   M    M   4    MAX(MPH)
                                 MISC ---->  # 35 310               # 45  280
================================================================================
NOTES:
# LAST OF SEVERAL OCCURRENCES

COLUMN 17 PEAK WIND IN M.P.H.

PRELIMINARY LOCAL CLIMATOLOGICAL DATA (WS FORM: F-6) , PAGE 2

                                          STATION:  MARTINSBURG WV
                                          MONTH:    JANUARY
                                          YEAR:     2018
                                          LATITUDE:   39 24 N
                                          LONGITUDE:  77 59 W

[TEMPERATURE DATA]      [PRECIPITATION DATA]       SYMBOLS USED IN COLUMN 16

AVERAGE MONTHLY: 28.7   TOTAL FOR MONTH:   1.58    1 = FOG OR MIST
DPTR FM NORMAL:  -2.3   DPTR FM NORMAL:   -0.12    2 = FOG REDUCING VISIBILITY
HIGHEST:    71 ON 12    GRTST 24HR  1.42 ON 12-12      TO 1/4 MILE OR LESS
LOWEST:     -2 ON  7                               3 = THUNDER
                        SNOW, ICE PELLETS, HAIL    4 = ICE PELLETS
                        TOTAL MONTH:    M          5 = HAIL
                        GRTST 24HR    M  ON   M    6 = FREEZING RAIN OR DRIZZLE
                        GRTST DEPTH:  M  ON   M    7 = DUSTSTORM OR SANDSTORM:
                                                       VSBY 1/2 MILE OR LESS
                                                   8 = SMOKE OR HAZE
[NO. OF DAYS WITH]      [WEATHER - DAYS WITH]      9 = BLOWING SNOW
                                                   X = TORNADO
MAX 32 OR BELOW:  10    0.01 INCH OR MORE:   3
MAX 90 OR ABOVE:   0    0.10 INCH OR MORE:   2
MIN 32 OR BELOW:  19    0.50 INCH OR MORE:   1
MIN  0 OR BELOW:   2    1.00 INCH OR MORE:   1

[HDD (BASE 65) ]
TOTAL THIS MO.   796    CLEAR  (SCALE 0-3)  10
DPTR FM NORMAL    48    PTCLDY (SCALE 4-7)   9
TOTAL FM JUL 1  2629    CLOUDY (SCALE 8-10)  3
DPTR FM NORMAL  -145

[CDD (BASE 65) ]
TOTAL THIS MO.     0
DPTR FM NORMAL     0    [PRESSURE DATA]
TOTAL FM JAN 1     0    HIGHEST SLP M ON M
DPTR FM NORMAL     0    LOWEST  SLP 29.37 ON 13

[REMARKS]
