000
CXUS51 KLWX 290620
CF6MRB
PRELIMINARY LOCAL CLIMATOLOGICAL DATA (WS FORM: F-6)

                                          STATION:   MARTINSBURG WV
                                          MONTH:     MARCH
                                          YEAR:      2015
                                          LATITUDE:   39 24 N
                                          LONGITUDE:  77 59 W

  TEMPERATURE IN F:       :PCPN:    SNOW:  WIND      :SUNSHINE: SKY     :PK WND
================================================================================
1   2   3   4   5  6A  6B    7    8   9   10  11  12  13   14  15   16   17  18
                                     12Z  AVG MX 2MIN
DY MAX MIN AVG DEP HDD CDD  WTR  SNW DPTH SPD SPD DIR MIN PSBL S-S WX    SPD DR
================================================================================

 1  32  19  26 -11  39   0 0.13    M    M  2.4  9 170   M    M   9 168    13 150
 2  42  24  33  -4  32   0 0.00    M    M 10.7 25 300   M    M   4 18     35 290
 3  39  23  31  -7  34   0    T    M    M  6.9 16 170   M    M   7        25 160
 4  53  36  45   7  20   0 0.55    M    M  3.4 14 340   M    M  10 18     17 340
 5  39  16  28 -10  37   0    M    M    M  9.0 17 360   M    M   9 128    21 320
 6  28   1  15 -24  50   0 0.00    M    M  3.5 13 330   M    M   0 18     16 320
 7  48   3  26 -13  39   0 0.00    M    M  5.4 15 230   M    M   1 18     21 200
 8  55  35  45   6  20   0 0.00    M    M  9.8 22 290   M    M   1        32 300
 9  60  30  45   5  20   0 0.00    M    M  2.3 12 150   M    M   1        14 140
10  47  32  40   0  25   0 0.36    M    M  1.8  7 360   M    M   7 1      12 190
11  68  42  55  15  10   0 0.00    M    M  5.0 16 300   M    M   4 128    23 280
12  59  32  46   6  19   0 0.00    M    M  8.5 22 330   M    M   0 8      31 320
13  53  29  41   0  24   0 0.06    M    M  6.3 16 140   M    M   3 1      22 140
14  59  41  50   9  15   0 0.34    M    M  4.9 21 320   M    M   9 18     27 320
15  53  35  44   2  21   0 0.00    M    M 14.4 30 300   M    M   5        42 290
16  71  29  50   8  15   0    T    M    M  3.1 10  70   M    M   2        23 210
17  66  35  51   9  14   0 0.00    M    M 16.2 31 320   M    M   3        42 320
18  50  31  41  -2  24   0 0.00    M    M 10.7 23 320   M    M   0        32 270
19  52  30  41  -2  24   0 0.00    M    M  3.6 12  20   M    M   0        16 350
20  43  34  39  -4  26   0 0.65    M    M  3.8 13 180   M    M  10 12     16 170
21  63  33  48   4  17   0 0.00    M    M  6.1 20 280   M    M   7 128    26 260
22  54  36  45   1  20   0 0.00    M    M  9.6 21 310   M    M   1        26 320
23  47  28  38  -6  27   0 0.00    M    M  5.7 16 340   M    M   2        20 340
24  45  30  38  -7  27   0 0.00    M    M  4.4 14  30   M    M   8        17  30
25  54  27  41  -4  24   0 0.03    M    M  5.0 20 160   M    M   6 18     27 150
26  77  36  57  11   8   0 0.04    M    M  6.9 21 330   M    M   5 18     29 330
27  50  34  42  -4  23   0 0.12    M    M 10.1 21 320   M    M   9        26 330
28  35  25  30 -16  35   0 0.00    M    M 16.1 24 310   M    M   3        34 290
================================================================================
SM 1442  806       689   0  2.28    M    195.6          M      126
================================================================================
AV 51.5 28.8                               7.0 FASTST   M    M   5    MAX(MPH)
                                 MISC ---->  # 31 320               # 42  290
================================================================================
NOTES:
# LAST OF SEVERAL OCCURRENCES

COLUMN 17 PEAK WIND IN M.P.H.

PRELIMINARY LOCAL CLIMATOLOGICAL DATA (WS FORM: F-6) , PAGE 2

                                          STATION:  MARTINSBURG WV
                                          MONTH:    MARCH
                                          YEAR:     2015
                                          LATITUDE:   39 24 N
                                          LONGITUDE:  77 59 W

[TEMPERATURE DATA]      [PRECIPITATION DATA]       SYMBOLS USED IN COLUMN 16

AVERAGE MONTHLY: 40.1   TOTAL FOR MONTH:   2.28    1 = FOG OR MIST
DPTR FM NORMAL:  -1.4   DPTR FM NORMAL:   -0.87    2 = FOG REDUCING VISIBILITY
HIGHEST:    77 ON 26    GRTST 24HR  0.65 ON 20-20      TO 1/4 MILE OR LESS
LOWEST:      1 ON  6                               3 = THUNDER
                        SNOW, ICE PELLETS, HAIL    4 = ICE PELLETS
                        TOTAL MONTH:    M          5 = HAIL
                        GRTST 24HR    M  ON   M    6 = FREEZING RAIN OR DRIZZLE
                        GRTST DEPTH:  M  ON   M    7 = DUSTSTORM OR SANDSTORM:
                                                       VSBY 1/2 MILE OR LESS
                                                   8 = SMOKE OR HAZE
[NO. OF DAYS WITH]      [WEATHER - DAYS WITH]      9 = BLOWING SNOW
                                                   X = TORNADO
MAX 32 OR BELOW:   2    0.01 INCH OR MORE:   9
MAX 90 OR ABOVE:   0    0.10 INCH OR MORE:   6
MIN 32 OR BELOW:  17    0.50 INCH OR MORE:   2
MIN  0 OR BELOW:   0    1.00 INCH OR MORE:   0

[HDD (BASE 65) ]
TOTAL THIS MO.   689    CLEAR  (SCALE 0-3)  12
DPTR FM NORMAL    29    PTCLDY (SCALE 4-7)  10
TOTAL FM JUL 1  4612    CLOUDY (SCALE 8-10)  6
DPTR FM NORMAL    -4

[CDD (BASE 65) ]
TOTAL THIS MO.     0
DPTR FM NORMAL     0    [PRESSURE DATA]
TOTAL FM JAN 1     0    HIGHEST SLP M ON M
DPTR FM NORMAL     0    LOWEST  SLP 29.59 ON 26

[REMARKS]
