000
CXUS54 KMAF 191100
CF6MRF
PRELIMINARY LOCAL CLIMATOLOGICAL DATA (WS FORM: F-6)

                                          STATION:   Marfa
                                          MONTH:     FEBRUARY
                                          YEAR:      2018
                                          LATITUDE:   30 22 N
                                          LONGITUDE: 104  1 W

  TEMPERATURE IN F:       :PCPN:    SNOW:  WIND      :SUNSHINE: SKY     :PK WND
================================================================================
1   2   3   4   5  6A  6B    7    8   9   10  11  12  13   14  15   16   17  18
                                     12Z  AVG MX 2MIN
DY MAX MIN AVG DEP HDD CDD  WTR  SNW DPTH SPD SPD DIR MIN PSBL S-S WX    SPD DR
================================================================================

 1  71  26  49   M  16   0 0.00  0.0    0  9.8 18 290   M    M   0         M  M
 2  57  29  43   M  22   0 0.00  0.0    0  5.8  9 190   M    M   2 8       M  M
 3  70  34  52   M  13   0    T    M    0  9.5 32 270   M    M   3        41 270
 4  72  30  51   M  14   0 0.00  0.0    0  7.5 20 270   M    M   0        23 270
 5  75  29  52   M  13   0 0.00  0.0    0  7.9 17 230   M    M   0        24 260
 6  71  36  54   M  11   0 0.00  0.0    0  9.5 24 280   M    M   1        29 220
 7  60  28  44   M  21   0 0.00  0.0    0  7.5 13  70   M    M   2        20  70
 8  68  21  45   M  20   0 0.00  0.0    0  6.2 10 170   M    M   0        17 200
 9  68  28  48   M  17   0 0.00  0.0    0  5.4 13 230   M    M   0         M  M
10  72  27  50   M  15   0 0.00  0.0    0 10.5 29 260   M    M   1        33 260
11  56  27  42   M  23   0 0.00  0.0    0 10.5 17  60   M    M   1         M  M
12  63  20  42   M  23   0 0.00  0.0    0  6.6 17 170   M    M   2        17 160
13  72  28  50   M  15   0 0.00  0.0    0  7.7 17 170   M    M   0        22 190
14  79  36  58   M   7   0 0.00  0.0    0 11.4 24 180   M    M   1        33 200
15  81  43  62   M   3   0 0.00  0.0    0 10.4 27 220   M    M   0        32 220
16  66  41  54   M  11   0    T    M    0 10.4 18  30   M    M   2        23  40
17  69  34  52   M  13   0    T    M    0  6.9 21 270   M    M   1        30 270
18  75  45  60   M   5   0    T    M    0 10.2 22 210   M    M   4        32 180
================================================================================
SM 1245  562       262   0    T      0.0 153.7          M       20
================================================================================
AV 69.2 31.2                               8.5 FASTST   M    M   1    MAX(MPH)
                                 MISC ---->  # 32 270               # 41  270
================================================================================
NOTES:
# LAST OF SEVERAL OCCURRENCES

COLUMN 17 PEAK WIND IN M.P.H.

PRELIMINARY LOCAL CLIMATOLOGICAL DATA (WS FORM: F-6) , PAGE 2

                                          STATION:  Marfa
                                          MONTH:    FEBRUARY
                                          YEAR:     2018
                                          LATITUDE:   30 22 N
                                          LONGITUDE: 104  1 W

[TEMPERATURE DATA]      [PRECIPITATION DATA]       SYMBOLS USED IN COLUMN 16

AVERAGE MONTHLY: 50.2   TOTAL FOR MONTH:      T    1 = FOG OR MIST
DPTR FM NORMAL:     M   DPTR FM NORMAL:       M    2 = FOG REDUCING VISIBILITY
HIGHEST:    81 ON 15    GRTST 24HR    T  ON 18-18      TO 1/4 MILE OR LESS
LOWEST:     20 ON 12                               3 = THUNDER
                        SNOW, ICE PELLETS, HAIL    4 = ICE PELLETS
                        TOTAL MONTH:   0.0 INCH    5 = HAIL
                        GRTST 24HR     0.0         6 = FREEZING RAIN OR DRIZZLE
                        GRTST DEPTH:   0           7 = DUSTSTORM OR SANDSTORM:
                                                       VSBY 1/2 MILE OR LESS
                                                   8 = SMOKE OR HAZE
[NO. OF DAYS WITH]      [WEATHER - DAYS WITH]      9 = BLOWING SNOW
                                                   X = TORNADO
MAX 32 OR BELOW:   0    0.01 INCH OR MORE:   0
MAX 90 OR ABOVE:   0    0.10 INCH OR MORE:   0
MIN 32 OR BELOW:  11    0.50 INCH OR MORE:   0
MIN  0 OR BELOW:   0    1.00 INCH OR MORE:   0

[HDD (BASE 65) ]
TOTAL THIS MO.   262    CLEAR  (SCALE 0-3)  16
DPTR FM NORMAL     M    PTCLDY (SCALE 4-7)   2
TOTAL FM JUL 1  2058    CLOUDY (SCALE 8-10)  0
DPTR FM NORMAL     M

[CDD (BASE 65) ]
TOTAL THIS MO.     0
DPTR FM NORMAL     M    [PRESSURE DATA]
TOTAL FM JAN 1     0    HIGHEST SLP M ON M
DPTR FM NORMAL     M    LOWEST  SLP M ON M

[REMARKS]
