000
CXUS52 KMHX 240700
CF6MRH
PRELIMINARY LOCAL CLIMATOLOGICAL DATA (WS FORM: F-6)

                                          STATION:   BEAUFORT/SMITH FIELD NC
                                          MONTH:     MAY
                                          YEAR:      2015
                                          LATITUDE:   34 43 N
                                          LONGITUDE:  76 39 W

  TEMPERATURE IN F:       :PCPN:    SNOW:  WIND      :SUNSHINE: SKY     :PK WND
================================================================================
1   2   3   4   5  6A  6B    7    8   9   10  11  12  13   14  15   16   17  18
                                     12Z  AVG MX 2MIN
DY MAX MIN AVG DEP HDD CDD  WTR  SNW DPTH SPD SPD DIR MIN PSBL S-S WX    SPD DR
================================================================================

 1  68  51  60  -5   5   0 0.03  0.0    0 13.0 26 360   M    M   7        34 360
 2  72  50  61  -4   4   0 0.00  0.0    0  9.4 18 330   M    M   1        22 340
 3  75  49  62  -4   3   0 0.00  0.0    0  5.6 16 220   M    M   1        19 220
 4  76  51  64  -2   1   0 0.00  0.0    0  5.4 14 190   M    M   0 1      15 200
 5  77  55  66   0   0   1 0.00  0.0    0  6.3 15 150   M    M   0        20 150
 6  74  57  66   0   0   1 0.00  0.0    0  6.6 13  60   M    M   1        19  80
 7  75  65  70   3   0   5 0.32  0.0    0 10.6 21  60   M    M   7 1      29  70
 8  79  67  73   6   0   8 0.29  0.0    0  9.6 17 110   M    M   6 1      23 110
 9  80  70  75   8   0  10 0.31  0.0    0 13.5 23 120   M    M   6 1      34 120
10  75  68  72   5   0   7 0.56  0.0    0 14.2 25 150   M    M   7 1      34 140
11  76  69  73   5   0   8 1.70  0.0    0 16.6 25 190   M    M   6 1      34 190
12  78  70  74   6   0   9 0.18  0.0    0 16.2 28 300   M    M   5 1      33 300
13  77  64  71   3   0   6 0.02  0.0    0  9.1 17  50   M    M   1 1      24  20
14  71  59  65  -3   0   0 0.00  0.0    0  8.6 17  30   M    M   4        22  20
15  73  53  63  -6   2   0 0.00  0.0    0  4.4 10 160   M    M   1        13 140
16  76  56  66  -3   0   1 0.00  0.0    0  5.1 16 180   M    M   0        28 110
17  79  63  71   2   0   6 0.00  0.0    0  8.7 18 210   M    M   0        26 180
18  81  71  76   7   0  11 0.00  0.0    0 12.0 20 210   M    M   0        28 260
19  82  71  77   7   0  12 0.08  0.0    0 10.2 21 220   M    M   2        24 220
20  85  69  77   7   0  12 0.46  0.0    0  7.6 14  80   M    M   1 1      21  70
21  81  61  71   1   0   6 0.01  0.0    0 12.7 28 330   M    M   5 1      36 320
22  74  57  66  -4   0   1 0.00  0.0    0  7.3 17 360   M    M   5        22  20
23  79  53  66  -4   0   1 0.00  0.0    0  5.6 14  90   M    M   0        19 100
================================================================================
SM 1763 1399        15 105  3.96     0.0 218.3          M       66
================================================================================
AV 76.7 60.8                               9.5 FASTST   M    M   3    MAX(MPH)
                                 MISC ---->  # 28 300               # 36  320
================================================================================
NOTES:
# LAST OF SEVERAL OCCURRENCES

COLUMN 17 PEAK WIND IN M.P.H.

PRELIMINARY LOCAL CLIMATOLOGICAL DATA (WS FORM: F-6) , PAGE 2

                                          STATION:  BEAUFORT/SMITH FIELD NC
                                          MONTH:    MAY
                                          YEAR:     2015
                                          LATITUDE:   34 43 N
                                          LONGITUDE:  76 39 W

[TEMPERATURE DATA]      [PRECIPITATION DATA]       SYMBOLS USED IN COLUMN 16

AVERAGE MONTHLY: 68.7   TOTAL FOR MONTH:   3.96    1 = FOG OR MIST
DPTR FM NORMAL:   0.9   DPTR FM NORMAL:    1.28    2 = FOG REDUCING VISIBILITY
HIGHEST:    85 ON 20    GRTST 24HR  2.25 ON 10-11      TO 1/4 MILE OR LESS
LOWEST:     49 ON  3                               3 = THUNDER
                        SNOW, ICE PELLETS, HAIL    4 = ICE PELLETS
                        TOTAL MONTH:   0.0 INCH    5 = HAIL
                        GRTST 24HR     0.0         6 = FREEZING RAIN OR DRIZZLE
                        GRTST DEPTH:   0           7 = DUSTSTORM OR SANDSTORM:
                                                       VSBY 1/2 MILE OR LESS
                                                   8 = SMOKE OR HAZE
[NO. OF DAYS WITH]      [WEATHER - DAYS WITH]      9 = BLOWING SNOW
                                                   X = TORNADO
MAX 32 OR BELOW:   0    0.01 INCH OR MORE:  11
MAX 90 OR ABOVE:   0    0.10 INCH OR MORE:   7
MIN 32 OR BELOW:   0    0.50 INCH OR MORE:   2
MIN  0 OR BELOW:   0    1.00 INCH OR MORE:   1

[HDD (BASE 65) ]
TOTAL THIS MO.    15    CLEAR  (SCALE 0-3)  13
DPTR FM NORMAL   -14    PTCLDY (SCALE 4-7)  10
TOTAL FM JUL 1  2720    CLOUDY (SCALE 8-10)  0
DPTR FM NORMAL   166

[CDD (BASE 65) ]
TOTAL THIS MO.   105
DPTR FM NORMAL    11    [PRESSURE DATA]
TOTAL FM JAN 1   144    HIGHEST SLP M ON M
DPTR FM NORMAL    15    LOWEST  SLP 29.69 ON  1

[REMARKS]
