000
CXUS52 KMHX 290700
CF6MRH
PRELIMINARY LOCAL CLIMATOLOGICAL DATA (WS FORM: F-6)

                                          STATION:   BEAUFORT/SMITH FIELD NC
                                          MONTH:     SEPTEMBER
                                          YEAR:      2016
                                          LATITUDE:   34 43 N
                                          LONGITUDE:  76 39 W

  TEMPERATURE IN F:       :PCPN:    SNOW:  WIND      :SUNSHINE: SKY     :PK WND
================================================================================
1   2   3   4   5  6A  6B    7    8   9   10  11  12  13   14  15   16   17  18
                                     12Z  AVG MX 2MIN
DY MAX MIN AVG DEP HDD CDD  WTR  SNW DPTH SPD SPD DIR MIN PSBL S-S WX    SPD DR
================================================================================

 1  90  75  83   6   0  18 0.00  0.0    0  7.9 21 220   M    M   3        25 210
 2  81  73  77   0   0  12 5.11  0.0    0  8.2 26 170   M    M   8 1      35 150
 3  79  70  75  -2   0  10 0.49  0.0    0 17.6 30 290   M    M   8 1      38 280
 4  82  67  75  -2   0  10 0.00  0.0    0  8.8 16  20   M    M   4        20  20
 5  81  65  73  -4   0   8 0.00  0.0    0  8.6 20  10   M    M   1        26  10
 6  87  70  79   2   0  14 0.00  0.0    0  8.5 16 230   M    M   0        20 230
 7  86  72  79   3   0  14 0.75  0.0    0  8.6 41 320   M    M   2 38     58 320
 8  86  78  82   6   0  17 0.00  0.0    0 11.4 18 220   M    M   0        23 240
 9  85  78  82   6   0  17 0.00  0.0    0 11.1 16 210   M    M   1        21 230
10  85  76  81   5   0  16 0.00  0.0    0 10.0 15 180   M    M   0        19 220
11  86  79  83   7   0  18 0.00  0.0    0 12.3 18 200   M    M   2        22 200
12  85  72  79   3   0  14 1.61  0.0    0  5.8 24 300   M    M   3 1      30 300
13  84  70  77   2   0  12 0.00  0.0    0  5.0 14  80   M    M   0        19  60
14  84  68  76   1   0  11    T  0.0    0  4.7 10 190   M    M   2        13 180
15  84  73  79   4   0  14 0.25  0.0    0  8.7 16 120   M    M   8 1      24  50
16  85  75  80   5   0  15 0.00  0.0    0 11.5 20  40   M    M   5        28  50
17  86  74  80   6   0  15 0.00  0.0    0  7.3 14  90   M    M   2        21  40
18  87  75  81   7   0  16    T  0.0    0  7.3 14 120   M    M   3        19 110
19  87  71  79   5   0  14 3.25  0.0    0 11.3 24 330   M    M   5 13     32 350
20  83  75  79   5   0  14 0.04  0.0    0  8.1 17 320   M    M   9 1      27 290
21  83  74  79   6   0  14 0.00  0.0    0  2.9  9 170   M    M   4        13 150
22  86  74  80   7   0  15 0.17  0.0    0  5.5 13 110   M    M   2 1      16 120
23  85  74  80   7   0  15 0.01  0.0    0  5.0 13 130   M    M   4        16 140
24  88  72  80   8   0  15 0.00  0.0    0  3.9 14 360   M    M   0        16 360
25  80  71  76   4   0  11 0.00  0.0    0  8.9 16  50   M    M   9        22  40
26  81  67  74   2   0   9 0.00  0.0    0  5.9 12 100   M    M   2        16  90
27  83  69  76   4   0  11 0.01  0.0    0  4.0 10 120   M    M   2        13 100
28  83  68  76   5   0  11 0.00  0.0    0  4.2 12 150   M    M   0        16 160
================================================================================
SM 2362 2025         0 380 11.69     0.0 223.0          M       89
================================================================================
AV 84.4 72.3                               8.0 FASTST   M    M   3    MAX(MPH)
                                 MISC ---->  # 41 320               # 58  320
================================================================================
NOTES:
# LAST OF SEVERAL OCCURRENCES

COLUMN 17 PEAK WIND IN M.P.H.

PRELIMINARY LOCAL CLIMATOLOGICAL DATA (WS FORM: F-6) , PAGE 2

                                          STATION:  BEAUFORT/SMITH FIELD NC
                                          MONTH:    SEPTEMBER
                                          YEAR:     2016
                                          LATITUDE:   34 43 N
                                          LONGITUDE:  76 39 W

[TEMPERATURE DATA]      [PRECIPITATION DATA]       SYMBOLS USED IN COLUMN 16

AVERAGE MONTHLY: 78.3   TOTAL FOR MONTH:  11.69    1 = FOG OR MIST
DPTR FM NORMAL:   3.6   DPTR FM NORMAL:    6.16    2 = FOG REDUCING VISIBILITY
HIGHEST:    90 ON  1    GRTST 24HR  5.56 ON  2- 3      TO 1/4 MILE OR LESS
LOWEST:     65 ON  5                               3 = THUNDER
                        SNOW, ICE PELLETS, HAIL    4 = ICE PELLETS
                        TOTAL MONTH:   0.0 INCH    5 = HAIL
                        GRTST 24HR     0.0         6 = FREEZING RAIN OR DRIZZLE
                        GRTST DEPTH:   0           7 = DUSTSTORM OR SANDSTORM:
                                                       VSBY 1/2 MILE OR LESS
                                                   8 = SMOKE OR HAZE
[NO. OF DAYS WITH]      [WEATHER - DAYS WITH]      9 = BLOWING SNOW
                                                   X = TORNADO
MAX 32 OR BELOW:   0    0.01 INCH OR MORE:  10
MAX 90 OR ABOVE:   1    0.10 INCH OR MORE:   7
MIN 32 OR BELOW:   0    0.50 INCH OR MORE:   4
MIN  0 OR BELOW:   0    1.00 INCH OR MORE:   3

[HDD (BASE 65) ]
TOTAL THIS MO.     0    CLEAR  (SCALE 0-3)  17
DPTR FM NORMAL     0    PTCLDY (SCALE 4-7)   8
TOTAL FM JUL 1     0    CLOUDY (SCALE 8-10)  3
DPTR FM NORMAL     0

[CDD (BASE 65) ]
TOTAL THIS MO.   380
DPTR FM NORMAL   106    [PRESSURE DATA]
TOTAL FM JAN 1  2029    HIGHEST SLP M ON M
DPTR FM NORMAL   357    LOWEST  SLP 29.45 ON  3

[REMARKS]
