000
CXUS52 KMHX 230700
CF6MRH
PRELIMINARY LOCAL CLIMATOLOGICAL DATA (WS FORM: F-6)

                                          STATION:   BEAUFORT/SMITH FIELD NC
                                          MONTH:     SEPTEMBER
                                          YEAR:      2017
                                          LATITUDE:   34 43 N
                                          LONGITUDE:  76 39 W

  TEMPERATURE IN F:       :PCPN:    SNOW:  WIND      :SUNSHINE: SKY     :PK WND
================================================================================
1   2   3   4   5  6A  6B    7    8   9   10  11  12  13   14  15   16   17  18
                                     12Z  AVG MX 2MIN
DY MAX MIN AVG DEP HDD CDD  WTR  SNW DPTH SPD SPD DIR MIN PSBL S-S WX    SPD DR
================================================================================

 1  86  73  80   3   0  15 1.83  0.0    0  8.0 23 280   M    M   5 1      30 270
 2  82  73  78   1   0  13 1.65  0.0    0  7.3 16 160   M    M   5 13     21 150
 3  83  69  76  -1   0  11 0.00  0.0    0  9.4 18 250   M    M   1        24 250
 4  83  65  74  -3   0   9 0.00  0.0    0  6.3 14 210   M    M   0        18 210
 5  85  77  81   4   0  16 0.04  0.0    0 13.4 22 210   M    M   1 13     26 200
 6  81  66  74  -3   0   9 1.14  0.0    0 11.6 24 210   M    M   5 1      29 220
 7  78  61  70  -6   0   5 0.00  0.0    0  6.6 15 330   M    M   2        19 340
 8  79  58  69  -7   0   4 0.00  0.0    0  6.2 15  20   M    M   0        21  50
 9  78  62  70  -6   0   5 0.00  0.0    0 10.7 20  30   M    M   0        29  40
10  75  63  69  -7   0   4 0.00  0.0    0 11.7 22  40   M    M   0        33  40
11  77  69  73  -3   0   8    T  0.0    0 13.1 20  70   M    M   9        29  70
12  80  73  77   1   0  12 0.14  0.0    0  9.4 20 120   M    M   9 1      29 110
13  82  69  76   1   0  11 0.00  0.0    0  6.3 14 220   M    M   2 1      15 230
14  84  71  78   3   0  13 0.01  0.0    0  7.4 17 200   M    M   5        21 170
15  84  70  77   2   0  12 0.04  0.0    M  3.2 13 220   M    M   2 1      16 210
16  86  70  78   3   0  13 0.00  0.0    0  7.5 16  50   M    M   5 12     22  50
17  83  71  77   3   0  12 0.26  0.0    0 10.2 17  20   M    M   6 13     25 120
18  84  72  78   4   0  13 0.00  0.0    M 13.3 22  10   M    M   4        28 360
19  83  69  76   2   0  11 0.00  0.0    0  9.0 22 330   M    M   4        27 330
20  87  68  78   4   0  13 0.00  0.0    0  7.1 14 230   M    M   0        16 230
21  87  70  79   6   0  14    T  0.0    0  4.5 14 320   M    M   2        19 310
22  84  67  76   3   0  11 0.00  0.0    0  4.0 12 200   M    M   0        15 200
================================================================================
SM 1811 1506         0 234  5.11     0.0 186.2          M       67
================================================================================
AV 82.3 68.5                               8.5 FASTST   M    M   3    MAX(MPH)
                                 MISC ---->  # 24 210               # 33   40
================================================================================
NOTES:
# LAST OF SEVERAL OCCURRENCES

COLUMN 17 PEAK WIND IN M.P.H.

PRELIMINARY LOCAL CLIMATOLOGICAL DATA (WS FORM: F-6) , PAGE 2

                                          STATION:  BEAUFORT/SMITH FIELD NC
                                          MONTH:    SEPTEMBER
                                          YEAR:     2017
                                          LATITUDE:   34 43 N
                                          LONGITUDE:  76 39 W

[TEMPERATURE DATA]      [PRECIPITATION DATA]       SYMBOLS USED IN COLUMN 16

AVERAGE MONTHLY: 75.4   TOTAL FOR MONTH:   5.11    1 = FOG OR MIST
DPTR FM NORMAL:  -0.1   DPTR FM NORMAL:    0.84    2 = FOG REDUCING VISIBILITY
HIGHEST:    87 ON 21,20 GRTST 24HR  1.83 ON  1- 1      TO 1/4 MILE OR LESS
LOWEST:     58 ON  8                               3 = THUNDER
                        SNOW, ICE PELLETS, HAIL    4 = ICE PELLETS
                        TOTAL MONTH:   0.0 INCH    5 = HAIL
                        GRTST 24HR     0.0         6 = FREEZING RAIN OR DRIZZLE
                        GRTST DEPTH:   0           7 = DUSTSTORM OR SANDSTORM:
                                                       VSBY 1/2 MILE OR LESS
                                                   8 = SMOKE OR HAZE
[NO. OF DAYS WITH]      [WEATHER - DAYS WITH]      9 = BLOWING SNOW
                                                   X = TORNADO
MAX 32 OR BELOW:   0    0.01 INCH OR MORE:   8
MAX 90 OR ABOVE:   0    0.10 INCH OR MORE:   5
MIN 32 OR BELOW:   0    0.50 INCH OR MORE:   3
MIN  0 OR BELOW:   0    1.00 INCH OR MORE:   3

[HDD (BASE 65) ]
TOTAL THIS MO.     0    CLEAR  (SCALE 0-3)  12
DPTR FM NORMAL     0    PTCLDY (SCALE 4-7)   8
TOTAL FM JUL 1     0    CLOUDY (SCALE 8-10)  2
DPTR FM NORMAL     0

[CDD (BASE 65) ]
TOTAL THIS MO.   234
DPTR FM NORMAL     4    [PRESSURE DATA]
TOTAL FM JAN 1  1916    HIGHEST SLP M ON M
DPTR FM NORMAL   288    LOWEST  SLP 29.76 ON 19

[REMARKS]
