000
CXUS52 KMHX 200700
CF6MRH
PRELIMINARY LOCAL CLIMATOLOGICAL DATA (WS FORM: F-6)

                                          STATION:   BEAUFORT/SMITH FIELD NC
                                          MONTH:     JULY
                                          YEAR:      2017
                                          LATITUDE:   34 43 N
                                          LONGITUDE:  76 39 W

  TEMPERATURE IN F:       :PCPN:    SNOW:  WIND      :SUNSHINE: SKY     :PK WND
================================================================================
1   2   3   4   5  6A  6B    7    8   9   10  11  12  13   14  15   16   17  18
                                     12Z  AVG MX 2MIN
DY MAX MIN AVG DEP HDD CDD  WTR  SNW DPTH SPD SPD DIR MIN PSBL S-S WX    SPD DR
================================================================================

 1  85  78  82   3   0  17 0.01  0.0    0 16.6 26 230   M    M   4 1      32 220
 2  87  79  83   4   0  18 0.06  0.0    0 13.8 21 210   M    M   4 1      25 230
 3  87  76  82   3   0  17 0.78  0.0    0  9.4 25 260   M    M   5 1      34 260
 4  87  79  83   4   0  18    T  0.0    0  9.7 16 190   M    M   5        19 220
 5  88  74  81   1   0  16 0.75  0.0    0  6.0 23 320   M    M   1 1      30 320
 6  89  76  83   3   0  18 0.00  0.0    0 12.0 21 230   M    M   1        27 220
 7  88  77  83   3   0  18 0.03  0.0    0 18.7 28 220   M    M   1 1      34 220
 8  88  74  81   1   0  16 0.05  0.0    0 19.6 26 300   M    M   1 1      33 220
 9  84  73  79  -1   0  14 0.21  0.0    0  6.9 23 280   M    M   1 13     32 250
10  85  75  80   0   0  15 0.47  0.0    0  6.3 21 270   M    M   3 13     26 270
11  85  77  81   1   0  16    T  0.0    0 13.1 20 220   M    M   1        25 230
12  86  80  83   3   0  18 0.00  0.0    0 12.7 20 200   M    M   1        24 200
13  87  79  83   3   0  18 0.00  0.0    0 12.7 20 210   M    M   1        23 210
14  87  80  84   4   0  19 0.00  0.0    0 14.0 23 200   M    M   1        28 210
15  88  74  81   1   0  16 0.02  0.0    0 13.3 22 210   M    M   3        27 220
16  85  74  80   0   0  15 0.01  0.0    0  7.2 14 300   M    M   4 1      16 300
17  82  72  77  -3   0  12 0.28  0.0    0  7.1 20 250   M    M   4 1      25 240
18  82  73  78  -2   0  13 0.79  0.0    0  4.2 18 100   M    M   3 1      24 100
19  84  70  77  -3   0  12 0.00  0.0    0  3.6 13 190   M    M   0        16 180
================================================================================
SM 1634 1440         0 306  3.46     0.0 206.9          M       44
================================================================================
AV 86.0 75.8                              10.9 FASTST   M    M   2    MAX(MPH)
                                 MISC ---->  # 28 220               # 34  260
================================================================================
NOTES:
# LAST OF SEVERAL OCCURRENCES

COLUMN 17 PEAK WIND IN M.P.H.

PRELIMINARY LOCAL CLIMATOLOGICAL DATA (WS FORM: F-6) , PAGE 2

                                          STATION:  BEAUFORT/SMITH FIELD NC
                                          MONTH:    JULY
                                          YEAR:     2017
                                          LATITUDE:   34 43 N
                                          LONGITUDE:  76 39 W

[TEMPERATURE DATA]      [PRECIPITATION DATA]       SYMBOLS USED IN COLUMN 16

AVERAGE MONTHLY: 80.9   TOTAL FOR MONTH:   3.46    1 = FOG OR MIST
DPTR FM NORMAL:   1.1   DPTR FM NORMAL:    0.23    2 = FOG REDUCING VISIBILITY
HIGHEST:    89 ON  6    GRTST 24HR  0.79 ON 18-18      TO 1/4 MILE OR LESS
LOWEST:     70 ON 19                               3 = THUNDER
                        SNOW, ICE PELLETS, HAIL    4 = ICE PELLETS
                        TOTAL MONTH:   0.0 INCH    5 = HAIL
                        GRTST 24HR     0.0         6 = FREEZING RAIN OR DRIZZLE
                        GRTST DEPTH:   0           7 = DUSTSTORM OR SANDSTORM:
                                                       VSBY 1/2 MILE OR LESS
                                                   8 = SMOKE OR HAZE
[NO. OF DAYS WITH]      [WEATHER - DAYS WITH]      9 = BLOWING SNOW
                                                   X = TORNADO
MAX 32 OR BELOW:   0    0.01 INCH OR MORE:  12
MAX 90 OR ABOVE:   0    0.10 INCH OR MORE:   6
MIN 32 OR BELOW:   0    0.50 INCH OR MORE:   3
MIN  0 OR BELOW:   0    1.00 INCH OR MORE:   0

[HDD (BASE 65) ]
TOTAL THIS MO.     0    CLEAR  (SCALE 0-3)  12
DPTR FM NORMAL     0    PTCLDY (SCALE 4-7)   7
TOTAL FM JUL 1     0    CLOUDY (SCALE 8-10)  0
DPTR FM NORMAL     0

[CDD (BASE 65) ]
TOTAL THIS MO.   306
DPTR FM NORMAL    26    [PRESSURE DATA]
TOTAL FM JAN 1  1061    HIGHEST SLP M ON M
DPTR FM NORMAL   276    LOWEST  SLP 29.87 ON  7

[REMARKS]
