000
CXUS56 KMTR 241000
CF6MRY
PRELIMINARY LOCAL CLIMATOLOGICAL DATA (WS FORM: F-6)

                                          STATION:   MONTEREY AIRPORT
                                          MONTH:     APRIL
                                          YEAR:      2014
                                          LATITUDE:   36 34 N
                                          LONGITUDE: 121 51 W

  TEMPERATURE IN F:       :PCPN:    SNOW:  WIND      :SUNSHINE: SKY     :PK WND
================================================================================
1   2   3   4   5  6A  6B    7    8   9   10  11  12  13   14  15   16   17  18
                                     12Z  AVG MX 2MIN
DY MAX MIN AVG DEP HDD CDD  WTR  SNW DPTH SPD SPD DIR MIN PSBL S-S WX    SPD DR
================================================================================

 1  60  45  53   0  12   0 0.39  0.0    0  7.4 20 150   M    M   6 3      29 150
 2  60  46  53   0  12   0 0.21  0.0    0  6.2 16 300   M    M   4 1      21 260
 3  61  45  53   0  12   0 0.00  0.0    0  6.9 17 220   M    M   1        23 200
 4  60  47  54   1  11   0 0.10  0.0    0  8.7 17 250   M    M   8 1      25 250
 5  61  52  57   4   8   0 0.00  0.0    0  6.0 15 280   M    M   4        20 280
 6  66  46  56   3   9   0 0.00  0.0    0  3.2 10 290   M    M   0        13 300
 7  75  54  65  11   0   0 0.00  0.0    0  3.7  9  90   M    M   0 8      13 250
 8  78  51  65  11   0   0 0.00  0.0    0  2.8 15 230   M    M   3 128    18 230
 9  61  51  56   2   9   0 0.00  0.0    0  3.9 12 290   M    M   6 1      15 270
10  61  45  53  -1  12   0 0.00  0.0    0  4.4 10 220   M    M   3 128    14 220
11  61  51  56   2   9   0 0.00  0.0    0  5.8 17 240   M    M   9 18     23 230
12  63  54  59   5   6   0 0.00  0.0    0  7.0 20 220   M    M   7        28 220
13  63  53  58   4   7   0 0.00  0.0    0  5.2 13 280   M    M   7        17 260
14  64  50  57   3   8   0 0.00  0.0    0  5.0 15 290   M    M   6 18     18 310
15  61  52  57   3   8   0 0.00  0.0    M  6.8 14 250   M    M   6 18     18 290
16  64  52  58   4   7   0 0.00  0.0    0  6.2 14 300   M    M   4 18     17 280
17  58  50  54   0  11   0 0.00  0.0    0  7.5 16 230   M    M   8 18     22 240
18  60  52  56   2   9   0 0.00  0.0    0  8.1 15 230   M    M   9        21 240
19  62  51  57   3   8   0 0.00  0.0    0  5.9 15 260   M    M   6        20 270
20  68  49  59   5   6   0 0.00  0.0    0  4.1 14 280   M    M   2 1      18 280
21  68  46  57   2   8   0    T    M    0  4.5 18 240   M    M   2 128    23 230
22  61  51  56   1   9   0 0.03  0.0    0 11.6 22 270   M    M   3 1      32 280
23  63  48  56   1   9   0 0.00  0.0    0  5.8 18 280   M    M   0        23 280
================================================================================
SM 1459 1141       190   0  0.73     0.0 136.7          M      104
================================================================================
AV 63.4 49.6                               5.9 FASTST   M    M   5    MAX(MPH)
                                 MISC ---->  # 22 270               # 32  280
================================================================================
NOTES:
# LAST OF SEVERAL OCCURRENCES

COLUMN 17 PEAK WIND IN M.P.H.

PRELIMINARY LOCAL CLIMATOLOGICAL DATA (WS FORM: F-6) , PAGE 2

                                          STATION:  MONTEREY AIRPORT
                                          MONTH:    APRIL
                                          YEAR:     2014
                                          LATITUDE:   36 34 N
                                          LONGITUDE: 121 51 W

[TEMPERATURE DATA]      [PRECIPITATION DATA]       SYMBOLS USED IN COLUMN 16

AVERAGE MONTHLY: 56.5   TOTAL FOR MONTH:   0.73    1 = FOG OR MIST
DPTR FM NORMAL:   2.7   DPTR FM NORMAL:   -0.19    2 = FOG REDUCING VISIBILITY
HIGHEST:    78 ON  8    GRTST 24HR  0.96 ON 31- 1      TO 1/4 MILE OR LESS
LOWEST:     45 ON 10, 3                            3 = THUNDER
                        SNOW, ICE PELLETS, HAIL    4 = ICE PELLETS
                        TOTAL MONTH:   0.0 INCH    5 = HAIL
                        GRTST 24HR     0.0         6 = FREEZING RAIN OR DRIZZLE
                        GRTST DEPTH:   0           7 = DUSTSTORM OR SANDSTORM:
                                                       VSBY 1/2 MILE OR LESS
                                                   8 = SMOKE OR HAZE
[NO. OF DAYS WITH]      [WEATHER - DAYS WITH]      9 = BLOWING SNOW
                                                   X = TORNADO
MAX 32 OR BELOW:   0    0.01 INCH OR MORE:   4
MAX 90 OR ABOVE:   0    0.10 INCH OR MORE:   3
MIN 32 OR BELOW:   0    0.50 INCH OR MORE:   0
MIN  0 OR BELOW:   0    1.00 INCH OR MORE:   0

[HDD (BASE 65) ]
TOTAL THIS MO.   190    CLEAR  (SCALE 0-3)   8
DPTR FM NORMAL   -69    PTCLDY (SCALE 4-7)  12
TOTAL FM JUL 1  2235    CLOUDY (SCALE 8-10)  3
DPTR FM NORMAL  -491

[CDD (BASE 65) ]
TOTAL THIS MO.     0
DPTR FM NORMAL     0    [PRESSURE DATA]
TOTAL FM JAN 1     2    HIGHEST SLP M ON M
DPTR FM NORMAL     2    LOWEST  SLP 29.80 ON 17

[REMARKS]
