000
CXUS56 KMTR 271000
CF6MRY
PRELIMINARY LOCAL CLIMATOLOGICAL DATA (WS FORM: F-6)

                                          STATION:   MONTEREY AIRPORT
                                          MONTH:     FEBRUARY
                                          YEAR:      2017
                                          LATITUDE:   36 34 N
                                          LONGITUDE: 121 51 W

  TEMPERATURE IN F:       :PCPN:    SNOW:  WIND      :SUNSHINE: SKY     :PK WND
================================================================================
1   2   3   4   5  6A  6B    7    8   9   10  11  12  13   14  15   16   17  18
                                     12Z  AVG MX 2MIN
DY MAX MIN AVG DEP HDD CDD  WTR  SNW DPTH SPD SPD DIR MIN PSBL S-S WX    SPD DR
================================================================================

 1  60  44  52   0  13   0 0.11    M    0  5.6 15  90   M    M   2 1      17  90
 2  63  51  57   5   8   0 0.13  0.0    0  3.3 10 110   M    M   8 1      12 100
 3  61  52  57   5   8   0 0.11  0.0    0  8.6 20 190   M    M   7 1      31 190
 4  62  48  55   3  10   0 0.00  0.0    0  5.1 16 230   M    M   5        20 230
 5  62  47  55   3  10   0 0.09    M    0  5.1 21 170   M    M   4 1      31 160
 6  63  55  59   7   6   0 0.10  0.0    0  6.8 20 150   M    M   8        30 180
 7  65  60  63  11   2   0 0.37  0.0    0 11.4 30 190   M    M   9 1      49 210
 8  67  58  63  11   2   0    T  0.0    0  2.4 10 180   M    M   9 12     14 180
 9  67  56  62  10   3   0 1.00  0.0    0  6.2 18 130   M    M   7 18     27 150
10  60  51  56   4   9   0 0.30  0.0    0  5.3 12 260   M    M   8 18     16 250
11  57  44  51  -2  14   0 0.00  0.0    0  6.0 14 280   M    M   2        20 290
12  61  41  51  -2  14   0 0.00  0.0    0  5.5 13 280   M    M   0        18 280
13  59  40  50  -3  15   0 0.00  0.0    0  3.4 10  90   M    M   2        12 280
14  67  47  57   4   8   0 0.00  0.0    0  5.1 12 270   M    M   0        14 260
15  68  49  59   6   6   0 0.00  0.0    0  3.6 10  90   M    M   1        13 200
16  64  50  57   4   8   0 0.17  0.0    0  6.1 17 210   M    M   4 18     26 130
17  62  51  57   4   8   0 1.23  0.0    0  9.9 39 100   M    M   9 1      50 100
18  55  48  52  -1  13   0 0.01    M    0 13.4 25 270   M    M  10 1      36 280
19  57  46  52  -1  13   0 0.05  0.0    0  3.9 12 120   M    M   8 1      14 120
20  66  52  59   6   6   0 2.41  0.0    0 10.2 30 150   M    M   9 1      42 160
21  62  49  56   3   9   0 0.27    M    0 10.4 20 190   M    M   6 1      29 170
22  54  43  49  -4  16   0 0.00  0.0    0  9.3 21 280   M    M   4        31 270
23  52  40  46  -7  19   0 0.03  0.0    0  9.6 20 260   M    M   2        27 240
24  53  37  45  -8  20   0 0.00  0.0    0  5.3 13 260   M    M   1        16 260
25  55  39  47  -6  18   0    T  0.0    0  5.4 16 230   M    M   3        21 230
26  58  39  49  -4  16   0    T  0.0    0  6.2 14 280   M    M   2        19 280
================================================================================
SM 1580 1237       274   0  6.38     0.0 173.1          M      130
================================================================================
AV 60.8 47.6                               6.7 FASTST   M    M   5    MAX(MPH)
                                 MISC ---->  # 39 100               # 50  100
================================================================================
NOTES:
# LAST OF SEVERAL OCCURRENCES

COLUMN 17 PEAK WIND IN M.P.H.

PRELIMINARY LOCAL CLIMATOLOGICAL DATA (WS FORM: F-6) , PAGE 2

                                          STATION:  MONTEREY AIRPORT
                                          MONTH:    FEBRUARY
                                          YEAR:     2017
                                          LATITUDE:   36 34 N
                                          LONGITUDE: 121 51 W

[TEMPERATURE DATA]      [PRECIPITATION DATA]       SYMBOLS USED IN COLUMN 16

AVERAGE MONTHLY: 54.2   TOTAL FOR MONTH:   6.38    1 = FOG OR MIST
DPTR FM NORMAL:   1.6   DPTR FM NORMAL:    3.54    2 = FOG REDUCING VISIBILITY
HIGHEST:    68 ON 15    GRTST 24HR  2.44 ON 19-20      TO 1/4 MILE OR LESS
LOWEST:     37 ON 24                               3 = THUNDER
                        SNOW, ICE PELLETS, HAIL    4 = ICE PELLETS
                        TOTAL MONTH:   0.0 INCH    5 = HAIL
                        GRTST 24HR     0.0         6 = FREEZING RAIN OR DRIZZLE
                        GRTST DEPTH:   0           7 = DUSTSTORM OR SANDSTORM:
                                                       VSBY 1/2 MILE OR LESS
                                                   8 = SMOKE OR HAZE
[NO. OF DAYS WITH]      [WEATHER - DAYS WITH]      9 = BLOWING SNOW
                                                   X = TORNADO
MAX 32 OR BELOW:   0    0.01 INCH OR MORE:  15
MAX 90 OR ABOVE:   0    0.10 INCH OR MORE:  11
MIN 32 OR BELOW:   0    0.50 INCH OR MORE:   3
MIN  0 OR BELOW:   0    1.00 INCH OR MORE:   3

[HDD (BASE 65) ]
TOTAL THIS MO.   274    CLEAR  (SCALE 0-3)   9
DPTR FM NORMAL   -48    PTCLDY (SCALE 4-7)  11
TOTAL FM JUL 1  2041    CLOUDY (SCALE 8-10)  6
DPTR FM NORMAL   -36

[CDD (BASE 65) ]
TOTAL THIS MO.     0
DPTR FM NORMAL     0    [PRESSURE DATA]
TOTAL FM JAN 1     0    HIGHEST SLP M ON M
DPTR FM NORMAL     0    LOWEST  SLP 29.14 ON 17

[REMARKS]
