000
CXUS54 KHUN 281015
CF6MSL
PRELIMINARY LOCAL CLIMATOLOGICAL DATA (WS FORM: F-6)

                                          STATION:   MUSCLE SHOALS
                                          MONTH:     MAY
                                          YEAR:      2017
                                          LATITUDE:   34 45 N
                                          LONGITUDE:  87 37 W

  TEMPERATURE IN F:       :PCPN:    SNOW:  WIND      :SUNSHINE: SKY     :PK WND
================================================================================
1   2   3   4   5  6A  6B    7    8   9   10  11  12  13   14  15   16   17  18
                                     12Z  AVG MX 2MIN
DY MAX MIN AVG DEP HDD CDD  WTR  SNW DPTH SPD SPD DIR MIN PSBL S-S WX    SPD DR
================================================================================

 1  72  51  62  -4   3   0 0.11  0.0    0 13.7 35 230   M    M   1 1      42 240
 2  79  45  62  -4   3   0 0.00  0.0    0  4.1 17 270   M    M   0        23 250
 3  83  49  66   0   0   1 0.02  0.0    0  6.0 23 160   M    M   2        29 160
 4  65  51  58  -9   7   0 0.73  0.0    0 10.4 22 110   M    M  10 1      29 140
 5  58  49  54 -13  11   0 0.17  0.0    0  9.7 18 300   M    M   8 1      24 310
 6  77  43  60  -7   5   0 0.00  0.0    0 10.7 29 260   M    M   3        37 280
 7  74  47  61  -6   4   0 0.00  0.0    0  2.6 10 290   M    M   1 1      14 280
 8  82  47  65  -3   0   0 0.00  0.0    0  0.9  9 300   M    M   0 1      12 300
 9  85  54  70   2   0   5 0.00  0.0    0  5.0 17 260   M    M   0 1      22 260
10  86  56  71   3   0   6 0.00  0.0    0  4.6 14 250   M    M   0 1      18 220
11  84  63  74   6   0   9    T  0.0    0  7.1 16 260   M    M   2        24 240
12  77  64  71   2   0   6 0.04  0.0    0  4.5 12 360   M    M   6 3      17  10
13  79  56  68  -1   0   3 0.00  0.0    0  5.7 13 340   M    M   5        18 340
14  85  49  67  -2   0   2 0.00  0.0    0  1.4 10 140   M    M   0 1      15 160
15  88  53  71   1   0   6 0.00  0.0    0  1.7 12 230   M    M   0 1      14 190
16  89  55  72   2   0   7 0.00  0.0    0  5.6 16 220   M    M   0 1      19 160
17  90  62  76   6   0  11 0.00  0.0    0  9.5 24 210   M    M   1        32 220
18  85  70  78   8   0  13 0.11  0.0    0  6.7 20 190   M    M   3 3      23 180
19  91  68  80   9   0  15 0.00  0.0    0  6.2 20 190   M    M   1 1      24 190
20  89  68  79   8   0  14 0.61  0.0    0  6.9 21 270   M    M   4 13     28 260
21  85  67  76   5   0  11 0.01  0.0    0  3.7 14 280   M    M   6 13     17 280
22  79  64  72   1   0   7 0.04  0.0    0  3.0 13  50   M    M   3 1      19  60
23  82  62  72   0   0   7 0.84  0.0    0  3.8 14 290   M    M   6 1      18 260
24  72  55  64  -8   1   0 0.59  0.0    0  8.6 24 280   M    M   9 13     29 280
25  77  52  65  -7   0   0 0.00  0.0    0  7.9 20 280   M    M   2        24 280
26  88  55  72   0   0   7 0.00  0.0    0  7.1 23 220   M    M   0        28 220
27  88  66  77   4   0  12 0.11  0.0    0  9.1 24  60   M    M   5 3      30  50
================================================================================
SM 2189 1521        34 142  3.38     0.0 166.2          M       78
================================================================================
AV 81.1 56.3                               6.2 FASTST   M    M   3    MAX(MPH)
                                 MISC ---->  # 35 230               # 42  240
================================================================================
NOTES:
# LAST OF SEVERAL OCCURRENCES

COLUMN 17 PEAK WIND IN M.P.H.

PRELIMINARY LOCAL CLIMATOLOGICAL DATA (WS FORM: F-6) , PAGE 2

                                          STATION:  MUSCLE SHOALS
                                          MONTH:    MAY
                                          YEAR:     2017
                                          LATITUDE:   34 45 N
                                          LONGITUDE:  87 37 W

[TEMPERATURE DATA]      [PRECIPITATION DATA]       SYMBOLS USED IN COLUMN 16

AVERAGE MONTHLY: 68.7   TOTAL FOR MONTH:   3.38    1 = FOG OR MIST
DPTR FM NORMAL:  -0.6   DPTR FM NORMAL:   -1.06    2 = FOG REDUCING VISIBILITY
HIGHEST:    91 ON 19    GRTST 24HR  0.84 ON 23-23      TO 1/4 MILE OR LESS
LOWEST:     43 ON  6                               3 = THUNDER
                        SNOW, ICE PELLETS, HAIL    4 = ICE PELLETS
                        TOTAL MONTH:   0.0 INCH    5 = HAIL
                        GRTST 24HR     0.0         6 = FREEZING RAIN OR DRIZZLE
                        GRTST DEPTH:   0           7 = DUSTSTORM OR SANDSTORM:
                                                       VSBY 1/2 MILE OR LESS
                                                   8 = SMOKE OR HAZE
[NO. OF DAYS WITH]      [WEATHER - DAYS WITH]      9 = BLOWING SNOW
                                                   X = TORNADO
MAX 32 OR BELOW:   0    0.01 INCH OR MORE:  12
MAX 90 OR ABOVE:   2    0.10 INCH OR MORE:   8
MIN 32 OR BELOW:   0    0.50 INCH OR MORE:   4
MIN  0 OR BELOW:   0    1.00 INCH OR MORE:   0

[HDD (BASE 65) ]
TOTAL THIS MO.    34    CLEAR  (SCALE 0-3)  18
DPTR FM NORMAL     5    PTCLDY (SCALE 4-7)   7
TOTAL FM JUL 1  2094    CLOUDY (SCALE 8-10)  2
DPTR FM NORMAL -1008

[CDD (BASE 65) ]
TOTAL THIS MO.   142
DPTR FM NORMAL    -4    [PRESSURE DATA]
TOTAL FM JAN 1   290    HIGHEST SLP M ON M
DPTR FM NORMAL    79    LOWEST  SLP 29.45 ON 24

[REMARKS]
