000
CXUS53 KMKX 170900
CF6MSN
PRELIMINARY LOCAL CLIMATOLOGICAL DATA (WS FORM: F-6)

                                          STATION:   MADISON WI
                                          MONTH:     DECEMBER
                                          YEAR:      2017
                                          LATITUDE:   43  7 N
                                          LONGITUDE:  89 20 W

  TEMPERATURE IN F:       :PCPN:    SNOW:  WIND      :SUNSHINE: SKY     :PK WND
================================================================================
1   2   3   4   5  6A  6B    7    8   9   10  11  12  13   14  15   16   17  18
                                     12Z  AVG MX 2MIN
DY MAX MIN AVG DEP HDD CDD  WTR  SNW DPTH SPD SPD DIR MIN PSBL S-S WX    SPD DR
================================================================================

 1  47  22  35   7  30   0 0.00  0.0    0  4.5 10 200   M    M   5        17 190
 2  52  27  40  12  25   0 0.00  0.0    0  2.8  9 180   M    M   5        11 150
 3  51  22  37  10  28   0 0.00  0.0    0  6.4 18 160   M    M   5        25 180
 4  61  39  50  23  15   0 0.47  0.0    0 15.8 25 180   M    M  10 13     43 250
 5  39  22  31   4  34   0 0.00  0.0    0 12.0 23 240   M    M   5        49 250
 6  31  18  25  -1  40   0    T    T    0 10.2 17 310   M    M   3        29 270
 7  25  16  21  -5  44   0    T    T    0  8.7 17 290   M    M   4        28 280
 8  34  18  26   1  39   0    T    T    0  6.9 13 230   M    M   5        23 260
 9  31  16  24  -1  41   0 0.03  0.8    1 10.5 22 350   M    M   6 1      35  10
10  29  19  24   0  41   0 0.00  0.0    T  6.8 14 330   M    M   9        20 330
11  32  20  26   2  39   0 0.03  0.5    1  9.1 26 340   M    M   9 1      42 340
12  21  13  17  -7  48   0    T    T    1  8.2 20 330   M    M   7        32 330
13  33  15  24   0  41   0    T  0.2    T 13.7 25  10   M    M   9 1      35  20
14  26   7  17  -6  48   0    T    T    T  4.1 12 230   M    M   4        19 220
15  31  22  27   4  38   0    T    T    0  7.2 15 310   M    M   9        27 300
16  40  28  34  11  31   0 0.00  0.0    0  7.2 16  70   M    M   9        19  70
================================================================================
SM  583  324       582   0  0.53     1.5 134.1          M      104
================================================================================
AV 36.4 20.3                               8.4 FASTST   M    M   7    MAX(MPH)
                                 MISC ---->  # 26 340               # 49  250
================================================================================
NOTES:
# LAST OF SEVERAL OCCURRENCES

COLUMN 17 PEAK WIND IN M.P.H.

PRELIMINARY LOCAL CLIMATOLOGICAL DATA (WS FORM: F-6) , PAGE 2

                                          STATION:  MADISON WI
                                          MONTH:    DECEMBER
                                          YEAR:     2017
                                          LATITUDE:   43  7 N
                                          LONGITUDE:  89 20 W

[TEMPERATURE DATA]      [PRECIPITATION DATA]       SYMBOLS USED IN COLUMN 16

AVERAGE MONTHLY: 28.3   TOTAL FOR MONTH:   0.53    1 = FOG OR MIST
DPTR FM NORMAL:   3.1   DPTR FM NORMAL:   -0.51    2 = FOG REDUCING VISIBILITY
HIGHEST:    61 ON  4    GRTST 24HR  0.47 ON  4- 4      TO 1/4 MILE OR LESS
LOWEST:      7 ON 14                               3 = THUNDER
                        SNOW, ICE PELLETS, HAIL    4 = ICE PELLETS
                        TOTAL MONTH:   1.5 INCHES  5 = HAIL
                        GRTST 24HR   0.8 ON  9- 9  6 = FREEZING RAIN OR DRIZZLE
                        GRTST DEPTH:   1 ON 12,11  7 = DUSTSTORM OR SANDSTORM:
                                                       VSBY 1/2 MILE OR LESS
                                                   8 = SMOKE OR HAZE
[NO. OF DAYS WITH]      [WEATHER - DAYS WITH]      9 = BLOWING SNOW
                                                   X = TORNADO
MAX 32 OR BELOW:   8    0.01 INCH OR MORE:   3
MAX 90 OR ABOVE:   0    0.10 INCH OR MORE:   1
MIN 32 OR BELOW:  15    0.50 INCH OR MORE:   0
MIN  0 OR BELOW:   0    1.00 INCH OR MORE:   0

[HDD (BASE 65) ]
TOTAL THIS MO.   582    CLEAR  (SCALE 0-3)   1
DPTR FM NORMAL   -54    PTCLDY (SCALE 4-7)   9
TOTAL FM JUL 1  1941    CLOUDY (SCALE 8-10)  6
DPTR FM NORMAL  -274

[CDD (BASE 65) ]
TOTAL THIS MO.     0
DPTR FM NORMAL     0    [PRESSURE DATA]
TOTAL FM JAN 1   580    HIGHEST SLP M ON M
DPTR FM NORMAL    12    LOWEST  SLP 29.30 ON 13

[REMARKS]
