000
CXUS53 KMPX 231000
CF6MSP
PRELIMINARY LOCAL CLIMATOLOGICAL DATA (WS FORM: F-6)

                                          STATION:   TWIN CITIES MN
                                          MONTH:     JULY
                                          YEAR:      2017
                                          LATITUDE:   44 52 N
                                          LONGITUDE:  93 13 W

  TEMPERATURE IN F:       :PCPN:    SNOW:  WIND      :SUNSHINE: SKY     :PK WND
================================================================================
1   2   3   4   5  6A  6B    7    8   9   10  11  12  13   14  15   16   17  18
                                     12Z  AVG MX 2MIN
DY MAX MIN AVG DEP HDD CDD  WTR  SNW DPTH SPD SPD DIR MIN PSBL S-S WX    SPD DR
================================================================================

 1  77  61  69  -4   0   4 0.01  0.0    0  9.4 18 300   M    M   6        24 340
 2  80  65  73   0   0   8 0.00  0.0    0  6.7 13 360   M    M   5        26  40
 3  81  63  72  -1   0   7 0.00  0.0    0  6.5 14 140   M    M   2        20 100
 4  86  67  77   3   0  12 0.00  0.0    0  9.5 15 140   M    M   6 3      22 140
 5  92  73  83   9   0  18    T  0.0    0  7.8 15 240   M    M   5        19 230
 6  94  76  85  11   0  20 0.00  0.0    0  9.0 25 360   M    M   4        31 360
 7  84  65  75   1   0  10 0.00  0.0    0 11.8 24 330   M    M   3        30 300
 8  85  62  74   0   0   9 0.00  0.0    0  6.1 16 290   M    M   4        23 310
 9  85  67  76   2   0  11 0.37  0.0    0  7.0 20 130   M    M   7 138    24 140
10  86  69  78   4   0  13 0.00  0.0    0  6.9 14 360   M    M   7 8      24  10
11  87  65  76   2   0  11 0.00  0.0    0  6.2 15 170   M    M   5        20 210
12  88  69  79   5   0  14 0.03  0.0    0 11.0 33 360   M    M   6 38     43  10
13  71  58  65  -9   0   0    T  0.0    0  9.3 16  10   M    M  10 1      27  20
14  79  59  69  -5   0   4 0.00  0.0    0  5.0 12 220   M    M   6        21  30
15  96  63  80   6   0  15 0.00  0.0    0  9.7 18  10   M    M   3        30  10
16  87  67  77   3   0  12 0.00  0.0    0  8.2 15 100   M    M   4        21  80
17  92  68  80   6   0  15 0.63  0.0    0 11.8 31  30   M    M   4 13     41  30
18  82  66  74   0   0   9 0.08  0.0    0  6.3 17 160   M    M   5 1      27  30
19  83  62  73  -1   0   8 1.17  0.0    0  6.9 23 130   M    M   5 138    26 110
20  89  68  79   5   0  14 0.00  0.0    0  3.6  9 280   M    M   5 1      14 280
21  83  69  76   2   0  11    T  0.0    0  9.6 16  60   M    M   7 18     21  50
22  91  71  81   7   0  16 0.00  0.0    0  7.6 20 360   M    M   5        26  10
================================================================================
SM 1878 1453         0 241  2.29     0.0 175.9          M      114
================================================================================
AV 85.4 66.1                               8.0 FASTST   M    M   5    MAX(MPH)
                                 MISC ---->  # 33 360               # 43   10
================================================================================
NOTES:
# LAST OF SEVERAL OCCURRENCES

COLUMN 17 PEAK WIND IN M.P.H.

PRELIMINARY LOCAL CLIMATOLOGICAL DATA (WS FORM: F-6) , PAGE 2

                                          STATION:  TWIN CITIES MN
                                          MONTH:    JULY
                                          YEAR:     2017
                                          LATITUDE:   44 52 N
                                          LONGITUDE:  93 13 W

[TEMPERATURE DATA]      [PRECIPITATION DATA]       SYMBOLS USED IN COLUMN 16

AVERAGE MONTHLY: 75.7   TOTAL FOR MONTH:   2.29    1 = FOG OR MIST
DPTR FM NORMAL:   1.8   DPTR FM NORMAL:   -0.54    2 = FOG REDUCING VISIBILITY
HIGHEST:    96 ON 15    GRTST 24HR  1.17 ON 19-19      TO 1/4 MILE OR LESS
LOWEST:     58 ON 13                               3 = THUNDER
                        SNOW, ICE PELLETS, HAIL    4 = ICE PELLETS
                        TOTAL MONTH:   0.0 INCH    5 = HAIL
                        GRTST 24HR     0.0         6 = FREEZING RAIN OR DRIZZLE
                        GRTST DEPTH:   0           7 = DUSTSTORM OR SANDSTORM:
                                                       VSBY 1/2 MILE OR LESS
                                                   8 = SMOKE OR HAZE
[NO. OF DAYS WITH]      [WEATHER - DAYS WITH]      9 = BLOWING SNOW
                                                   X = TORNADO
MAX 32 OR BELOW:   0    0.01 INCH OR MORE:   6
MAX 90 OR ABOVE:   5    0.10 INCH OR MORE:   3
MIN 32 OR BELOW:   0    0.50 INCH OR MORE:   2
MIN  0 OR BELOW:   0    1.00 INCH OR MORE:   1

[HDD (BASE 65) ]
TOTAL THIS MO.     0    CLEAR  (SCALE 0-3)   3
DPTR FM NORMAL     0    PTCLDY (SCALE 4-7)  18
TOTAL FM JUL 1     0    CLOUDY (SCALE 8-10)  1
DPTR FM NORMAL     0

[CDD (BASE 65) ]
TOTAL THIS MO.   241
DPTR FM NORMAL    45    [PRESSURE DATA]
TOTAL FM JAN 1   472    HIGHEST SLP M ON M
DPTR FM NORMAL    76    LOWEST  SLP 29.61 ON  9

[REMARKS]
