000
CXUS51 KBTV 300700
CF6MSS
PRELIMINARY LOCAL CLIMATOLOGICAL DATA (WS FORM: F-6)

                                          STATION:   MASSENA NY
                                          MONTH:     APRIL
                                          YEAR:      2016
                                          LATITUDE:   44 55 N
                                          LONGITUDE:  74 51 W

  TEMPERATURE IN F:       :PCPN:    SNOW:  WIND      :SUNSHINE: SKY     :PK WND
================================================================================
1   2   3   4   5  6A  6B    7    8   9   10  11  12  13   14  15   16   17  18
                                     12Z  AVG MX 2MIN
DY MAX MIN AVG DEP HDD CDD  WTR  SNW DPTH SPD SPD DIR MIN PSBL S-S WX    SPD DR
================================================================================

 1  65  36  51  15  14   0 0.11    M    0 13.8 28 220   M    M   8        38 260
 2  49  28  39   2  26   0 0.04    M    0 10.4 30 270   M    M   5 1      39 270
 3  29  17  23 -14  42   0 0.00  0.0    0 13.8 29 280   M    M   5        37 280
 4  28  18  23 -15  42   0    T    M    0  7.4 20  50   M    M   6        26  50
 5  34  16  25 -13  40   0 0.00  0.0    0  8.1 20 270   M    M   0        25 260
 6  39  22  31  -8  34   0 0.24    M    0  7.2 21 210   M    M   7 128    27 220
 7  53  34  44   5  21   0 0.56    M    0  7.9 17 210   M    M  10 1      22 220
 8  39  24  32  -8  33   0 0.02    M    0 12.7 24 220   M    M   9 18     31 220
 9  33  20  27 -13  38   0 0.00  0.0    0  8.9 15 300   M    M   1        21 290
10  37  18  28 -13  37   0    T    M    0  6.0 16 200   M    M   2        22 220
11  50  29  40  -1  25   0 0.34    M    0  7.8 17 210   M    M  10 16     24 220
12  51  32  42   0  23   0 0.10    M    0 10.8 21 290   M    M   8 1      29 310
13  45  24  35  -7  30   0 0.00  0.0    0  3.7  9 320   M    M   2        14 330
14  51  22  37  -6  28   0 0.00  0.0    0  5.8 16  30   M    M   0 18     21  50
15  58  25  42  -1  23   0 0.00  0.0    0  9.2 20  30   M    M   0        24  40
16  61  34  48   4  17   0 0.00  0.0    0  8.7 18  30   M    M   0        25  30
17  74  31  53   9  12   0 0.00  0.0    0  2.2 12 310   M    M   0        16 300
18  58  36  47   2  18   0 0.08    M    0  9.6 20  50   M    M   5 1      24  50
19  59  36  48   3  17   0    T    M    0  9.3 21 290   M    M   2        28 290
20  59  28  44  -2  21   0 0.00  0.0    0  3.6 10  40   M    M   0        15 360
21  76  28  52   6  13   0    T    M    0  4.4 16 210   M    M   2 8      21 210
22  63  44  54   7  11   0 0.14    M    0  9.0 18 310   M    M  10 13     25 210
23  54  37  46  -1  19   0 0.00  0.0    0  8.9 17 280   M    M   4        22 290
24  54  27  41  -7  24   0 0.00  0.0    0  4.8 14 290   M    M   0        18 280
25  50  30  40  -8  25   0 0.00  0.0    0  5.8 12  40   M    M   2        15  40
26  49  28  39  -9  26   0 0.03    M    0  9.1 22  80   M    M   6 1      29  80
27  49  25  37 -12  28   0 0.00  0.0    0  7.7 20 260   M    M   1        25 260
28  47  27  37 -12  28   0 0.00  0.0    0  6.0 15 350   M    M   0        20 350
29  55  28  42  -8  23   0 0.00  0.0    0  8.9 20  40   M    M   0        26  40
================================================================================
SM 1469  804       738   0  1.66     0.0 231.5          M      105
================================================================================
AV 50.7 27.7                               8.0 FASTST   M    M   4    MAX(MPH)
                                 MISC ---->  # 30 270               # 39  270
================================================================================
NOTES:
# LAST OF SEVERAL OCCURRENCES

COLUMN 17 PEAK WIND IN M.P.H.

PRELIMINARY LOCAL CLIMATOLOGICAL DATA (WS FORM: F-6) , PAGE 2

                                          STATION:  MASSENA NY
                                          MONTH:    APRIL
                                          YEAR:     2016
                                          LATITUDE:   44 55 N
                                          LONGITUDE:  74 51 W

[TEMPERATURE DATA]      [PRECIPITATION DATA]       SYMBOLS USED IN COLUMN 16

AVERAGE MONTHLY: 39.2   TOTAL FOR MONTH:   1.66    1 = FOG OR MIST
DPTR FM NORMAL:  -4.0   DPTR FM NORMAL:   -1.06    2 = FOG REDUCING VISIBILITY
HIGHEST:    76 ON 21    GRTST 24HR  0.58 ON  6- 7      TO 1/4 MILE OR LESS
LOWEST:     16 ON  5                               3 = THUNDER
                        SNOW, ICE PELLETS, HAIL    4 = ICE PELLETS
                        TOTAL MONTH:   0.0 INCH    5 = HAIL
                        GRTST 24HR     0.0         6 = FREEZING RAIN OR DRIZZLE
                        GRTST DEPTH:   0           7 = DUSTSTORM OR SANDSTORM:
                                                       VSBY 1/2 MILE OR LESS
                                                   8 = SMOKE OR HAZE
[NO. OF DAYS WITH]      [WEATHER - DAYS WITH]      9 = BLOWING SNOW
                                                   X = TORNADO
MAX 32 OR BELOW:   2    0.01 INCH OR MORE:  10
MAX 90 OR ABOVE:   0    0.10 INCH OR MORE:   6
MIN 32 OR BELOW:  22    0.50 INCH OR MORE:   1
MIN  0 OR BELOW:   0    1.00 INCH OR MORE:   0

[HDD (BASE 65) ]
TOTAL THIS MO.   738    CLEAR  (SCALE 0-3)  16
DPTR FM NORMAL   103    PTCLDY (SCALE 4-7)   8
TOTAL FM JUL 1  6790    CLOUDY (SCALE 8-10)  5
DPTR FM NORMAL  -976

[CDD (BASE 65) ]
TOTAL THIS MO.     0
DPTR FM NORMAL     0    [PRESSURE DATA]
TOTAL FM JAN 1     0    HIGHEST SLP M ON M
DPTR FM NORMAL     0    LOWEST  SLP 29.26 ON  3

[REMARKS]
