000
CXUS52 KKEY 260800
CF6MTH
PRELIMINARY LOCAL CLIMATOLOGICAL DATA (WS FORM: F-6)

                                          STATION:   MARATHON
                                          MONTH:     NOVEMBER
                                          YEAR:      2014
                                          LATITUDE:   24 43 N
                                          LONGITUDE:  81  5 W

  TEMPERATURE IN F:       :PCPN:    SNOW:  WIND      :SUNSHINE: SKY     :PK WND
================================================================================
1   2   3   4   5  6A  6B    7    8   9   10  11  12  13   14  15   16   17  18
                                     12Z  AVG MX 2MIN
DY MAX MIN AVG DEP HDD CDD  WTR  SNW DPTH SPD SPD DIR MIN PSBL S-S WX    SPD DR
================================================================================

 1  81  63  72  -6   0   7    T  0.0    0 14.1 21 360   M    M   3        31 320
 2  67  56  62 -16   3   0 0.00  0.0    0 11.2 21 360   M    M   0        29 360
 3  75  62  69  -8   0   4 0.00  0.0    0 14.0 20  20   M    M   2        27  10
 4  79  67  73  -4   0   8 0.00  0.0    0 11.4 16  40   M    M   4        20  40
 5  79  70  75  -2   0  10 0.01  0.0    0  9.4 16  70   M    M   4 1      21  50
 6  82  71  77   0   0  12    T  0.0    0  6.8 12  50   M    M   1        16  30
 7  79  69  74  -3   0   9 0.00  0.0    0  4.5 10  40   M    M   0        14 360
 8  81  67  74  -3   0   9 0.00  0.0    0  3.5  8 160   M    M   0        11 170
 9  84  70  77   1   0  12 0.29  0.0    0  8.7 16 360   M    M   6 18     24 210
10  75  66  71  -5   0   6 0.07  0.0    0  9.1 16 350   M    M   4 3      23 350
11  75  67  71  -5   0   6 0.00  0.0    0  9.1 14 330   M    M   0        19 320
12  78  67  73  -3   0   8 0.00  0.0    0  7.6 13  10   M    M   0        17 360
13  82  71  77   1   0  12 0.00  0.0    0  7.6 13 360   M    M   2        17  20
14  78  70  74  -2   0   9 0.00  0.0    0  8.1 15 340   M    M   5        21 350
15  78  68  73  -3   0   8 0.00  0.0    0  7.4 12  30   M    M   3        17  30
16  83  75  79   3   0  14 0.00  0.0    0  7.4 12 120   M    M   1        19 130
17  87  75  81   5   0  16    T  0.0    0  4.9 10 190   M    M   1        16 140
18  81  61  71  -4   0   6 0.69  0.0    0  9.8 20  10   M    M   6 1      28  10
19  67  61  64 -11   1   0 0.11  0.0    0 14.5 21  20   M    M  10 1      29  30
20  76  65  71  -4   0   6    T  0.0    0 14.2 22  40   M    M   7        29  40
21  76  70  73  -2   0   8 0.61  0.0    0 14.3 23  50   M    M   9        31  60
22  81  76  79   4   0  14 0.04  0.0    0 12.7 20  80   M    M   6        30  60
23  84  77  81   6   0  16    T  0.0    0  8.1 15 110   M    M   2        23 110
24  85  76  81   6   0  16 0.00  0.0    0  3.7  9 140   M    M   2 1      16 140
25  85  78  82   7   0  17 0.01  0.0    0  6.9 12 160   M    M   2 1      17 140
================================================================================
SM 1978 1718         4 233  1.83     0.0 229.0          M       80
================================================================================
AV 79.1 68.7                               9.2 FASTST   M    M   3    MAX(MPH)
                                 MISC ---->  # 23  50               # 31  320
================================================================================
NOTES:
# LAST OF SEVERAL OCCURRENCES

COLUMN 17 PEAK WIND IN M.P.H.

PRELIMINARY LOCAL CLIMATOLOGICAL DATA (WS FORM: F-6) , PAGE 2

                                          STATION:  MARATHON
                                          MONTH:    NOVEMBER
                                          YEAR:     2014
                                          LATITUDE:   24 43 N
                                          LONGITUDE:  81  5 W

[TEMPERATURE DATA]      [PRECIPITATION DATA]       SYMBOLS USED IN COLUMN 16

AVERAGE MONTHLY: 73.9   TOTAL FOR MONTH:   1.83    1 = FOG OR MIST
DPTR FM NORMAL:  -2.2   DPTR FM NORMAL:   -0.61    2 = FOG REDUCING VISIBILITY
HIGHEST:    87 ON 17    GRTST 24HR  0.70 ON 18-19      TO 1/4 MILE OR LESS
LOWEST:     56 ON  2                               3 = THUNDER
                        SNOW, ICE PELLETS, HAIL    4 = ICE PELLETS
                        TOTAL MONTH:   0.0 INCH    5 = HAIL
                        GRTST 24HR     0.0         6 = FREEZING RAIN OR DRIZZLE
                        GRTST DEPTH:   0           7 = DUSTSTORM OR SANDSTORM:
                                                       VSBY 1/2 MILE OR LESS
                                                   8 = SMOKE OR HAZE
[NO. OF DAYS WITH]      [WEATHER - DAYS WITH]      9 = BLOWING SNOW
                                                   X = TORNADO
MAX 32 OR BELOW:   0    0.01 INCH OR MORE:   8
MAX 90 OR ABOVE:   0    0.10 INCH OR MORE:   4
MIN 32 OR BELOW:   0    0.50 INCH OR MORE:   2
MIN  0 OR BELOW:   0    1.00 INCH OR MORE:   0

[HDD (BASE 65) ]
TOTAL THIS MO.     4    CLEAR  (SCALE 0-3)  14
DPTR FM NORMAL     4    PTCLDY (SCALE 4-7)   9
TOTAL FM JUL 1     4    CLOUDY (SCALE 8-10)  2
DPTR FM NORMAL     4

[CDD (BASE 65) ]
TOTAL THIS MO.   233
DPTR FM NORMAL   -45    [PRESSURE DATA]
TOTAL FM JAN 1  4969    HIGHEST SLP M ON M
DPTR FM NORMAL   252    LOWEST  SLP 29.81 ON  9

[REMARKS]
