000
CXUS52 KKEY 300532
CF6MTH
PRELIMINARY LOCAL CLIMATOLOGICAL DATA (WS FORM: F-6)

                                          STATION:   MARATHON
                                          MONTH:     AUGUST
                                          YEAR:      2015
                                          LATITUDE:   24 43 N
                                          LONGITUDE:  81  5 W

  TEMPERATURE IN F:       :PCPN:    SNOW:  WIND      :SUNSHINE: SKY     :PK WND
================================================================================
1   2   3   4   5  6A  6B    7    8   9   10  11  12  13   14  15   16   17  18
                                     12Z  AVG MX 2MIN
DY MAX MIN AVG DEP HDD CDD  WTR  SNW DPTH SPD SPD DIR MIN PSBL S-S WX    SPD DR
================================================================================

 1  93  85  89   3   0  24 0.00  0.0    0  5.9 12 160   M    M   1        17 160
 2  94  81  88   2   0  23 0.00  0.0    0  6.1 13 150   M    M   2 3      19 150
 3  94  81  88   2   0  23 0.00  0.0    0  5.1 14  40   M    M   0 3      18  50
 4  93  76  85  -1   0  20 0.13  0.0    0  5.2 16  70   M    M   1        22  60
 5  94  84  89   3   0  24 0.00  0.0    0  6.5 10 120   M    M   1        16 130
 6  93  84  89   3   0  24 0.00  0.0    0  7.7 10  70   M    M   1        16 130
 7  94  83  89   3   0  24 0.00  0.0    0  4.1  9 120   M    M   2        13 110
 8  95  80  88   2   0  23 0.00  0.0    0  2.7  9 320   M    M   2        13 160
 9  94  81  88   2   0  23    T  0.0    0  2.8  9  40   M    M   3        12 190
10  94  83  89   3   0  24 0.00  0.0    0  3.5  9 190   M    M   0        12 210
11  95  83  89   3   0  24 0.00  0.0    0  4.1  8 190   M    M   2        13 180
12  94  82  88   2   0  23 0.06  0.0    0  3.0  9 160   M    M   1 13     13 140
13  95  81  88   2   0  23 0.00  0.0    0  3.3  8 180   M    M   0        12 160
14  94  78  86   0   0  21 0.56  0.0    0  6.3 18  60   M    M   3 3      25  70
15  90  79  85  -1   0  20 0.04  0.0    0  7.0 16 120   M    M   2 13     23 110
16  93  82  88   3   0  23 0.12  0.0    0  8.0 21 110   M    M   1 138    33 100
17  92  82  87   2   0  22 0.00  0.0    0  6.9 13 130   M    M   1        21 130
18  92  83  88   3   0  23    T  0.0    0  6.3 14 100   M    M   1 3      21  80
19  93  79  86   1   0  21 0.07  0.0    0  6.9 16 100   M    M   1 1      25 120
20  93  84  89   4   0  24 0.00  0.0    0  5.9 12 120   M    M   2        16 130
21  93  85  89   4   0  24 0.00  0.0    0  4.9 10 120   M    M   0        15 130
22  94  77  86   1   0  21 0.17  0.0    0  4.5 21  70   M    M   4 138    27  60
23  93  79  86   1   0  21 0.02  0.0    0  4.7 13  50   M    M   1 13     16  50
24  93  80  87   2   0  22 0.02  0.0    0  4.9 16  20   M    M   1 3      21  10
25  93  79  86   1   0  21 0.32  0.0    0  3.9 10  50   M    M   3 3      18 140
26  91  81  86   1   0  21 0.02  0.0    0  4.1 18  30   M    M   3 3      24  30
27  91  75  83  -2   0  18 0.27  0.0    0  6.1 30 360   M    M   2 3      43 350
28  93  76  85   0   0  20 0.77  0.0    0  5.9 21  20   M    M   1 138    29  30
29  92  79  86   1   0  21 0.22  0.0    0 10.4 29  40   M    M   3 3      37  40
================================================================================
SM 2702 2342         0 645  2.79     0.0 156.7          M       45
================================================================================
AV 93.2 80.8                               5.4 FASTST   M    M   2    MAX(MPH)
                                 MISC ---->  # 30 360               # 43  350
================================================================================
NOTES:
# LAST OF SEVERAL OCCURRENCES

COLUMN 17 PEAK WIND IN M.P.H.

PRELIMINARY LOCAL CLIMATOLOGICAL DATA (WS FORM: F-6) , PAGE 2

                                          STATION:  MARATHON
                                          MONTH:    AUGUST
                                          YEAR:     2015
                                          LATITUDE:   24 43 N
                                          LONGITUDE:  81  5 W

[TEMPERATURE DATA]      [PRECIPITATION DATA]       SYMBOLS USED IN COLUMN 16

AVERAGE MONTHLY: 87.0   TOTAL FOR MONTH:   2.79    1 = FOG OR MIST
DPTR FM NORMAL:   1.4   DPTR FM NORMAL:   -3.65    2 = FOG REDUCING VISIBILITY
HIGHEST:    95 ON 13,11 GRTST 24HR  0.82 ON 28-29      TO 1/4 MILE OR LESS
LOWEST:     75 ON 27                               3 = THUNDER
                        SNOW, ICE PELLETS, HAIL    4 = ICE PELLETS
                        TOTAL MONTH:   0.0 INCH    5 = HAIL
                        GRTST 24HR     0.0         6 = FREEZING RAIN OR DRIZZLE
                        GRTST DEPTH:   0           7 = DUSTSTORM OR SANDSTORM:
                                                       VSBY 1/2 MILE OR LESS
                                                   8 = SMOKE OR HAZE
[NO. OF DAYS WITH]      [WEATHER - DAYS WITH]      9 = BLOWING SNOW
                                                   X = TORNADO
MAX 32 OR BELOW:   0    0.01 INCH OR MORE:  14
MAX 90 OR ABOVE:  29    0.10 INCH OR MORE:   8
MIN 32 OR BELOW:   0    0.50 INCH OR MORE:   2
MIN  0 OR BELOW:   0    1.00 INCH OR MORE:   0

[HDD (BASE 65) ]
TOTAL THIS MO.     0    CLEAR  (SCALE 0-3)  27
DPTR FM NORMAL     0    PTCLDY (SCALE 4-7)   2
TOTAL FM JUL 1     0    CLOUDY (SCALE 8-10)  0
DPTR FM NORMAL     0

[CDD (BASE 65) ]
TOTAL THIS MO.   645
DPTR FM NORMAL    53    [PRESSURE DATA]
TOTAL FM JAN 1  3778    HIGHEST SLP M ON M
DPTR FM NORMAL   429    LOWEST  SLP 29.87 ON 24

[REMARKS]
