000
CXUS52 KKEY 300539
CF6MTH
PRELIMINARY LOCAL CLIMATOLOGICAL DATA (WS FORM: F-6)

                                          STATION:   MARATHON
                                          MONTH:     JANUARY
                                          YEAR:      2015
                                          LATITUDE:   24 43 N
                                          LONGITUDE:  81  5 W

  TEMPERATURE IN F:       :PCPN:    SNOW:  WIND      :SUNSHINE: SKY     :PK WND
================================================================================
1   2   3   4   5  6A  6B    7    8   9   10  11  12  13   14  15   16   17  18
                                     12Z  AVG MX 2MIN
DY MAX MIN AVG DEP HDD CDD  WTR  SNW DPTH SPD SPD DIR MIN PSBL S-S WX    SPD DR
================================================================================

 1  82  72  77   7   0  12 0.00  0.0    0  6.3 12  40   M    M   2        14  60
 2  83  74  79   9   0  14 0.00  0.0    0  7.6 14  90   M    M   1        22 120
 3  82  75  79  10   0  14 0.05  0.0    0 10.0 14 120   M    M   2 1      23 120
 4  83  77  80  11   0  15    T  0.0    0  8.1 14 130   M    M   3        20 130
 5  83  76  80  11   0  15 0.01  0.0    0  7.5 15  50   M    M   1        19  60
 6  82  74  78   9   0  13    T  0.0    0  8.1 15  90   M    M   4        22  40
 7  78  70  74   5   0   9 0.00  0.0    0  8.5 15 350   M    M   2        20 350
 8  72  59  66  -3   0   1 0.00  0.0    0 15.6 23  20   M    M   0        33  20
 9  80  69  75   6   0  10 0.00  0.0    0  5.6  9  20   M    M   2        14 110
10  76  62  69   0   0   4 0.00  0.0    0 12.4 17  30   M    M   3 1      21  30
11  81  70  76   7   0  11 0.00  0.0    0  9.5 15  90   M    M   2        21  90
12  82  75  79  10   0  14 0.05  0.0    0  8.3 15 120   M    M   4        24  90
13  80  71  76   7   0  11 0.07  0.0    0  5.8 13  40   M    M   3        18  30
14  75  69  72   3   0   7 0.00  0.0    0  6.9 13  30   M    M   6        18 360
15  72  67  70   1   0   5 0.00  0.0    0  6.4 12 350   M    M   8 1      16  30
16  74  66  70   1   0   5 0.00  0.0    0  9.8 17  40   M    M   8        25  40
17  77  63  70   1   0   5 0.00  0.0    0 10.5 16  30   M    M   4        22  20
18  77  65  71   1   0   6 0.00  0.0    0  6.0 15 350   M    M   3        19 350
19  72  62  67  -3   0   2 0.00  0.0    0  9.2 15  30   M    M   0        23  30
20  76  69  73   3   0   8    T  0.0    0  5.1  8 130   M    M   2        13 130
21  78  67  73   3   0   8 0.02  0.0    0  3.5  9 290   M    M   2 1      12 290
22  82  73  78   8   0  13 0.00  0.0    0  7.6 12 100   M    M   1        19 110
23  80  72  76   6   0  11 0.00  0.0    0  9.7 14 160   M    M   1        23 140
24  79  66  73   3   0   8 0.00  0.0    0 11.4 21 310   M    M   6        31 320
25  67  59  63  -7   2   0 0.00  0.0    0  9.3 16  20   M    M   3        21 330
26  77  61  69  -1   0   4    T  0.0    0 11.0 21 290   M    M   3        30 280
27  68  63  66  -4   0   1 0.00  0.0    0  9.8 17 290   M    M   2        26 310
28  67  60  64  -6   1   0 0.00  0.0    0 11.2 18  10   M    M   0        25  20
29  72  58  65  -5   0   0 0.00  0.0    0 11.9 18  50   M    M   3        23  60
================================================================================
SM 2237 1964         3 226  0.20     0.0 252.6          M       81
================================================================================
AV 77.1 67.7                               8.7 FASTST   M    M   3    MAX(MPH)
                                 MISC ---->  # 23  20               # 33   20
================================================================================
NOTES:
# LAST OF SEVERAL OCCURRENCES

COLUMN 17 PEAK WIND IN M.P.H.

PRELIMINARY LOCAL CLIMATOLOGICAL DATA (WS FORM: F-6) , PAGE 2

                                          STATION:  MARATHON
                                          MONTH:    JANUARY
                                          YEAR:     2015
                                          LATITUDE:   24 43 N
                                          LONGITUDE:  81  5 W

[TEMPERATURE DATA]      [PRECIPITATION DATA]       SYMBOLS USED IN COLUMN 16

AVERAGE MONTHLY: 72.4   TOTAL FOR MONTH:   0.20    1 = FOG OR MIST
DPTR FM NORMAL:   2.9   DPTR FM NORMAL:   -1.28    2 = FOG REDUCING VISIBILITY
HIGHEST:    83 ON  5, 4 GRTST 24HR  0.09 ON 12-13      TO 1/4 MILE OR LESS
LOWEST:     58 ON 29                               3 = THUNDER
                        SNOW, ICE PELLETS, HAIL    4 = ICE PELLETS
                        TOTAL MONTH:   0.0 INCH    5 = HAIL
                        GRTST 24HR     0.0         6 = FREEZING RAIN OR DRIZZLE
                        GRTST DEPTH:   0           7 = DUSTSTORM OR SANDSTORM:
                                                       VSBY 1/2 MILE OR LESS
                                                   8 = SMOKE OR HAZE
[NO. OF DAYS WITH]      [WEATHER - DAYS WITH]      9 = BLOWING SNOW
                                                   X = TORNADO
MAX 32 OR BELOW:   0    0.01 INCH OR MORE:   5
MAX 90 OR ABOVE:   0    0.10 INCH OR MORE:   0
MIN 32 OR BELOW:   0    0.50 INCH OR MORE:   0
MIN  0 OR BELOW:   0    1.00 INCH OR MORE:   0

[HDD (BASE 65) ]
TOTAL THIS MO.     3    CLEAR  (SCALE 0-3)  18
DPTR FM NORMAL   -35    PTCLDY (SCALE 4-7)  10
TOTAL FM JUL 1    24    CLOUDY (SCALE 8-10)  1
DPTR FM NORMAL   -35

[CDD (BASE 65) ]
TOTAL THIS MO.   226
DPTR FM NORMAL    52    [PRESSURE DATA]
TOTAL FM JAN 1   226    HIGHEST SLP M ON M
DPTR FM NORMAL    52    LOWEST  SLP 29.92 ON M

[REMARKS]
