000
CXUS52 KKEY 260800
CF6MTH
PRELIMINARY LOCAL CLIMATOLOGICAL DATA (WS FORM: F-6)

                                          STATION:   MARATHON
                                          MONTH:     DECEMBER
                                          YEAR:      2014
                                          LATITUDE:   24 43 N
                                          LONGITUDE:  81  5 W

  TEMPERATURE IN F:       :PCPN:    SNOW:  WIND      :SUNSHINE: SKY     :PK WND
================================================================================
1   2   3   4   5  6A  6B    7    8   9   10  11  12  13   14  15   16   17  18
                                     12Z  AVG MX 2MIN
DY MAX MIN AVG DEP HDD CDD  WTR  SNW DPTH SPD SPD DIR MIN PSBL S-S WX    SPD DR
================================================================================

 1  80  70  75   1   0  10 0.22  0.0    0 12.3 20  80   M    M   3        27  70
 2  79  70  75   1   0  10    T  0.0    0  9.1 14  80   M    M   5        20  50
 3  80  70  75   1   0  10 0.00  0.0    0 10.4 16  50   M    M   1        20  50
 4  80  70  75   1   0  10    T  0.0    0  9.1 15  70   M    M   1        19  60
 5  81  72  77   4   0  12    T  0.0    0 10.0 16  90   M    M   2        23 100
 6  80  72  76   3   0  11    T  0.0    0  8.9 16  60   M    M   2        19  70
 7  76  69  73   0   0   8 0.00  0.0    0  8.9 15  30   M    M   1        21  30
 8  75  66  71  -2   0   6 0.00  0.0    0  9.0 14 330   M    M   0        19 330
 9  70  63  67  -6   0   2 0.00  0.0    0 11.5 18 330   M    M   6        26 320
10  64  52  58 -15   7   0 0.00  0.0    0 10.5 20  20   M    M   0        28  20
11  69  49  59 -13   6   0 0.00  0.0    0  2.0  8  30   M    M   0        11  20
12  68  58  63  -9   2   0 0.00  0.0    0  7.6 14  30   M    M   3        17  20
13  69  60  65  -7   0   0 0.00  0.0    0  9.8 16  10   M    M   0        22  10
14  70  61  66  -6   0   1 0.00  0.0    0  8.7 14  30   M    M   1        19  20
15  76  62  69  -3   0   4 0.00  0.0    0  7.3 13  80   M    M   0        17  80
16  74  64  69  -3   0   4 0.00  0.0    0  6.5 12  40   M    M   0        16 360
17  74  62  68  -4   0   3 0.00  0.0    0  5.4 10  40   M    M   0        12  40
18  77  62  70  -1   0   5 0.00  0.0    0  5.9  9  30   M    M   1        12  10
19  75  65  70  -1   0   5 0.00  0.0    0  7.0 13  40   M    M   0        15  50
20  80  70  75   4   0  10 0.00  0.0    0  4.3  8 130   M    M   3        13 130
21  82  69  76   5   0  11 0.00  0.0    0  5.0  9 130   M    M   2        14 120
22  83  74  79   8   0  14 0.00  0.0    0  5.7 12 150   M    M   1        15 140
23  83  75  79   8   0  14 0.00  0.0    0  7.8 15 130   M    M   2        23 130
24  84  73  79   9   0  14 0.15  0.0    0  7.2 17 270   M    M   4 3      27 270
25  77  67  72   2   0   7 1.16  0.0    0 11.6 18  30   M    M   8 3      25 250
================================================================================
SM 1906 1645        15 171  1.53     0.0 201.5          M       46
================================================================================
AV 76.2 65.8                               8.1 FASTST   M    M   2    MAX(MPH)
                                 MISC ---->  # 20  80               # 28   20
================================================================================
NOTES:
# LAST OF SEVERAL OCCURRENCES

COLUMN 17 PEAK WIND IN M.P.H.

PRELIMINARY LOCAL CLIMATOLOGICAL DATA (WS FORM: F-6) , PAGE 2

                                          STATION:  MARATHON
                                          MONTH:    DECEMBER
                                          YEAR:     2014
                                          LATITUDE:   24 43 N
                                          LONGITUDE:  81  5 W

[TEMPERATURE DATA]      [PRECIPITATION DATA]       SYMBOLS USED IN COLUMN 16

AVERAGE MONTHLY: 71.0   TOTAL FOR MONTH:   1.53    1 = FOG OR MIST
DPTR FM NORMAL:  -1.1   DPTR FM NORMAL:   -0.15    2 = FOG REDUCING VISIBILITY
HIGHEST:    84 ON 24    GRTST 24HR  1.31 ON 24-25      TO 1/4 MILE OR LESS
LOWEST:     49 ON 11                               3 = THUNDER
                        SNOW, ICE PELLETS, HAIL    4 = ICE PELLETS
                        TOTAL MONTH:   0.0 INCH    5 = HAIL
                        GRTST 24HR     0.0         6 = FREEZING RAIN OR DRIZZLE
                        GRTST DEPTH:   0           7 = DUSTSTORM OR SANDSTORM:
                                                       VSBY 1/2 MILE OR LESS
                                                   8 = SMOKE OR HAZE
[NO. OF DAYS WITH]      [WEATHER - DAYS WITH]      9 = BLOWING SNOW
                                                   X = TORNADO
MAX 32 OR BELOW:   0    0.01 INCH OR MORE:   3
MAX 90 OR ABOVE:   0    0.10 INCH OR MORE:   3
MIN 32 OR BELOW:   0    0.50 INCH OR MORE:   1
MIN  0 OR BELOW:   0    1.00 INCH OR MORE:   1

[HDD (BASE 65) ]
TOTAL THIS MO.    15    CLEAR  (SCALE 0-3)  21
DPTR FM NORMAL    -3    PTCLDY (SCALE 4-7)   4
TOTAL FM JUL 1    21    CLOUDY (SCALE 8-10)  0
DPTR FM NORMAL     2

[CDD (BASE 65) ]
TOTAL THIS MO.   171
DPTR FM NORMAL   -22    [PRESSURE DATA]
TOTAL FM JAN 1  5157    HIGHEST SLP M ON M
DPTR FM NORMAL   200    LOWEST  SLP 29.88 ON 23

[REMARKS]
