000
CXUS53 KILX 012300
CF6MTO
PRELIMINARY LOCAL CLIMATOLOGICAL DATA (WS FORM: F-6)

                                          STATION:   MATTOON IL AIRPORT
                                          MONTH:     AUGUST
                                          YEAR:      2015
                                          LATITUDE:   39 28 N
                                          LONGITUDE:  88 17 W

  TEMPERATURE IN F:       :PCPN:    SNOW:  WIND      :SUNSHINE: SKY     :PK WND
================================================================================
1   2   3   4   5  6A  6B    7    8   9   10  11  12  13   14  15   16   17  18
                                     12Z  AVG MX 2MIN
DY MAX MIN AVG DEP HDD CDD  WTR  SNW DPTH SPD SPD DIR MIN PSBL S-S WX    SPD DR
================================================================================

 1  87  63  75   0   0  10 0.00    M    M  5.4 10 360   M    M   0        13 340
 2  90  68  79   4   0  14 0.00    M    M  7.7 14 210   M    M   0        22 190
 3  90  67  79   4   0  14 0.00    M    M  8.4 17 300   M    M   1        23 280
 4  83  64  74  -1   0   9 0.02    M    M  2.3 12 300   M    M   3        14 300
 5  84  63  74  -1   0   9 0.04    M    M  5.1 13 140   M    M   4 18     16 150
 6  78  61  70  -5   0   5 0.86    M    M 10.9 18  30   M    M   7 1      23  30
 7  82  57  70  -5   0   5 0.00    M    M  2.3  8  70   M    M   0 18     11  60
 8  85  64  75   0   0  10 0.00    M    M  4.9 10 190   M    M   3        14 190
 9  82  70  76   2   0  11 0.07    M    M  7.2 18 100   M    M   4 18     24 100
10  89  69  79   5   0  14 0.00    M    M  7.5 21 330   M    M   4 128    24 320
11  85  64  75   1   0  10 0.00    M    M  8.1 17 340   M    M   2        21 330
12  84   M   M   M   M   M 0.00    M    M  3.5 13 330   M    M   1        15 340
13  84  61  73  -1   0   8 0.00    M    M  2.0  9 230   M    M   0 1      13 230
14  86  65  76   2   0  11 0.00    M    M  3.5  9 350   M    M   0        12 350
15  90  68  79   5   0  14 0.00    M    M  3.4 10 340   M    M   1 8      14 330
16  88  69  79   5   0  14 0.00    M    M  5.5 15 170   M    M   1 18     21 180
17  87  69  78   4   0  13    T    M    M  7.0 17 150   M    M   1 128    24 140
18  87  68  78   4   0  13 0.16    M    M  9.8 22 270   M    M   3 12     33 280
19  79  60  70  -4   0   5 0.13    M    M  9.2 17 280   M    M   5        26 250
20  79  57  68  -6   0   3 0.00    M    M  7.2 18 300   M    M   1        25 270
21  80  55  68  -6   0   3 0.00    M    M  4.7 12 140   M    M   0        16 160
22  79  58  69  -5   0   4 0.00    M    M  6.7 15 140   M    M   2        20 170
23  79  59  69  -4   0   4    T    M    M  8.1 23 310   M    M   5        26 310
24  78  53  66  -7   0   1 0.00    M    M 10.4 21 300   M    M   0        27 300
25  77  53  65  -8   0   0 0.00    M    M  7.3 17 330   M    M   1        23 310
26  79  54  67  -6   0   2 0.00    M    M  7.8 17 350   M    M   3        20 340
27  80  51  66  -7   0   1 0.00  0.0    0  2.7  9 110   M    M   0 18     13 170
28  81  56  69  -4   0   4 0.00    M    M  5.7 14 160   M    M   0 8      19 150
29  83  66  75   3   0  10    T    M    M  6.4 14 160   M    M   1 8      19 200
30  86  66  76   4   0  11 0.00    M    M  5.2 14 180   M    M   3 18     17 200
31  85  69  77   5   0  12 0.00    M    M  7.1 14 160   M    M   3 138    17 200
================================================================================
SM 2586 1867         0 244  1.28     0.0 193.0          M       59
================================================================================
AV 83.4 62.2                               6.2 FASTST   M    M   2    MAX(MPH)
                                 MISC ---->  # 23 310               # 33  280
================================================================================
NOTES:
# LAST OF SEVERAL OCCURRENCES

COLUMN 17 PEAK WIND IN M.P.H.

PRELIMINARY LOCAL CLIMATOLOGICAL DATA (WS FORM: F-6) , PAGE 2

                                          STATION:  MATTOON IL AIRPORT
                                          MONTH:    AUGUST
                                          YEAR:     2015
                                          LATITUDE:   39 28 N
                                          LONGITUDE:  88 17 W

[TEMPERATURE DATA]      [PRECIPITATION DATA]       SYMBOLS USED IN COLUMN 16

AVERAGE MONTHLY: 72.8   TOTAL FOR MONTH:   1.28    1 = FOG OR MIST
DPTR FM NORMAL:  -1.1   DPTR FM NORMAL:   -1.78    2 = FOG REDUCING VISIBILITY
HIGHEST:    90 ON 15, 3 GRTST 24HR  0.90 ON  5- 6      TO 1/4 MILE OR LESS
LOWEST:     51 ON 27                               3 = THUNDER
                        SNOW, ICE PELLETS, HAIL    4 = ICE PELLETS
                        TOTAL MONTH:   0.0 INCH    5 = HAIL
                        GRTST 24HR     0.0         6 = FREEZING RAIN OR DRIZZLE
                        GRTST DEPTH:   0           7 = DUSTSTORM OR SANDSTORM:
                                                       VSBY 1/2 MILE OR LESS
                                                   8 = SMOKE OR HAZE
[NO. OF DAYS WITH]      [WEATHER - DAYS WITH]      9 = BLOWING SNOW
                                                   X = TORNADO
MAX 32 OR BELOW:   0    0.01 INCH OR MORE:   6
MAX 90 OR ABOVE:   3    0.10 INCH OR MORE:   3
MIN 32 OR BELOW:   0    0.50 INCH OR MORE:   1
MIN  0 OR BELOW:   0    1.00 INCH OR MORE:   0

[HDD (BASE 65) ]
TOTAL THIS MO.     0    CLEAR  (SCALE 0-3)  23
DPTR FM NORMAL    -4    PTCLDY (SCALE 4-7)   8
TOTAL FM JUL 1     0    CLOUDY (SCALE 8-10)  0
DPTR FM NORMAL    -5

[CDD (BASE 65) ]
TOTAL THIS MO.   244
DPTR FM NORMAL   -35    [PRESSURE DATA]
TOTAL FM JAN 1   904    HIGHEST SLP 30.22 ON 27
DPTR FM NORMAL   -16    LOWEST  SLP 29.68 ON 19

[REMARKS]
#FINAL-08-15#
