000
CXUS55 KBOI 011002
CF6MUO
PRELIMINARY LOCAL CLIMATOLOGICAL DATA (WS FORM: F-6)

                                          STATION:   MOUNTAIN HOME AFB
                                          MONTH:     AUGUST
                                          YEAR:      2015
                                          LATITUDE:   43  2 N
                                          LONGITUDE: 115 52 W

  TEMPERATURE IN F:       :PCPN:    SNOW:  WIND      :SUNSHINE: SKY     :PK WND
================================================================================
1   2   3   4   5  6A  6B    7    8   9   10  11  12  13   14  15   16   17  18
                                     12Z  AVG MX 2MIN
DY MAX MIN AVG DEP HDD CDD  WTR  SNW DPTH SPD SPD DIR MIN PSBL S-S WX    SPD DR
================================================================================

 1 104  61  83   5   0  18 0.00    M    M  6.7 12 350   M    M   0        20 330
 2 102  60  81   4   0  16 0.00    M    M  5.7 10 240   M    M   1         M  M
 3  93  71  82   5   0  17    T    M    M  5.8 12 350   M    M   4         M  M
 4  95  64  80   3   0  15 0.00    M    M  9.5 28 340   M    M   1        43 320
 5  79  63  71  -6   0   6 0.17    M    M  6.5 15 160   M    M   5 3       M  M
 6  87  57  72  -5   0   7 0.00    M    M  7.5 14 340   M    M   1        16 310
 7  82  49  66 -11   0   1 0.00    M    M  7.6 21 220   M    M   4        27 220
 8  83  59  71  -6   0   6 0.07    M    M  9.2 16 160   M    M   6         M  M
 9  93  61  77   0   0  12 0.00    M    M 16.4 25 110   M    M   1        31 120
10  96  67  82   6   0  17 0.00    M    M 17.5 29 100   M    M   6 3      45 120
11 100  61  81   5   0  16    T    M    M 13.4 27 110   M    M   3 378    51 120
12 102  72  87  11   0  22    T    M    M 13.2 24 100   M    M   1        25 110
13 105  72  89  13   0  24 0.00    M    M 14.4 24 100   M    M   1        35 150
14 102  72  87  12   0  22 0.00    M    M 14.6 24 310   M    M   3        35 330
15  85  59  72  -3   0   7 0.00    M    M 11.2 21 300   M    M   0        29 300
16  89  51  70  -5   0   5 0.00    M    M  6.5 16 320   M    M   0 8      17 300
17  88  51  70  -5   0   5 0.00    M    M 13.0 27 320   M    M   0        33 320
18  87  52  70  -4   0   5 0.00    M    M 10.4 21 310   M    M   0        30 290
19  91  56  74   0   0   9 0.00    M    M  8.5 18 310   M    M   0        24 320
20  94  56  75   1   0  10 0.00    M    M  5.0 10 350   M    M   0 8       M  M
21  90  55  73   0   0   8 0.00    M    M 10.0 18 310   M    M   0        30 300
22  83  56  70  -3   0   5 0.00    M    M 10.3 21 290   M    M   0        32 300
23  92  47  70  -3   0   5 0.00    M    M  7.0 12 100   M    M   0         M  M
24  98  56  77   5   0  12 0.00    M    M  5.2  8 260   M    M   0         M  M
25  98  60  79   7   0  14 0.00    M    M  6.1 15 330   M    M   1        17 340
26  96  56  76   4   0  11 0.00    M    M  6.6 16 130   M    M   2        30 100
27  96  62  79   8   0  14 0.00    M    M  8.2 13 350   M    M   1        23  99
28  96  61  79   8   0  14 0.00    M    M 10.2 18 330   M    M   2 8      25 100
29  92  71  82  11   0  17    T    M    M  9.5 21 330   M    M   6        31 330
30  83  56  70   0   0   5 0.00    M    M 10.7 17 340   M    M   0        25 280
31  85  49  67  -3   0   2 0.00    M    M  5.5 14 320   M    M   0         M  M
================================================================================
SM 2866 1843         0 347  0.24    M    291.9          M       49
================================================================================
AV 92.5 59.5                               9.4 FASTST   M    M   2    MAX(MPH)
                                 MISC ---->    29   M                 51    M
================================================================================
NOTES:
# LAST OF SEVERAL OCCURRENCES

COLUMN 17 PEAK WIND IN M.P.H.

PRELIMINARY LOCAL CLIMATOLOGICAL DATA (WS FORM: F-6) , PAGE 2

                                          STATION:  MOUNTAIN HOME AFB
                                          MONTH:    AUGUST
                                          YEAR:     2015
                                          LATITUDE:   43  2 N
                                          LONGITUDE: 115 52 W

[TEMPERATURE DATA]      [PRECIPITATION DATA]       SYMBOLS USED IN COLUMN 16

AVERAGE MONTHLY: 76.0   TOTAL FOR MONTH:   0.24    1 = FOG OR MIST
DPTR FM NORMAL:   1.6   DPTR FM NORMAL:       M    2 = FOG REDUCING VISIBILITY
HIGHEST:   105 ON 13    GRTST 24HR  0.17 ON  5- 5      TO 1/4 MILE OR LESS
LOWEST:     47 ON 23                               3 = THUNDER
                        SNOW, ICE PELLETS, HAIL    4 = ICE PELLETS
                        TOTAL MONTH:    M          5 = HAIL
                        GRTST 24HR    M  ON   M    6 = FREEZING RAIN OR DRIZZLE
                        GRTST DEPTH:  M  ON   M    7 = DUSTSTORM OR SANDSTORM:
                                                       VSBY 1/2 MILE OR LESS
                                                   8 = SMOKE OR HAZE
[NO. OF DAYS WITH]      [WEATHER - DAYS WITH]      9 = BLOWING SNOW
                                                   X = TORNADO
MAX 32 OR BELOW:   0    0.01 INCH OR MORE:   2
MAX 90 OR ABOVE:  20    0.10 INCH OR MORE:   1
MIN 32 OR BELOW:   0    0.50 INCH OR MORE:   0
MIN  0 OR BELOW:   0    1.00 INCH OR MORE:   0

[HDD (BASE 65) ]
TOTAL THIS MO.     0    CLEAR  (SCALE 0-3)  25
DPTR FM NORMAL    -8    PTCLDY (SCALE 4-7)   6
TOTAL FM JUL 1     0    CLOUDY (SCALE 8-10)  0
DPTR FM NORMAL   -14

[CDD (BASE 65) ]
TOTAL THIS MO.   347
DPTR FM NORMAL    37    [PRESSURE DATA]
TOTAL FM JAN 1   999    HIGHEST SLP M ON M
DPTR FM NORMAL   178    LOWEST  SLP M ON M

[REMARKS]
#FINAL-08-15#
