000
CXUS55 KBOI 231002
CF6MUO
PRELIMINARY LOCAL CLIMATOLOGICAL DATA (WS FORM: F-6)

                                          STATION:   MOUNTAIN HOME AFB
                                          MONTH:     APRIL
                                          YEAR:      2014
                                          LATITUDE:   43  2 N
                                          LONGITUDE: 115 52 W

  TEMPERATURE IN F:       :PCPN:    SNOW:  WIND      :SUNSHINE: SKY     :PK WND
================================================================================
1   2   3   4   5  6A  6B    7    8   9   10  11  12  13   14  15   16   17  18
                                     12Z  AVG MX 2MIN
DY MAX MIN AVG DEP HDD CDD  WTR  SNW DPTH SPD SPD DIR MIN PSBL S-S WX    SPD DR
================================================================================

 1  43  36  40  -6  25   0 0.09    M    M 10.7 22 120   M    M   8        31 120
 2  53  34  44  -3  21   0 0.01    M    M  9.0 23 310   M    M   7        30 310
 3  56  30  43  -4  22   0 0.00    M    M  7.4 14 290   M    M   0         M  M
 4  58  36  47   0  18   0    T    M    M  8.1 15 110   M    M   5        18 350
 5  58  38  48   1  17   0    T    M    M 11.4 18 300   M    M   5        30 300
 6  63  41  52   5  13   0    T    M    M 14.4 29 320   M    M   5        38 320
 7  69  34  52   5  13   0 0.00    M    M  7.8 13 300   M    M   0         M  M
 8  78  37  58  10   7   0 0.00    M    M  7.9 16 110   M    M   0         M  M
 9  71  46  59  11   6   0 0.00    M    M 11.8 23 320   M    M   1        32 340
10  67  38  53   5  12   0 0.00    M    M 10.6 17 330   M    M   1        21 340
11  71  35  53   5  12   0 0.00    M    M  9.2 23 330   M    M   0        31 320
12  64  39  52   3  13   0 0.00    M    M 18.4 29 310   M    M   0        38 330
13  62  39  51   2  14   0 0.00    M    M 25.1 37 310   M    M   0        45 320
14  65  33  49   0  16   0 0.00    M    M 11.4 21 110   M    M   0        28 110
15  62  38  50   1  15   0    T    M    M 17.1 32 330   M    M   3        44 320
16  63  31  47  -2  18   0 0.00    M    M  8.5 16 320   M    M   3        18 300
17   M   M   M   M   M   M 0.01    M    M 14.4 32 330   M    M   3 7      50 320
18  64  44  54   4  11   0    T    M    M 10.4 16 310   M    M   5        31 350
19  76  36  56   6   9   0 0.00    M    M 11.1 36 310   M    M   3        50 310
20  67  41  54   4  11   0 0.00    M    M 14.0 23 320   M    M   0        33 320
21  76  32  54   3  11   0 0.00    M    M 11.1 23 110   M    M   1        31 110
22  57  36  47  -4  18   0 0.08    M    M 12.3 23 330   M    M   7 13     41 300
================================================================================
SM 1343  774       302   0  0.19    M    262.1          M       57
================================================================================
AV 64.0 36.9                              11.9 FASTST   M    M   3    MAX(MPH)
                                 MISC ---->    37   M               # 50  320
================================================================================
NOTES:
# LAST OF SEVERAL OCCURRENCES

COLUMN 17 PEAK WIND IN M.P.H.

PRELIMINARY LOCAL CLIMATOLOGICAL DATA (WS FORM: F-6) , PAGE 2

                                          STATION:  MOUNTAIN HOME AFB
                                          MONTH:    APRIL
                                          YEAR:     2014
                                          LATITUDE:   43  2 N
                                          LONGITUDE: 115 52 W

[TEMPERATURE DATA]      [PRECIPITATION DATA]       SYMBOLS USED IN COLUMN 16

AVERAGE MONTHLY: 50.4   TOTAL FOR MONTH:   0.19    1 = FOG OR MIST
DPTR FM NORMAL:   2.0   DPTR FM NORMAL:   -0.58    2 = FOG REDUCING VISIBILITY
HIGHEST:    78 ON  8    GRTST 24HR  0.09 ON  1- 1      TO 1/4 MILE OR LESS
LOWEST:     30 ON  3                               3 = THUNDER
                        SNOW, ICE PELLETS, HAIL    4 = ICE PELLETS
                        TOTAL MONTH:    M          5 = HAIL
                        GRTST 24HR    M  ON   M    6 = FREEZING RAIN OR DRIZZLE
                        GRTST DEPTH:  M  ON   M    7 = DUSTSTORM OR SANDSTORM:
                                                       VSBY 1/2 MILE OR LESS
                                                   8 = SMOKE OR HAZE
[NO. OF DAYS WITH]      [WEATHER - DAYS WITH]      9 = BLOWING SNOW
                                                   X = TORNADO
MAX 32 OR BELOW:   0    0.01 INCH OR MORE:   4
MAX 90 OR ABOVE:   0    0.10 INCH OR MORE:   0
MIN 32 OR BELOW:   3    0.50 INCH OR MORE:   0
MIN  0 OR BELOW:   0    1.00 INCH OR MORE:   0

[HDD (BASE 65) ]
TOTAL THIS MO.   302    CLEAR  (SCALE 0-3)  15
DPTR FM NORMAL   -69    PTCLDY (SCALE 4-7)   7
TOTAL FM JUL 1  5315    CLOUDY (SCALE 8-10)  0
DPTR FM NORMAL   -89

[CDD (BASE 65) ]
TOTAL THIS MO.     0
DPTR FM NORMAL     0    [PRESSURE DATA]
TOTAL FM JAN 1     0    HIGHEST SLP M ON M
DPTR FM NORMAL     0    LOWEST  SLP M ON M

[REMARKS]
