000
CXUS51 KBTV 300700
CF6MVL
PRELIMINARY LOCAL CLIMATOLOGICAL DATA (WS FORM: F-6)

                                          STATION:   MORRISVILLE VT
                                          MONTH:     SEPTEMBER
                                          YEAR:      2014
                                          LATITUDE:   44 31 N
                                          LONGITUDE:  72 37 W

  TEMPERATURE IN F:       :PCPN:    SNOW:  WIND      :SUNSHINE: SKY     :PK WND
================================================================================
1   2   3   4   5  6A  6B    7    8   9   10  11  12  13   14  15   16   17  18
                                     12Z  AVG MX 2MIN
DY MAX MIN AVG DEP HDD CDD  WTR  SNW DPTH SPD SPD DIR MIN PSBL S-S WX    SPD DR
================================================================================

 1  84  61  73  10   0   8 0.00  0.0    0  2.3  8 200   M    M   4 12     13 260
 2  87  59  73  11   0   8 1.38  0.0    0  3.1 17 340   M    M   4 12     25 330
 3  78  52  65   3   0   0    T  0.0    0  3.8 13 300   M    M   4        18 260
 4  81  50  66   4   0   1 0.00  0.0    0  2.1 10 200   M    M   3 12     15 180
 5  86  57  72  10   0   7 0.00  0.0    0  4.2 13 200   M    M   2 12     22 210
 6  83  57  70   9   0   5 0.20  0.0    0  3.5 22 340   M    M   6 1      29 330
 7  71  48  60  -1   5   0 0.00  0.0    0  2.6 13 300   M    M   4 12     18 340
 8  75  45  60  -1   5   0 0.00  0.0    0  1.5  8 190   M    M   4 12     12 190
 9  71  46  59  -1   6   0 0.00  0.0    0  3.6 13 190   M    M   0        20 140
10  75  47  61   1   4   0 0.00  0.0    0  1.7  9 180   M    M   3        15 200
11  73  54  64   4   1   0 0.37  0.0    0  6.5 20 300   M    M   7 1      30 300
12  54  37  46 -13  19   0 0.00  0.0    0  5.0 15 340   M    M   9 18     24 340
13  53  36  45 -14  20   0 0.15    M    0  2.4 12 200   M    M   8 12     19 200
14  52  35  44 -15  21   0 0.00  0.0    0  4.8 13 300   M    M   8 1      18 300
15  64  34  49  -9  16   0 0.00  0.0    0  1.3  9 190   M    M   7 12     12 190
16  62  47  55  -3  10   0 0.09    M    0  1.4  9 110   M    M   8 12     14 100
17  66  40  53  -4  12   0 0.00    M    0  1.6  9 190   M    M   7 12     15 200
18  54  37  46 -11  19   0 0.02    M    0  3.4 13 340   M    M   8 1      21  10
19  57  30  44 -12  21   0 0.00  0.0    0  0.9  8 210   M    M   2 12     12 110
20  65  34  50  -6  15   0 0.00  0.0    0  3.7 13 200   M    M   8        18 230
21  80  53  67  11   0   2 0.36  0.0    0  5.0 15 170   M    M   5 1      24 200
22  62  47  55   0  10   0 0.09    M    0  7.6 23 300   M    M   8 1      31 310
23  61  45  53  -2  12   0 0.00  0.0    0  3.0 13 300   M    M   9 1      20 300
24  70  44  57   3   8   0 0.00  0.0    0  1.2  8 140   M    M   5 12     12 140
25  71  41  56   2   9   0 0.00  0.0    0  0.3  5  30   M    M   4 12      8  50
26  76  46  61   7   4   0 0.00  0.0    0  1.4 12 310   M    M   4 12     17 300
27  79  45  62   9   3   0 0.00  0.0    0  2.0 12 340   M    M   4 12     15 360
28  80  51  66  13   0   1 0.00  0.0    0  0.4  6  30   M    M   4 12      8  20
29  76  54  65  13   0   0 0.00  0.0    0  0.9  8 200   M    M   5 128    12 190
================================================================================
SM 2046 1332       220  32  2.66     0.0  81.2          M      154
================================================================================
AV 70.6 45.9                               2.8 FASTST   M    M   5    MAX(MPH)
                                 MISC ---->  # 23 300               # 31  310
================================================================================
NOTES:
# LAST OF SEVERAL OCCURRENCES

COLUMN 17 PEAK WIND IN M.P.H.

PRELIMINARY LOCAL CLIMATOLOGICAL DATA (WS FORM: F-6) , PAGE 2

                                          STATION:  MORRISVILLE VT
                                          MONTH:    SEPTEMBER
                                          YEAR:     2014
                                          LATITUDE:   44 31 N
                                          LONGITUDE:  72 37 W

[TEMPERATURE DATA]      [PRECIPITATION DATA]       SYMBOLS USED IN COLUMN 16

AVERAGE MONTHLY: 58.2   TOTAL FOR MONTH:   2.66    1 = FOG OR MIST
DPTR FM NORMAL:   0.3   DPTR FM NORMAL:   -0.60    2 = FOG REDUCING VISIBILITY
HIGHEST:    87 ON  2    GRTST 24HR  1.38 ON  2- 2      TO 1/4 MILE OR LESS
LOWEST:     30 ON 19                               3 = THUNDER
                        SNOW, ICE PELLETS, HAIL    4 = ICE PELLETS
                        TOTAL MONTH:   0.0 INCH    5 = HAIL
                        GRTST 24HR     0.0         6 = FREEZING RAIN OR DRIZZLE
                        GRTST DEPTH:   0           7 = DUSTSTORM OR SANDSTORM:
                                                       VSBY 1/2 MILE OR LESS
                                                   8 = SMOKE OR HAZE
[NO. OF DAYS WITH]      [WEATHER - DAYS WITH]      9 = BLOWING SNOW
                                                   X = TORNADO
MAX 32 OR BELOW:   0    0.01 INCH OR MORE:   8
MAX 90 OR ABOVE:   0    0.10 INCH OR MORE:   5
MIN 32 OR BELOW:   1    0.50 INCH OR MORE:   1
MIN  0 OR BELOW:   0    1.00 INCH OR MORE:   1

[HDD (BASE 65) ]
TOTAL THIS MO.   220    CLEAR  (SCALE 0-3)   4
DPTR FM NORMAL    -5    PTCLDY (SCALE 4-7)  21
TOTAL FM JUL 1   291    CLOUDY (SCALE 8-10)  4
DPTR FM NORMAL   -29

[CDD (BASE 65) ]
TOTAL THIS MO.    32
DPTR FM NORMAL    19    [PRESSURE DATA]
TOTAL FM JAN 1   246    HIGHEST SLP M ON M
DPTR FM NORMAL   -14    LOWEST  SLP 29.54 ON 22

[REMARKS]
