000
CXUS51 KBTV 250700
CF6MVL
PRELIMINARY LOCAL CLIMATOLOGICAL DATA (WS FORM: F-6)

                                          STATION:   MORRISVILLE VT
                                          MONTH:     APRIL
                                          YEAR:      2017
                                          LATITUDE:   44 31 N
                                          LONGITUDE:  72 37 W

  TEMPERATURE IN F:       :PCPN:    SNOW:  WIND      :SUNSHINE: SKY     :PK WND
================================================================================
1   2   3   4   5  6A  6B    7    8   9   10  11  12  13   14  15   16   17  18
                                     12Z  AVG MX 2MIN
DY MAX MIN AVG DEP HDD CDD  WTR  SNW DPTH SPD SPD DIR MIN PSBL S-S WX    SPD DR
================================================================================

 1  35  28  32  -3  33   0 0.57    M    0  3.2 10 340   M    M  10 1      13 350
 2  47  24  36   0  29   0    T    M    0  4.0 14 340   M    M   5 1      21 320
 3  51  20  36   0  29   0 0.00  0.0    0  1.7 13  10   M    M   0        16 350
 4  43  32  38   2  27   0 0.46    M    0  7.8 21 180   M    M  10 1      33 190
 5  43  33  38   1  27   0 0.01    M    0  2.6  8 160   M    M  10 18     12 190
 6  40  33  37  -1  28   0 0.69    M    0  4.9 14 230   M    M  10 1      20 230
 7   M   M   M   M   M   M 0.09    M    0  5.5 13 210   M    M   9 18     17 310
 8  36  25  31  -7  34   0 0.03    M    0  6.4 12 310   M    M   9 1      24 310
 9  60  19  40   1  25   0 0.00  0.0    0  2.0 13 220   M    M   1 1      18 210
10  78  28  53  14  12   0 0.00  0.0    0  5.3 20 200   M    M   2 1      30 210
11  78  37  58  18   7   0 0.05    M    0  4.3 20  20   M    M   5 12     22  20
12  55  42  49   9  16   0    T    M    0  3.9 15 330   M    M   9 12     25 320
13  53  26  40  -1  25   0 0.02    M    0  6.2 21 360   M    M   6        27 340
14  56  22  39  -2  26   0 0.00  0.0    0  3.2 15 340   M    M   0        22  10
15  69  22  46   4  19   0 0.29    M    0  5.7 17 210   M    M   3 1      25 220
16  78  51  65  23   0   0 0.17  0.0    0  7.0 16 200   M    M   9 1      26 260
17  55  37  46   3  19   0    T    M    0  7.7 20 320   M    M   9        28 330
18  51  30  41  -2  24   0 0.00  0.0    0  6.2 17 200   M    M   4        30 200
19  51  37  44   0  21   0 0.41    M    0 10.6 26 180   M    M   7 1      36 170
20  48  40  44   0  21   0 0.02    M    0  4.7 14  20   M    M  10 1      17 340
21  45  40  43  -2  22   0 0.50    M    0  7.5 23 200   M    M  10 1      33 210
22  44  37  41  -4  24   0 0.15    M    0  3.4 12 340   M    M   9 1      15 340
23  64  30  47   1  18   0 0.00  0.0    0  3.1 13 210   M    M   2 12     16 210
24  57  32  45  -1  20   0 0.00  0.0    0  5.8 14  20   M    M   2        17  20
================================================================================
SM 1237  725       506   0  3.46     0.0 122.7          M      151
================================================================================
AV 53.8 31.5                               5.1 FASTST   M    M   6    MAX(MPH)
                                 MISC ---->  # 26 180               # 36  170
================================================================================
NOTES:
# LAST OF SEVERAL OCCURRENCES

COLUMN 17 PEAK WIND IN M.P.H.

PRELIMINARY LOCAL CLIMATOLOGICAL DATA (WS FORM: F-6) , PAGE 2

                                          STATION:  MORRISVILLE VT
                                          MONTH:    APRIL
                                          YEAR:     2017
                                          LATITUDE:   44 31 N
                                          LONGITUDE:  72 37 W

[TEMPERATURE DATA]      [PRECIPITATION DATA]       SYMBOLS USED IN COLUMN 16

AVERAGE MONTHLY: 42.7   TOTAL FOR MONTH:   3.46    1 = FOG OR MIST
DPTR FM NORMAL:   2.1   DPTR FM NORMAL:    1.51    2 = FOG REDUCING VISIBILITY
HIGHEST:    78 ON 16,11 GRTST 24HR  0.74 ON  6- 7      TO 1/4 MILE OR LESS
LOWEST:     19 ON  9                               3 = THUNDER
                        SNOW, ICE PELLETS, HAIL    4 = ICE PELLETS
                        TOTAL MONTH:   0.0 INCH    5 = HAIL
                        GRTST 24HR     0.0         6 = FREEZING RAIN OR DRIZZLE
                        GRTST DEPTH:   0           7 = DUSTSTORM OR SANDSTORM:
                                                       VSBY 1/2 MILE OR LESS
                                                   8 = SMOKE OR HAZE
[NO. OF DAYS WITH]      [WEATHER - DAYS WITH]      9 = BLOWING SNOW
                                                   X = TORNADO
MAX 32 OR BELOW:   0    0.01 INCH OR MORE:  14
MAX 90 OR ABOVE:   0    0.10 INCH OR MORE:   8
MIN 32 OR BELOW:  13    0.50 INCH OR MORE:   3
MIN  0 OR BELOW:   0    1.00 INCH OR MORE:   0

[HDD (BASE 65) ]
TOTAL THIS MO.   506    CLEAR  (SCALE 0-3)   7
DPTR FM NORMAL   -81    PTCLDY (SCALE 4-7)   5
TOTAL FM JUL 1  7037    CLOUDY (SCALE 8-10) 12
DPTR FM NORMAL  -637

[CDD (BASE 65) ]
TOTAL THIS MO.     0
DPTR FM NORMAL     0    [PRESSURE DATA]
TOTAL FM JAN 1     0    HIGHEST SLP M ON M
DPTR FM NORMAL     0    LOWEST  SLP 29.21 ON  6

[REMARKS]
