000
CXUS56 KOTX 251500
CF6MWH
PRELIMINARY LOCAL CLIMATOLOGICAL DATA (WS FORM: F-6)

                                          STATION:   MOSES LAKE WA AIRPORT
                                          MONTH:     AUGUST
                                          YEAR:      2016
                                          LATITUDE:   47 12 N
                                          LONGITUDE: 119 19 W

  TEMPERATURE IN F:       :PCPN:    SNOW:  WIND      :SUNSHINE: SKY     :PK WND
================================================================================
1   2   3   4   5  6A  6B    7    8   9   10  11  12  13   14  15   16   17  18
                                     12Z  AVG MX 2MIN
DY MAX MIN AVG DEP HDD CDD  WTR  SNW DPTH SPD SPD DIR MIN PSBL S-S WX    SPD DR
================================================================================

 1  89  54  72  -2   0   7 0.00    M    M  5.2 15 340   M    M   0 8      19 340
 2  80  52  66  -8   0   1 0.00    M    M 12.8 33 250   M    M   0 78     40 230
 3  84  52  68  -6   0   3 0.00    M    M  6.6 16 210   M    M   0        24 190
 4  91  53  72  -2   0   7 0.00  0.0    0  4.8  9 260   M    M   0         M  M
 5  95  57  76   2   0  11 0.00    M    M  6.2 15 240   M    M   0        18 130
 6  86  57  72  -2   0   7 0.00    M    M  6.2 15 180   M    M   1 8      20 170
 7  84  51  68  -6   0   3 0.00    M    M  8.3 17 250   M    M   0        22 250
 8  78  51  65  -8   0   0 0.00    M    M  7.5 16 170   M    M   1        22 190
 9  76  57  67  -6   0   2    T    M    M  6.6 12 120   M    M   7        18 180
10  83  51  67  -6   0   2 0.00    M    M  5.2 12 220   M    M   0        14 190
11  91  53  72  -1   0   7 0.00    M    M  4.4 12 200   M    M   0        16 200
12  94  57  76   3   0  11 0.00    M    M  4.1 10 240   M    M   0        13 230
13  97  58  78   5   0  13 0.00    M    M  5.1 13 180   M    M   0        17 180
14  96  59  78   6   0  13 0.00    M    M  5.4 13 260   M    M   0        16 270
15  95  58  77   5   0  12 0.00    M    M  3.9 13 220   M    M   0        17 210
16  97  56  77   5   0  12 0.00    M    M  5.8 13 210   M    M   0        17 190
17  95  60  78   6   0  13 0.00    M    M  4.6 14 350   M    M   0        18 350
18 100  69  85  13   0  20 0.00    M    M 13.9 21  10   M    M   0 8      27 360
19  92  63  78   7   0  13 0.00    M    M  9.7 26  60   M    M   0        33  60
20  93  49  71   0   0   6 0.00    M    M  5.5 14 170   M    M   0        18 160
21  96  50  73   2   0   8 0.00    M    M 10.7 26 270   M    M   0        34 270
22  79  58  69  -1   0   4 0.00    M    M  8.1 17 220   M    M   0        25 220
23  86  52  69  -1   0   4 0.00    M    M  7.0 17 230   M    M   1        24  30
24  89  55  72   2   0   7 0.00    M    M  7.1 16  10   M    M   0        21  10
================================================================================
SM 2146 1332         0 186    T      0.0 164.7          M       10
================================================================================
AV 89.4 55.5                               6.9 FASTST   M    M   0    MAX(MPH)
                                 MISC ---->  # 33 250               # 40  230
================================================================================
NOTES:
# LAST OF SEVERAL OCCURRENCES

COLUMN 17 PEAK WIND IN M.P.H.

PRELIMINARY LOCAL CLIMATOLOGICAL DATA (WS FORM: F-6) , PAGE 2

                                          STATION:  MOSES LAKE WA AIRPORT
                                          MONTH:    AUGUST
                                          YEAR:     2016
                                          LATITUDE:   47 12 N
                                          LONGITUDE: 119 19 W

[TEMPERATURE DATA]      [PRECIPITATION DATA]       SYMBOLS USED IN COLUMN 16

AVERAGE MONTHLY: 72.5   TOTAL FOR MONTH:      T    1 = FOG OR MIST
DPTR FM NORMAL:  -0.0   DPTR FM NORMAL:   -0.19    2 = FOG REDUCING VISIBILITY
HIGHEST:   100 ON 18    GRTST 24HR    T  ON  9- 9      TO 1/4 MILE OR LESS
LOWEST:     49 ON 20                               3 = THUNDER
                        SNOW, ICE PELLETS, HAIL    4 = ICE PELLETS
                        TOTAL MONTH:   0.0 INCH    5 = HAIL
                        GRTST 24HR     0.0         6 = FREEZING RAIN OR DRIZZLE
                        GRTST DEPTH:   0           7 = DUSTSTORM OR SANDSTORM:
                                                       VSBY 1/2 MILE OR LESS
                                                   8 = SMOKE OR HAZE
[NO. OF DAYS WITH]      [WEATHER - DAYS WITH]      9 = BLOWING SNOW
                                                   X = TORNADO
MAX 32 OR BELOW:   0    0.01 INCH OR MORE:   0
MAX 90 OR ABOVE:  13    0.10 INCH OR MORE:   0
MIN 32 OR BELOW:   0    0.50 INCH OR MORE:   0
MIN  0 OR BELOW:   0    1.00 INCH OR MORE:   0

[HDD (BASE 65) ]
TOTAL THIS MO.     0    CLEAR  (SCALE 0-3)  23
DPTR FM NORMAL    -1    PTCLDY (SCALE 4-7)   1
TOTAL FM JUL 1     2    CLOUDY (SCALE 8-10)  0
DPTR FM NORMAL    -7

[CDD (BASE 65) ]
TOTAL THIS MO.   186
DPTR FM NORMAL     3    [PRESSURE DATA]
TOTAL FM JAN 1   581    HIGHEST SLP  0.00 ON  4
DPTR FM NORMAL    44    LOWEST  SLP  0.00 ON M

[REMARKS]
