000
CXUS56 KOTX 220900
CF6MWH
PRELIMINARY LOCAL CLIMATOLOGICAL DATA (WS FORM: F-6)

                                          STATION:   MOSES LAKE WA AIRPORT
                                          MONTH:     FEBRUARY
                                          YEAR:      2017
                                          LATITUDE:   47 12 N
                                          LONGITUDE: 119 19 W

  TEMPERATURE IN F:       :PCPN:    SNOW:  WIND      :SUNSHINE: SKY     :PK WND
================================================================================
1   2   3   4   5  6A  6B    7    8   9   10  11  12  13   14  15   16   17  18
                                     12Z  AVG MX 2MIN
DY MAX MIN AVG DEP HDD CDD  WTR  SNW DPTH SPD SPD DIR MIN PSBL S-S WX    SPD DR
================================================================================

 1  33  10  22 -10  43   0 0.00  0.0    0 10.2 17  10   M    M   1        20  10
 2  28   4  16 -17  49   0 0.00    M    M 10.0 17  10   M    M   2        24  50
 3  26  21  24  -9  41   0 0.20    M    M  7.7 13  10   M    M  10 128    15  10
 4  30  14  22 -11  43   0    T    M    M  1.2  6 150   M    M   8 128     7 330
 5  32  14  23 -10  42   0 0.19    M    M  8.8 18 360   M    M  10 128    22 350
 6  31   3  17 -16  48   0 0.01    M    M  7.3 18 330   M    M   6 12     21 330
 7  26   1  14 -20  51   0 0.00    M    M 11.0 23 360   M    M   5        28 350
 8  28  15  22 -12  43   0 0.17    M    M 12.3 18 350   M    M  10 126    22 350
 9  30  17  24 -10  41   0 0.03    M    M  3.6 13 140   M    M   8 126    14 140
10  44  16  30  -4  35   0 0.00    M    M  9.1 25 250   M    M   3 128    31 250
11  40  18  29  -5  36   0 0.00    M    M  8.7 22 250   M    M   0        27 250
12  36  13  25  -9  40   0 0.00    M    M  6.7 12 350   M    M   0        13 300
13  37  11  24 -11  41   0 0.00    M    M  7.6 14 360   M    M   0        16 360
14  30   9  20 -15  45   0 0.00    M    M  3.2  9  10   M    M   7 128    10  90
15  33  26  30  -5  35   0 0.55    M    M  2.0 15 270   M    M  10 126    17 270
16  37  32  35  -1  30   0 0.05    M    M  3.2  9 360   M    M  10 12     10 350
17  40  29  35  -1  30   0 0.00    M    M  9.7 18 360   M    M   4 128    20 350
18  37  33  35  -1  30   0 0.07    M    M  6.2 13  10   M    M  10 12     15 360
19  41  28  35  -1  30   0 0.07    M    M  4.2 10  80   M    M   7 12     11  80
20  39  28  34  -2  31   0 0.14    M    M  6.4 12 340   M    M   6 1      15 340
21  39  29  34  -3  31   0 0.07    M    M  7.0 14 340   M    M   9 12     16 340
================================================================================
SM  717  371       815   0  1.55     0.0 146.1          M      126
================================================================================
AV 34.1 17.7                               7.0 FASTST   M    M   6    MAX(MPH)
                                 MISC ---->  # 25 250               # 31  250
================================================================================
NOTES:
# LAST OF SEVERAL OCCURRENCES

COLUMN 17 PEAK WIND IN M.P.H.

PRELIMINARY LOCAL CLIMATOLOGICAL DATA (WS FORM: F-6) , PAGE 2

                                          STATION:  MOSES LAKE WA AIRPORT
                                          MONTH:    FEBRUARY
                                          YEAR:     2017
                                          LATITUDE:   47 12 N
                                          LONGITUDE: 119 19 W

[TEMPERATURE DATA]      [PRECIPITATION DATA]       SYMBOLS USED IN COLUMN 16

AVERAGE MONTHLY: 25.9   TOTAL FOR MONTH:   1.55    1 = FOG OR MIST
DPTR FM NORMAL:  -8.5   DPTR FM NORMAL:    0.93    2 = FOG REDUCING VISIBILITY
HIGHEST:    44 ON 10    GRTST 24HR  0.59 ON 15-16      TO 1/4 MILE OR LESS
LOWEST:      1 ON  7                               3 = THUNDER
                        SNOW, ICE PELLETS, HAIL    4 = ICE PELLETS
                        TOTAL MONTH:   0.0 INCH    5 = HAIL
                        GRTST 24HR     0.0         6 = FREEZING RAIN OR DRIZZLE
                        GRTST DEPTH:   0           7 = DUSTSTORM OR SANDSTORM:
                                                       VSBY 1/2 MILE OR LESS
                                                   8 = SMOKE OR HAZE
[NO. OF DAYS WITH]      [WEATHER - DAYS WITH]      9 = BLOWING SNOW
                                                   X = TORNADO
MAX 32 OR BELOW:   9    0.01 INCH OR MORE:  11
MAX 90 OR ABOVE:   0    0.10 INCH OR MORE:   5
MIN 32 OR BELOW:  20    0.50 INCH OR MORE:   1
MIN  0 OR BELOW:   0    1.00 INCH OR MORE:   0

[HDD (BASE 65) ]
TOTAL THIS MO.   815    CLEAR  (SCALE 0-3)   5
DPTR FM NORMAL   173    PTCLDY (SCALE 4-7)   9
TOTAL FM JUL 1  4601    CLOUDY (SCALE 8-10)  7
DPTR FM NORMAL   285

[CDD (BASE 65) ]
TOTAL THIS MO.     0
DPTR FM NORMAL     0    [PRESSURE DATA]
TOTAL FM JAN 1     0    HIGHEST SLP M ON M
DPTR FM NORMAL     0    LOWEST  SLP 29.20 ON  6

[REMARKS]
