000
CXUS54 KFWD 200730
CF6MWL
PRELIMINARY LOCAL CLIMATOLOGICAL DATA (WS FORM: F-6)

                                          STATION:   MINERAL WELLS
                                          MONTH:     FEBRUARY
                                          YEAR:      2017
                                          LATITUDE:   32 46 N
                                          LONGITUDE:  98  4 W

  TEMPERATURE IN F:       :PCPN:    SNOW:  WIND      :SUNSHINE: SKY     :PK WND
================================================================================
1   2   3   4   5  6A  6B    7    8   9   10  11  12  13   14  15   16   17  18
                                     12Z  AVG MX 2MIN
DY MAX MIN AVG DEP HDD CDD  WTR  SNW DPTH SPD SPD DIR MIN PSBL S-S WX    SPD DR
================================================================================

 1  75  42  59  12   6   0 0.00  0.0    0  9.5 16 290   M    M   0        19 310
 2  47  33  40  -7  25   0 0.00  0.0    0 12.0 20 350   M    M   7        25 340
 3  52  33  43  -4  22   0 0.00  0.0    0  7.8 17  30   M    M   9        21  30
 4  56  44  50   3  15   0 0.00  0.0    0  9.3 16 170   M    M  10 1      19 180
 5  79  49  64  17   1   0 0.00  0.0    0  9.5 17 190   M    M   5 128    24 210
 6  84  56  70  23   0   5 0.00  0.0    0 11.9 25 210   M    M   1 1      30 210
 7  79  51  65  17   0   0 0.00  0.0    0 11.3 22 280   M    M   0        27 280
 8  65  37  51   3  14   0 0.00  0.0    0 11.2 26 340   M    M   1        32 340
 9  63  31  47  -1  18   0 0.00  0.0    0  8.3 16 150   M    M   0        20 140
10  81  41  61  13   4   0 0.00  0.0    0 11.9 22 180   M    M   0        29 170
11  91  55  73  25   0   8 0.00  0.0    0 10.2 16 170   M    M   0 1      22 160
12  72  55  64  16   1   0 0.00  0.0    0 14.4 25 360   M    M   3 1      32  30
13  65  45  55   6  10   0 0.03  0.0    0  9.9 18 360   M    M  10        24  10
14  48  40  44  -5  21   0 0.85  0.0    0 13.1 23 330   M    M  10 1      30 330
15  59  35  47  -2  18   0 0.00  0.0    0  7.6 18 330   M    M   1        23 330
16  69  29  49   0  16   0 0.00  0.0    0  5.7 13 150   M    M   0        17 230
17  75  40  58   8   7   0 0.00  0.0    0 10.8 24 190   M    M   3        28 190
18  77  46  62  12   3   0 0.00  0.0    0  6.6 20 150   M    M   1 12     25 150
19  75  56  66  16   0   1 0.47  0.0    0 11.2 24 260   M    M   7 138    30 270
================================================================================
SM 1312  818       181  14  1.35     0.0 192.2          M       68
================================================================================
AV 69.1 43.1                              10.1 FASTST   M    M   4    MAX(MPH)
                                 MISC ---->  # 26 340               # 32  340
================================================================================
NOTES:
# LAST OF SEVERAL OCCURRENCES

COLUMN 17 PEAK WIND IN M.P.H.

PRELIMINARY LOCAL CLIMATOLOGICAL DATA (WS FORM: F-6) , PAGE 2

                                          STATION:  MINERAL WELLS
                                          MONTH:    FEBRUARY
                                          YEAR:     2017
                                          LATITUDE:   32 46 N
                                          LONGITUDE:  98  4 W

[TEMPERATURE DATA]      [PRECIPITATION DATA]       SYMBOLS USED IN COLUMN 16

AVERAGE MONTHLY: 56.1   TOTAL FOR MONTH:   1.35    1 = FOG OR MIST
DPTR FM NORMAL:   7.8   DPTR FM NORMAL:   -0.02    2 = FOG REDUCING VISIBILITY
HIGHEST:    91 ON 11    GRTST 24HR  0.88 ON 13-14      TO 1/4 MILE OR LESS
LOWEST:     29 ON 16                               3 = THUNDER
                        SNOW, ICE PELLETS, HAIL    4 = ICE PELLETS
                        TOTAL MONTH:   0.0 INCH    5 = HAIL
                        GRTST 24HR     0.0         6 = FREEZING RAIN OR DRIZZLE
                        GRTST DEPTH:   0           7 = DUSTSTORM OR SANDSTORM:
                                                       VSBY 1/2 MILE OR LESS
                                                   8 = SMOKE OR HAZE
[NO. OF DAYS WITH]      [WEATHER - DAYS WITH]      9 = BLOWING SNOW
                                                   X = TORNADO
MAX 32 OR BELOW:   0    0.01 INCH OR MORE:   3
MAX 90 OR ABOVE:   1    0.10 INCH OR MORE:   2
MIN 32 OR BELOW:   2    0.50 INCH OR MORE:   1
MIN  0 OR BELOW:   0    1.00 INCH OR MORE:   0

[HDD (BASE 65) ]
TOTAL THIS MO.   181    CLEAR  (SCALE 0-3)  12
DPTR FM NORMAL  -140    PTCLDY (SCALE 4-7)   3
TOTAL FM JUL 1  1445    CLOUDY (SCALE 8-10)  4
DPTR FM NORMAL  -526

[CDD (BASE 65) ]
TOTAL THIS MO.    14
DPTR FM NORMAL    14    [PRESSURE DATA]
TOTAL FM JAN 1    14    HIGHEST SLP M ON M
DPTR FM NORMAL    13    LOWEST  SLP 29.58 ON  8

[REMARKS]
