000
CXUS54 KLZK 291330
CF6MWT
PRELIMINARY LOCAL CLIMATOLOGICAL DATA (WS FORM: F-6)

                                          STATION:   Mount Ida
                                          MONTH:     MARCH
                                          YEAR:      2015
                                          LATITUDE:   34 32 N
                                          LONGITUDE:  93 35 W

  TEMPERATURE IN F:       :PCPN:    SNOW:  WIND      :SUNSHINE: SKY     :PK WND
================================================================================
1   2   3   4   5  6A  6B    7    8   9   10  11  12  13   14  15   16   17  18
                                     12Z  AVG MX 2MIN
DY MAX MIN AVG DEP HDD CDD  WTR  SNW DPTH SPD SPD DIR MIN PSBL S-S WX    SPD DR
================================================================================

 1  40  33  37 -11  28   0 0.51  0.0    0  1.2  7 320   M    M   9 1       9 350
 2  38  34  36 -13  29   0 0.10    M    0  2.3  8  80   M    M  10 1      13 130
 3  61  35  48  -1  17   0 0.04    M    0  1.5  8 280   M    M  10 12     12 300
 4  53  26  40  -9  25   0 1.56    M    0  3.5 12 350   M    M  10 1      20  40
 5  41  22  32 -18  33   0 0.12    M    0  3.4 12  10   M    M   3 18     20  30
 6  52  17  35 -15  30   0 0.00  0.0    0  1.1  8 280   M    M   0        12 360
 7  65  24  45  -5  20   0 0.00  0.0    0  2.3 10 200   M    M   0        15 220
 8  50  33  42  -8  23   0 0.26  0.0    0  0.5  8 190   M    M   9 1      12 190
 9  49  45  47  -4  18   0 1.39    M    0  1.3  7  90   M    M  10 1      12  60
10  55  47  51   0  14   0 0.07    M    0  2.0  9 340   M    M   9 1      15 330
11  69  47  58   7   7   0 0.00  0.0    0  1.2  8 130   M    M   5 1      16 170
12  56  46  51   0  14   0 1.12    M    0  0.9  6  90   M    M   8 1       9  70
13  65  53  59   7   6   0 0.94  0.0    0  0.3  5 260   M    M  10 12      7 330
14  62  55  59   7   6   0 0.13  0.0    0  0.8  8  30   M    M  10 18     12  40
15  72  49  61   9   4   0 0.00  0.0    0  0.9  7 130   M    M   6 12     10 140
16  71  48  60   8   5   0 0.00  0.0    0  2.1 10 240   M    M   1 1      18 260
17  82  50  66  13   0   1 0.00  0.0    0  3.3 12 320   M    M   2 1      20 100
18  59  45  52  -1  13   0 0.18    M    0  2.9  8 100   M    M   9 1      14 100
19  57  45  51  -2  14   0    T    M    0  0.9  7 130   M    M  10 1      12  10
20  67  55  61   7   4   0 1.00  0.0    0  0.0  0   0   M    M   8 1       M  M
21  60  51  56   2   9   0    T  0.0    0   M   M   M   M    M   6 12      M  M
22  57  47  52  -2  13   0 0.63    M    0   M   M   M   M    M  10 12      M  M
23  74  40  57   3   8   0 0.00  0.0    0  2.3  9 150   M    M   4 12     11 140
24  78  48  63   9   2   0 0.00  0.0    0  2.8 14 220   M    M   0        23 230
25  82  61  72  17   0   7    T  0.0    0  4.4 13 170   M    M   3        22 180
26  68  39  54  -1  11   0 0.53    M    0  4.2 14 340   M    M   6 1      22 350
27  59  39  49  -6  16   0 0.00  0.0    0  2.5 13 340   M    M   5        21 340
28  62  37  50  -5  15   0    T    M    0  4.8 14 140   M    M   2        20 140
================================================================================
SM 1704 1171       384   8  8.58     0.0  53.4          M      175
================================================================================
AV 60.9 41.8                               2.1 FASTST   M    M   6    MAX(MPH)
                                 MISC ---->  # 14 220               # 23  230
================================================================================
NOTES:
# LAST OF SEVERAL OCCURRENCES

COLUMN 17 PEAK WIND IN M.P.H.

PRELIMINARY LOCAL CLIMATOLOGICAL DATA (WS FORM: F-6) , PAGE 2

                                          STATION:  Mount Ida
                                          MONTH:    MARCH
                                          YEAR:     2015
                                          LATITUDE:   34 32 N
                                          LONGITUDE:  93 35 W

[TEMPERATURE DATA]      [PRECIPITATION DATA]       SYMBOLS USED IN COLUMN 16

AVERAGE MONTHLY: 51.3   TOTAL FOR MONTH:   8.58    1 = FOG OR MIST
DPTR FM NORMAL:  -0.7   DPTR FM NORMAL:    4.06    2 = FOG REDUCING VISIBILITY
HIGHEST:    82 ON 25,17 GRTST 24HR  1.56 ON  4- 4      TO 1/4 MILE OR LESS
LOWEST:     17 ON  6                               3 = THUNDER
                        SNOW, ICE PELLETS, HAIL    4 = ICE PELLETS
                        TOTAL MONTH:   0.0 INCH    5 = HAIL
                        GRTST 24HR     0.0         6 = FREEZING RAIN OR DRIZZLE
                        GRTST DEPTH:   0           7 = DUSTSTORM OR SANDSTORM:
                                                       VSBY 1/2 MILE OR LESS
                                                   8 = SMOKE OR HAZE
[NO. OF DAYS WITH]      [WEATHER - DAYS WITH]      9 = BLOWING SNOW
                                                   X = TORNADO
MAX 32 OR BELOW:   0    0.01 INCH OR MORE:  15
MAX 90 OR ABOVE:   0    0.10 INCH OR MORE:  13
MIN 32 OR BELOW:   4    0.50 INCH OR MORE:   8
MIN  0 OR BELOW:   0    1.00 INCH OR MORE:   4

[HDD (BASE 65) ]
TOTAL THIS MO.   384    CLEAR  (SCALE 0-3)   7
DPTR FM NORMAL    10    PTCLDY (SCALE 4-7)   8
TOTAL FM JUL 1  3145    CLOUDY (SCALE 8-10) 13
DPTR FM NORMAL   100

[CDD (BASE 65) ]
TOTAL THIS MO.     8
DPTR FM NORMAL     3    [PRESSURE DATA]
TOTAL FM JAN 1     8    HIGHEST SLP M ON M
DPTR FM NORMAL     0    LOWEST  SLP 29.72 ON 25

[REMARKS]
ALL SNOWFALL DATA IS FROM THE MT IDA 1 SSE COOPERATIVE OBSERVER SITE
