000
CXUS56 KSGX 301445
CF6MYF
PRELIMINARY LOCAL CLIMATOLOGICAL DATA (WS FORM: F-6)

                                          STATION:   SAN DIEGO/MONTGOMERY FLD CA
                                          MONTH:     JULY
                                          YEAR:      2015
                                          LATITUDE:   32 49 N
                                          LONGITUDE: 117  9 W

  TEMPERATURE IN F:       :PCPN:    SNOW:  WIND      :SUNSHINE: SKY     :PK WND
================================================================================
1   2   3   4   5  6A  6B    7    8   9   10  11  12  13   14  15   16   17  18
                                     12Z  AVG MX 2MIN
DY MAX MIN AVG DEP HDD CDD  WTR  SNW DPTH SPD SPD DIR MIN PSBL S-S WX    SPD DR
================================================================================

 1  84  69  77   8   0  12 0.01  0.0    0  3.9 13 250   M    M   2 18     14 250
 2  84  66  75   5   0  10 0.00  0.0    0  5.6 14 250   M    M   4 128    18 230
 3  80  66  73   3   0   8 0.00  0.0    0  5.8 14 290   M    M   6        18 300
 4  77  65  71   1   0   6 0.00  0.0    0  6.0 13 280   M    M   8        17 270
 5  72  64  68  -2   0   3    T  0.0    0  6.4 12 280   M    M  10        16 310
 6  72  64  68  -2   0   3    T  0.0    0  6.0 12 250   M    M  10        17 310
 7  75  63  69  -1   0   4    T  0.0    0  5.0 13 250   M    M   8 1      17 240
 8  74  64  69  -1   0   4 0.00  0.0    0  6.4 15 250   M    M   9        20 230
 9  74  65  70  -1   0   5 0.00  0.0    0  6.9 15 230   M    M   7        22 290
10  76  64  70  -1   0   5    T  0.0    0  6.6 15 290   M    M   5 1      22 300
11  77  61  69  -2   0   4 0.00  0.0    0  4.9 15 250   M    M   2        21 280
12  80  63  72   1   0   7 0.00  0.0    0  4.9 13 310   M    M   2        19 310
13  81  63  72   1   0   7 0.00  0.0    0  5.4 14 300   M    M   2 1      18 240
14  76  65  71   0   0   6 0.00  0.0    0  5.2 14 260   M    M   5        19 240
15  77  64  71   0   0   6 0.00  0.0    0  5.5 12 260   M    M   5        16 250
16  79  65  72   1   0   7 0.00  0.0    0  5.8 13 320   M    M   3        18 250
17  81  65  73   1   0   8 0.00  0.0    0  6.1 12 290   M    M   3        16 310
18  81  64  73   1   0   8 1.42  0.0    0  5.7 16  50   M    M   4 13     20  40
19  87  72  80   8   0  15 1.03  0.0    0  4.6 13 250   M    M   3 1      15 210
20  82  70  76   4   0  11 0.00  0.0    0  5.3 13 260   M    M   6 1      17 260
21  80  68  74   2   0   9 0.00  0.0    0  5.6 13 300   M    M   9 1      18 270
22  81  70  76   4   0  11 0.00  0.0    0  5.7 14 240   M    M   6        19 240
23  82  69  76   4   0  11 0.00  0.0    0  6.0 13 290   M    M   5        20 310
24  83  68  76   4   0  11 0.00  0.0    0  4.4 12 300   M    M   4        16 270
25  88  66  77   5   0  12 0.00  0.0    0  5.1 12 310   M    M   1 12     16 290
26  80  66  73   1   0   8 0.00  0.0    0  5.7 13 280   M    M   2 1      18 260
27  77  66  72   0   0   7 0.00  0.0    0  5.1 13 230   M    M   3        18 260
28  80  64  72   0   0   7 0.00  0.0    0  5.3 14 240   M    M   2        17 260
29  79  67  73   1   0   8 0.00  0.0    0  5.1 13 240   M    M   5        20 260
================================================================================
SM 2299 1906         0 223  2.46     0.0 160.0          M      141
================================================================================
AV 79.3 65.7                               5.5 FASTST   M    M   5    MAX(MPH)
                                 MISC ---->  # 16  50               # 22  290
================================================================================
NOTES:
# LAST OF SEVERAL OCCURRENCES

COLUMN 17 PEAK WIND IN M.P.H.

PRELIMINARY LOCAL CLIMATOLOGICAL DATA (WS FORM: F-6) , PAGE 2

                                          STATION:  SAN DIEGO/MONTGOMERY FLD CA
                                          MONTH:    JULY
                                          YEAR:     2015
                                          LATITUDE:   32 49 N
                                          LONGITUDE: 117  9 W

[TEMPERATURE DATA]      [PRECIPITATION DATA]       SYMBOLS USED IN COLUMN 16

AVERAGE MONTHLY: 72.5   TOTAL FOR MONTH:   2.46    1 = FOG OR MIST
DPTR FM NORMAL:   1.4   DPTR FM NORMAL:    2.40    2 = FOG REDUCING VISIBILITY
HIGHEST:    88 ON 25    GRTST 24HR  1.42 ON 17-18      TO 1/4 MILE OR LESS
LOWEST:     61 ON 11                               3 = THUNDER
                        SNOW, ICE PELLETS, HAIL    4 = ICE PELLETS
                        TOTAL MONTH:   0.0 INCH    5 = HAIL
                        GRTST 24HR     0.0         6 = FREEZING RAIN OR DRIZZLE
                        GRTST DEPTH:   0           7 = DUSTSTORM OR SANDSTORM:
                                                       VSBY 1/2 MILE OR LESS
                                                   8 = SMOKE OR HAZE
[NO. OF DAYS WITH]      [WEATHER - DAYS WITH]      9 = BLOWING SNOW
                                                   X = TORNADO
MAX 32 OR BELOW:   0    0.01 INCH OR MORE:   3
MAX 90 OR ABOVE:   0    0.10 INCH OR MORE:   2
MIN 32 OR BELOW:   0    0.50 INCH OR MORE:   2
MIN  0 OR BELOW:   0    1.00 INCH OR MORE:   2

[HDD (BASE 65) ]
TOTAL THIS MO.     0    CLEAR  (SCALE 0-3)   9
DPTR FM NORMAL     0    PTCLDY (SCALE 4-7)  15
TOTAL FM JUL 1     0    CLOUDY (SCALE 8-10)  5
DPTR FM NORMAL     0

[CDD (BASE 65) ]
TOTAL THIS MO.   223
DPTR FM NORMAL    44    [PRESSURE DATA]
TOTAL FM JAN 1   547    HIGHEST SLP M ON M
DPTR FM NORMAL   250    LOWEST  SLP 29.76 ON 17

[REMARKS]
