000
CXUS56 KSTO 281425
CF6MYV
PRELIMINARY LOCAL CLIMATOLOGICAL DATA (WS FORM: F-6)

                                          STATION:   MARYSVILLE AIRPORT CA
                                          MONTH:     JUNE
                                          YEAR:      2017
                                          LATITUDE:   39  5 N
                                          LONGITUDE: 121 34 W

  TEMPERATURE IN F:       :PCPN:    SNOW:  WIND      :SUNSHINE: SKY     :PK WND
================================================================================
1   2   3   4   5  6A  6B    7    8   9   10  11  12  13   14  15   16   17  18
                                     12Z  AVG MX 2MIN
DY MAX MIN AVG DEP HDD CDD  WTR  SNW DPTH SPD SPD DIR MIN PSBL S-S WX    SPD DR
================================================================================

 1  86  59  73   3   0   8 0.00  0.0    0  5.5 12 160   M    M   0        16 240
 2  92  57  75   5   0  10 0.00  0.0    0  4.3  9 140   M    M   0        13 270
 3  91  63  77   6   0  12 0.00  0.0    0  5.2 12 140   M    M   0        14 140
 4  91  59  75   4   0  10 0.00  0.0    0  8.6 14 170   M    M   0        16 140
 5  93  53  73   2   0   8 0.00  0.0    0  3.1 10 160   M    M   0        23  30
 6  94  58  76   4   0  11 0.00  0.0    0  5.8 13 200   M    M   0        28 150
 7  86  60  73   1   0   8 0.00  0.0    0 12.0 21 150   M    M   0        26 150
 8  69  50  60 -12   5   0    M  0.0    0  7.5 17 190   M    M   8 18     22 150
 9  80  56  68  -4   0   3 0.01  0.0    0  9.5 21 180   M    M   6        26 170
10  77  51  64  -8   1   0 0.00  0.0    0  7.1 16 270   M    M   2        21 160
11  70  53  62 -11   3   0 0.03  0.0    0  8.1 21 350   M    M   6 3      27 100
12  74  51  63 -10   2   0 0.00  0.0    0  7.3 17 150   M    M   4        21 150
13  86  51  69  -4   0   4 0.00  0.0    0  2.8 10 240   M    M   0        17 360
14  91  55  73   0   0   8 0.00  0.0    0  3.5  9 210   M    M   0        12 290
15  95  58  77   3   0  12 0.00  0.0    0  4.7 12 330   M    M   0        17 330
16 100  65  83   9   0  18 0.00  0.0    0  7.2 18 330   M    M   0        23 330
17 101  74  88  14   0  23 0.00  0.0    0 11.1 20 320   M    M   0 8      25 320
18 108  79  94  20   0  29 0.00  0.0    0 10.0 20 340   M    M   0        26 330
19 108  74  91  17   0  26 0.00  0.0    0  5.1 12 140   M    M   0        17 150
20 107  74  91  16   0  26 0.00  0.0    0  4.5 12 150   M    M   0        14 150
21 108  72  90  15   0  25 0.00  0.0    0  4.1 12 340   M    M   0        18 280
22 108  79  94  19   0  29 0.00  0.0    0 11.1 23 340   M    M   0        28 330
23 103  71  87  12   0  22 0.00  0.0    0  6.3 13 190   M    M   0        22 200
24 101  67  84   9   0  19 0.00  0.0    0  6.4 17 170   M    M   0        23 170
25  96  64  80   4   0  15 0.00  0.0    0  9.7 16 160   M    M   0        28 120
26  89  59  74  -2   0   9 0.00  0.0    0 12.7 20 160   M    M   0        24 160
27  92  58  75  -1   0  10 0.00  0.0    0  8.3 15 160   M    M   0        19 170
================================================================================
SM 2496 1670        11 345  0.04     0.0 191.5          M       26
================================================================================
AV 92.4 61.9                               7.1 FASTST   M    M   1    MAX(MPH)
                                 MISC ---->  # 23 340               # 28  150
================================================================================
NOTES:
# LAST OF SEVERAL OCCURRENCES

COLUMN 17 PEAK WIND IN M.P.H.

PRELIMINARY LOCAL CLIMATOLOGICAL DATA (WS FORM: F-6) , PAGE 2

                                          STATION:  MARYSVILLE AIRPORT CA
                                          MONTH:    JUNE
                                          YEAR:     2017
                                          LATITUDE:   39  5 N
                                          LONGITUDE: 121 34 W

[TEMPERATURE DATA]      [PRECIPITATION DATA]       SYMBOLS USED IN COLUMN 16

AVERAGE MONTHLY: 77.2   TOTAL FOR MONTH:   0.04    1 = FOG OR MIST
DPTR FM NORMAL:   3.9   DPTR FM NORMAL:   -0.32    2 = FOG REDUCING VISIBILITY
HIGHEST:   108 ON 22,21 GRTST 24HR  0.10 ON 31- 1      TO 1/4 MILE OR LESS
LOWEST:     50 ON  8                               3 = THUNDER
                        SNOW, ICE PELLETS, HAIL    4 = ICE PELLETS
                        TOTAL MONTH:   0.0 INCH    5 = HAIL
                        GRTST 24HR     0.0         6 = FREEZING RAIN OR DRIZZLE
                        GRTST DEPTH:   0           7 = DUSTSTORM OR SANDSTORM:
                                                       VSBY 1/2 MILE OR LESS
                                                   8 = SMOKE OR HAZE
[NO. OF DAYS WITH]      [WEATHER - DAYS WITH]      9 = BLOWING SNOW
                                                   X = TORNADO
MAX 32 OR BELOW:   0    0.01 INCH OR MORE:   2
MAX 90 OR ABOVE:  18    0.10 INCH OR MORE:   0
MIN 32 OR BELOW:   0    0.50 INCH OR MORE:   0
MIN  0 OR BELOW:   0    1.00 INCH OR MORE:   0

[HDD (BASE 65) ]
TOTAL THIS MO.    11    CLEAR  (SCALE 0-3)  23
DPTR FM NORMAL    11    PTCLDY (SCALE 4-7)   3
TOTAL FM JUL 1  2412    CLOUDY (SCALE 8-10)  1
DPTR FM NORMAL  -319

[CDD (BASE 65) ]
TOTAL THIS MO.   345
DPTR FM NORMAL   119    [PRESSURE DATA]
TOTAL FM JAN 1   504    HIGHEST SLP M ON M
DPTR FM NORMAL   153    LOWEST  SLP 29.60 ON 21

[REMARKS]
