000
CXUS56 KSTO 251455
CF6MYV
PRELIMINARY LOCAL CLIMATOLOGICAL DATA (WS FORM: F-6)

                                          STATION:   MARYSVILLE AIRPORT CA
                                          MONTH:     DECEMBER
                                          YEAR:      2014
                                          LATITUDE:   39  5 N
                                          LONGITUDE: 121 34 W

  TEMPERATURE IN F:       :PCPN:    SNOW:  WIND      :SUNSHINE: SKY     :PK WND
================================================================================
1   2   3   4   5  6A  6B    7    8   9   10  11  12  13   14  15   16   17  18
                                     12Z  AVG MX 2MIN
DY MAX MIN AVG DEP HDD CDD  WTR  SNW DPTH SPD SPD DIR MIN PSBL S-S WX    SPD DR
================================================================================

 1  65  51  58  11   7   0 0.07  0.0    0  4.9 10 340   M    M   7 1      14 350
 2  56  51  54   7  11   0 0.30  0.0    0  4.5 14  90   M    M   8 1      16  90
 3  63  56  60  14   5   0 2.01  0.0    0 12.0 30 150   M    M   8 1      38 160
 4  66  53  60  14   5   0 0.22  0.0    0  5.1 12 180   M    M   8 1      14 150
 5  66  55  61  15   4   0 0.09  0.0    0  8.8 20 160   M    M   8 1      24 160
 6  67  51  59  13   6   0 0.47  0.0    0  6.2 21 160   M    M   6 1      27 160
 7  61  48  55   9  10   0 0.00  0.0    0  3.2  9  80   M    M   3 12     11  80
 8  63  48  56  10   9   0    T    M    0  2.3 15 250   M    M   7 1      23  90
 9  62  47  55   9  10   0 0.00  0.0    0  2.0  8  50   M    M   4 12     10 270
10  57  51  54   8  11   0 0.06  0.0    0 10.0 18 170   M    M   9 128    24 160
11  59  50  55  10  10   0 3.33  0.0    0 11.8 35 180   M    M   9 1      45 180
12  53  49  51   6  14   0 0.57    M    0  5.1 14 160   M    M  10 1      16 170
13  57  43  50   5  15   0 0.00  0.0    0  2.5  9 360   M    M   6 1      13 280
14  52  42  47   2  18   0 0.00  0.0    0  2.4 12  90   M    M   4 1      14  90
15  51  47  49   4  16   0 0.71    M    0  6.2 16  90   M    M  10 1      20  90
16  61  49  55  10  10   0 0.55    M    0 11.1 21 160   M    M   8 1      26 160
17  56  49  53   8  12   0 0.11    M    0 10.5 20 160   M    M   9 1      23 160
18  59  49  54   9  11   0 0.03    M    0  4.7 14 130   M    M   8 1      17 130
19  54  51  53   8  12   0 0.66  0.0    0  9.9 20 150   M    M  10 1      24 150
20  57  52  55  10  10   0 0.05  0.0    0  9.3 17 170   M    M  10 1      22 160
21  63  54  59  14   6   0 0.00  0.0    0  6.8 14 140   M    M   8 1      17 140
22  63  50  57  12   8   0 0.00  0.0    0  5.8 13 320   M    M   6 12     17 340
23  61  47  54   9  11   0 0.00  0.0    0  2.8  8 180   M    M   4 12     11 170
24  60  45  53   8  12   0 0.01    M    0 10.4 22 310   M    M   5 1      29 310
================================================================================
SM 1432 1188       243   0  9.24     0.0 158.3          M      175
================================================================================
AV 59.7 49.5                               6.6 FASTST   M    M   7    MAX(MPH)
                                 MISC ---->  # 35 180               # 45  180
================================================================================
NOTES:
# LAST OF SEVERAL OCCURRENCES

COLUMN 17 PEAK WIND IN M.P.H.

PRELIMINARY LOCAL CLIMATOLOGICAL DATA (WS FORM: F-6) , PAGE 2

                                          STATION:  MARYSVILLE AIRPORT CA
                                          MONTH:    DECEMBER
                                          YEAR:     2014
                                          LATITUDE:   39  5 N
                                          LONGITUDE: 121 34 W

[TEMPERATURE DATA]      [PRECIPITATION DATA]       SYMBOLS USED IN COLUMN 16

AVERAGE MONTHLY: 54.6   TOTAL FOR MONTH:   9.24    1 = FOG OR MIST
DPTR FM NORMAL:   9.1   DPTR FM NORMAL:    6.73    2 = FOG REDUCING VISIBILITY
HIGHEST:    67 ON  6    GRTST 24HR  3.68 ON 11-12      TO 1/4 MILE OR LESS
LOWEST:     42 ON 14                               3 = THUNDER
                        SNOW, ICE PELLETS, HAIL    4 = ICE PELLETS
                        TOTAL MONTH:   0.0 INCH    5 = HAIL
                        GRTST 24HR     0.0         6 = FREEZING RAIN OR DRIZZLE
                        GRTST DEPTH:   0           7 = DUSTSTORM OR SANDSTORM:
                                                       VSBY 1/2 MILE OR LESS
                                                   8 = SMOKE OR HAZE
[NO. OF DAYS WITH]      [WEATHER - DAYS WITH]      9 = BLOWING SNOW
                                                   X = TORNADO
MAX 32 OR BELOW:   0    0.01 INCH OR MORE:  16
MAX 90 OR ABOVE:   0    0.10 INCH OR MORE:  10
MIN 32 OR BELOW:   0    0.50 INCH OR MORE:   6
MIN  0 OR BELOW:   0    1.00 INCH OR MORE:   2

[HDD (BASE 65) ]
TOTAL THIS MO.   243    CLEAR  (SCALE 0-3)   1
DPTR FM NORMAL  -224    PTCLDY (SCALE 4-7)  13
TOTAL FM JUL 1   581    CLOUDY (SCALE 8-10) 10
DPTR FM NORMAL  -381

[CDD (BASE 65) ]
TOTAL THIS MO.     0
DPTR FM NORMAL     0    [PRESSURE DATA]
TOTAL FM JAN 1  1777    HIGHEST SLP M ON M
DPTR FM NORMAL   420    LOWEST  SLP 30.11 ON 11

[REMARKS]
