000
CXUS56 KMTR 231000
CF6NUQ
PRELIMINARY LOCAL CLIMATOLOGICAL DATA (WS FORM: F-6)

                                          STATION:   MOFFETT FIELD
                                          MONTH:     MAY
                                          YEAR:      2017
                                          LATITUDE:   37 25 N
                                          LONGITUDE: 122  3 W

  TEMPERATURE IN F:       :PCPN:    SNOW:  WIND      :SUNSHINE: SKY     :PK WND
================================================================================
1   2   3   4   5  6A  6B    7    8   9   10  11  12  13   14  15   16   17  18
                                     12Z  AVG MX 2MIN
DY MAX MIN AVG DEP HDD CDD  WTR  SNW DPTH SPD SPD DIR MIN PSBL S-S WX    SPD DR
================================================================================

 1  88  55  72  11   0   7 0.00  0.0    0  5.8 17 330   M    M   0        21 330
 2  90  59  75  14   0  10 0.00  0.0    0  6.0 16 350   M    M   0        21 350
 3  90  61  76  15   0  11 0.00  0.0    0  4.6 16 350   M    M   0        20 340
 4  74  58  66   5   0   1 0.00  0.0    0  8.4 21 350   M    M   2        26 350
 5  70  52  61  -1   4   0 0.00  0.0    0  9.0 18 260   M    M   3        24 280
 6  64  51  58  -4   7   0 0.00  0.0    0  8.6 17 350   M    M   4        25 280
 7  75  50  63   1   2   0 0.00  0.0    0  5.7 17 350   M    M   0        20 350
 8  75  51  63   1   2   0 0.00  0.0    0  6.7 16 350   M    M   0        20 350
 9  79  54  67   5   0   2 0.00  0.0    0  6.2 17 350   M    M   0        22 350
10  72  52  62   0   3   0 0.00  0.0    0  7.3 18  10   M    M   0        21  30
11  70  53  62   0   3   0 0.00  0.0    0  7.7 22 350   M    M   4        26 350
12  67  52  60  -2   5   0 0.00  0.0    0 10.6 21 320   M    M   1        29 330
13  67  50  59  -3   6   0 0.00  0.0    0  8.7 24 350   M    M   1        29 350
14  67  49  58  -4   7   0 0.00  0.0    0  5.2 17 280   M    M   2        23 290
15  70  47  59  -4   6   0 0.00  0.0    0  7.6 18 270   M    M   0        25  20
16  63  51  57  -6   8   0 0.00  0.0    0  6.5 16 270   M    M   9        22 290
17  71  51  61  -2   4   0 0.00  0.0    0  8.9 21 340   M    M   1        24 350
18  81  48  65   2   0   0 0.00  0.0    0  6.5 22 350   M    M   0        25 350
19  85  54  70   7   0   5 0.00  0.0    0  4.8 18 350   M    M   0        23 350
20  85  57  71   8   0   6 0.00  0.0    0  5.5 18 340   M    M   0        23 340
21  83  58  71   8   0   6 0.00  0.0    0  5.8 15 350   M    M   0        19 340
22  77  56  67   4   0   2 0.00  0.0    0  6.0 14 330   M    M   2        17 310
================================================================================
SM 1663 1169        57  50  0.00     0.0 152.1          M       29
================================================================================
AV 75.6 53.1                               6.9 FASTST   M    M   1    MAX(MPH)
                                 MISC ---->  # 24 350               # 29  330
================================================================================
NOTES:
# LAST OF SEVERAL OCCURRENCES

COLUMN 17 PEAK WIND IN M.P.H.

PRELIMINARY LOCAL CLIMATOLOGICAL DATA (WS FORM: F-6) , PAGE 2

                                          STATION:  MOFFETT FIELD
                                          MONTH:    MAY
                                          YEAR:     2017
                                          LATITUDE:   37 25 N
                                          LONGITUDE: 122  3 W

[TEMPERATURE DATA]      [PRECIPITATION DATA]       SYMBOLS USED IN COLUMN 16

AVERAGE MONTHLY: 64.4   TOTAL FOR MONTH:   0.00    1 = FOG OR MIST
DPTR FM NORMAL:   2.2   DPTR FM NORMAL:   -0.39    2 = FOG REDUCING VISIBILITY
HIGHEST:    90 ON  3, 2 GRTST 24HR  0.00 ON 22-22      TO 1/4 MILE OR LESS
LOWEST:     47 ON 15                               3 = THUNDER
                        SNOW, ICE PELLETS, HAIL    4 = ICE PELLETS
                        TOTAL MONTH:   0.0 INCH    5 = HAIL
                        GRTST 24HR     0.0         6 = FREEZING RAIN OR DRIZZLE
                        GRTST DEPTH:   0           7 = DUSTSTORM OR SANDSTORM:
                                                       VSBY 1/2 MILE OR LESS
                                                   8 = SMOKE OR HAZE
[NO. OF DAYS WITH]      [WEATHER - DAYS WITH]      9 = BLOWING SNOW
                                                   X = TORNADO
MAX 32 OR BELOW:   0    0.01 INCH OR MORE:   0
MAX 90 OR ABOVE:   2    0.10 INCH OR MORE:   0
MIN 32 OR BELOW:   0    0.50 INCH OR MORE:   0
MIN  0 OR BELOW:   0    1.00 INCH OR MORE:   0

[HDD (BASE 65) ]
TOTAL THIS MO.    57    CLEAR  (SCALE 0-3)  18
DPTR FM NORMAL   -27    PTCLDY (SCALE 4-7)   3
TOTAL FM JUL 1  1982    CLOUDY (SCALE 8-10)  1
DPTR FM NORMAL  -149

[CDD (BASE 65) ]
TOTAL THIS MO.    50
DPTR FM NORMAL    28    [PRESSURE DATA]
TOTAL FM JAN 1    52    HIGHEST SLP M ON M
DPTR FM NORMAL    15    LOWEST  SLP 29.71 ON  7

[REMARKS]
