000
CXUS51 KOKX 240701
CF6NYC
PRELIMINARY LOCAL CLIMATOLOGICAL DATA (WS FORM: F-6)

                                          STATION:   CENTRAL PARK NY
                                          MONTH:     APRIL
                                          YEAR:      2014
                                          LATITUDE:   40 46 N
                                          LONGITUDE:  73 58 W

  TEMPERATURE IN F:       :PCPN:    SNOW:  WIND      :SUNSHINE: SKY     :PK WND
================================================================================
1   2   3   4   5  6A  6B    7    8   9   10  11  12  13   14  15   16   17  18
                                     12Z  AVG MX 2MIN
DY MAX MIN AVG DEP HDD CDD  WTR  SNW DPTH SPD SPD DIR MIN PSBL S-S WX    SPD DR
================================================================================

 1  60  39  50   2  15   0 0.00  0.0    0  4.7 17  20   M    M   0        24  20
 2  54  42  48   0  17   0 0.00  0.0    0  1.9  9 230   M    M   3        14 240
 3  67  46  57   8   8   0 0.07  0.0    0  3.7 10 190   M    M   1        15 190
 4  47  40  44  -5  21   0 0.21  0.0    0  8.4 15  90   M    M   8 18     23 140
 5  54  40  47  -2  18   0 0.00  0.0    0  8.4 20 280   M    M   5 1      36 290
 6  61  36  49  -1  16   0 0.00  0.0    0  4.2 13 280   M    M   0        18 310
 7  53  43  48  -2  17   0 0.52  0.0    0  6.1 16  70   M    M   5 18     23  50
 8  64  46  55   5  10   0 0.34  0.0    0  6.9 17 290   M    M   7 18     30 250
 9  61  45  53   2  12   0 0.00  0.0    0  6.9 17 310   M    M   1        31 310
10  58  42  50  -1  15   0 0.00  0.0    0  7.0 16 170   M    M   0        28 180
11  75  56  66  14   0   1 0.00  0.0    0  5.9 13 270   M    M   2        22 260
12  73  50  62  10   3   0 0.00  0.0    0  4.3 14 210   M    M   1        21 180
13  77  54  66  14   0   1 0.00  0.0    0  5.7 15 180   M    M   2        23 180
14  75  59  67  14   0   2 0.00  0.0    0  7.4 17 180   M    M   1        29 180
15  63  33  48  -5  17   0 0.71    T    0  8.8 17 310   M    M   8 18     30 320
16  49  31  40 -13  25   0 0.05    T    0  7.6 16 310   M    M   2 1      31 300
17  48  36  42 -12  23   0 0.00  0.0    0  7.8 17  60   M    M   2        22  50
18  49  35  42 -12  23   0 0.00  0.0    0  5.4 14  70   M    M   4        20  40
19  68  41  55   1  10   0 0.00  0.0    0  5.5 16  50   M    M   0        21  50
20  60  45  53  -2  12   0 0.00  0.0    0  6.3 16  70   M    M   0        25  60
21  67  41  54  -1  11   0 0.00  0.0    0  4.2 13 150   M    M   0        18 150
22  71  51  61   6   4   0 0.01  0.0    0  5.5 13 240   M    M   3        21 240
23  61  44  53  -3  12   0 0.00  0.0    0  9.4 21 310   M    M   8        36 300
================================================================================
SM 1415  995       289   4  1.91    T    142.0          M       63
================================================================================
AV 61.5 43.3                               6.2 FASTST   M    M   3    MAX(MPH)
                                 MISC ---->  # 21 310               # 36  290
================================================================================
NOTES:
# LAST OF SEVERAL OCCURRENCES

COLUMN 17 PEAK WIND IN M.P.H.

PRELIMINARY LOCAL CLIMATOLOGICAL DATA (WS FORM: F-6) , PAGE 2

                                          STATION:  CENTRAL PARK NY
                                          MONTH:    APRIL
                                          YEAR:     2014
                                          LATITUDE:   40 46 N
                                          LONGITUDE:  73 58 W

[TEMPERATURE DATA]      [PRECIPITATION DATA]       SYMBOLS USED IN COLUMN 16

AVERAGE MONTHLY: 52.4   TOTAL FOR MONTH:   1.91    1 = FOG OR MIST
DPTR FM NORMAL:   0.5   DPTR FM NORMAL:   -1.61    2 = FOG REDUCING VISIBILITY
HIGHEST:    77 ON 13    GRTST 24HR  0.86 ON  7- 8      TO 1/4 MILE OR LESS
LOWEST:     31 ON 16                               3 = THUNDER
                        SNOW, ICE PELLETS, HAIL    4 = ICE PELLETS
                        TOTAL MONTH:    T          5 = HAIL
                        GRTST 24HR    T  ON 16-16  6 = FREEZING RAIN OR DRIZZLE
                        GRTST DEPTH:   0           7 = DUSTSTORM OR SANDSTORM:
                                                       VSBY 1/2 MILE OR LESS
                                                   8 = SMOKE OR HAZE
[NO. OF DAYS WITH]      [WEATHER - DAYS WITH]      9 = BLOWING SNOW
                                                   X = TORNADO
MAX 32 OR BELOW:   0    0.01 INCH OR MORE:   7
MAX 90 OR ABOVE:   0    0.10 INCH OR MORE:   4
MIN 32 OR BELOW:   1    0.50 INCH OR MORE:   2
MIN  0 OR BELOW:   0    1.00 INCH OR MORE:   0

[HDD (BASE 65) ]
TOTAL THIS MO.   289    CLEAR  (SCALE 0-3)  16
DPTR FM NORMAL   -20    PTCLDY (SCALE 4-7)   7
TOTAL FM JUL 1  4801    CLOUDY (SCALE 8-10)  0
DPTR FM NORMAL   270

[CDD (BASE 65) ]
TOTAL THIS MO.     4
DPTR FM NORMAL     2    [PRESSURE DATA]
TOTAL FM JAN 1     4    HIGHEST SLP M ON M
DPTR FM NORMAL     1    LOWEST  SLP 29.40 ON  8

[REMARKS]
