000
CXUS55 KPSR 221005
CF6NYL
PRELIMINARY LOCAL CLIMATOLOGICAL DATA (WS FORM: F-6)

                                          STATION:   YUMA AZ
                                          MONTH:     OCTOBER
                                          YEAR:      2014
                                          LATITUDE:   32 39 N
                                          LONGITUDE: 114 37 W

  TEMPERATURE IN F:       :PCPN:    SNOW:  WIND      :SUNSHINE: SKY     :PK WND
================================================================================
1   2   3   4   5  6A  6B    7    8   9   10  11  12  13   14  15   16   17  18
                                     12Z  AVG MX 2MIN
DY MAX MIN AVG DEP HDD CDD  WTR  SNW DPTH SPD SPD DIR MIN PSBL S-S WX    SPD DR
================================================================================

 1  96  71  84   1   0  19 0.00  0.0    0  3.6 10 150   M    M   0        12 320
 2  95  73  84   1   0  19 0.00  0.0    0 10.9 25  30   M    M   0 8      32  20
 3 100  70  85   3   0  20 0.00  0.0    0  5.5 17  30   M    M   3        21  30
 4 103  69  86   4   0  21 0.00  0.0    0  5.2 14  60   M    M   1        16  60
 5  99  69  84   2   0  19 0.00  0.0    0  3.9 12 160   M    M   1        13 150
 6  94  73  84   3   0  19 0.00  0.0    0  3.1  9 160   M    M   8        11 160
 7  88  72  80  -1   0  15 0.05  0.0    0  5.2 13 280   M    M  10        15 270
 8  88  71  80   0   0  15 0.00  0.0    0  3.6 12 150   M    M   7        15 160
 9  93  71  82   2   0  17 0.00  0.0    0  5.7 12 180   M    M   1        15 200
10  94  72  83   3   0  18 0.00  0.0    0  3.9 10 200   M    M   2        12 200
11  97  74  86   7   0  21 0.00  0.0    0  5.0 10  30   M    M   2        13  50
12  97  69  83   4   0  18 0.00  0.0    0  3.4 12 360   M    M   0        14 270
13  95  68  82   4   0  17 0.00  0.0    0  4.6 12  30   M    M   0        17  20
14  95  66  81   3   0  16 0.00  0.0    0  4.6 16  30   M    M   0        19  90
15  91  67  79   1   0  14 0.00  0.0    0  4.3 10 180   M    M   5        13 180
16  90  67  79   2   0  14 0.00  0.0    0  2.6 10 160   M    M   4 8      15 160
17  93  72  83   6   0  18    T  0.0    0  3.4 24 230   M    M   5        35 200
18  93  71  82   5   0  17 0.00  0.0    0  4.0 10 180   M    M   2        13 210
19  93  70  82   6   0  17 0.00  0.0    0  4.6 13 170   M    M   1        16 170
20  94  73  84   8   0  19 0.00  0.0    0  5.0 12  90   M    M   0        16  80
21  94  71  83   7   0  18 0.00  0.0    0  2.6 12 200   M    M   2 8      13 260
================================================================================
SM 1982 1479         0 371  0.05     0.0  94.7          M       54
================================================================================
AV 94.4 70.4                               4.5 FASTST   M    M   3    MAX(MPH)
                                 MISC ---->  # 25  30               # 35  200
================================================================================
NOTES:
# LAST OF SEVERAL OCCURRENCES

COLUMN 17 PEAK WIND IN M.P.H.

PRELIMINARY LOCAL CLIMATOLOGICAL DATA (WS FORM: F-6) , PAGE 2

                                          STATION:  YUMA AZ
                                          MONTH:    OCTOBER
                                          YEAR:     2014
                                          LATITUDE:   32 39 N
                                          LONGITUDE: 114 37 W

[TEMPERATURE DATA]      [PRECIPITATION DATA]       SYMBOLS USED IN COLUMN 16

AVERAGE MONTHLY: 82.4   TOTAL FOR MONTH:   0.05    1 = FOG OR MIST
DPTR FM NORMAL:   3.1   DPTR FM NORMAL:   -0.10    2 = FOG REDUCING VISIBILITY
HIGHEST:   103 ON  4    GRTST 24HR  0.05 ON  7- 7      TO 1/4 MILE OR LESS
LOWEST:     66 ON 14                               3 = THUNDER
                        SNOW, ICE PELLETS, HAIL    4 = ICE PELLETS
                        TOTAL MONTH:   0.0 INCH    5 = HAIL
                        GRTST 24HR     0.0         6 = FREEZING RAIN OR DRIZZLE
                        GRTST DEPTH:   0           7 = DUSTSTORM OR SANDSTORM:
                                                       VSBY 1/2 MILE OR LESS
                                                   8 = SMOKE OR HAZE
[NO. OF DAYS WITH]      [WEATHER - DAYS WITH]      9 = BLOWING SNOW
                                                   X = TORNADO
MAX 32 OR BELOW:   0    0.01 INCH OR MORE:   1
MAX 90 OR ABOVE:  19    0.10 INCH OR MORE:   0
MIN 32 OR BELOW:   0    0.50 INCH OR MORE:   0
MIN  0 OR BELOW:   0    1.00 INCH OR MORE:   0

[HDD (BASE 65) ]
TOTAL THIS MO.     0    CLEAR  (SCALE 0-3)  15
DPTR FM NORMAL     0    PTCLDY (SCALE 4-7)   5
TOTAL FM JUL 1     0    CLOUDY (SCALE 8-10)  1
DPTR FM NORMAL     0

[CDD (BASE 65) ]
TOTAL THIS MO.   371
DPTR FM NORMAL    69    [PRESSURE DATA]
TOTAL FM JAN 1  5024    HIGHEST SLP M ON M
DPTR FM NORMAL   548    LOWEST  SLP 29.67 ON 19

[REMARKS]
