000
CXUS55 KPSR 291132
CF6NYL
PRELIMINARY LOCAL CLIMATOLOGICAL DATA (WS FORM: F-6)

                                          STATION:   YUMA AZ
                                          MONTH:     JUNE
                                          YEAR:      2015
                                          LATITUDE:   32 39 N
                                          LONGITUDE: 114 37 W

  TEMPERATURE IN F:       :PCPN:    SNOW:  WIND      :SUNSHINE: SKY     :PK WND
================================================================================
1   2   3   4   5  6A  6B    7    8   9   10  11  12  13   14  15   16   17  18
                                     12Z  AVG MX 2MIN
DY MAX MIN AVG DEP HDD CDD  WTR  SNW DPTH SPD SPD DIR MIN PSBL S-S WX    SPD DR
================================================================================

 1 105  74  90   5   0  25 0.00  0.0    0  6.0 16 290   M    M   3        22 290
 2 102  72  87   1   0  22 0.00  0.0    0  6.4 15 310   M    M   0        20 260
 3 100  71  86   0   0  21 0.00  0.0    0  8.1 15 310   M    M   0        20 310
 4  98  69  84  -2   0  19 0.00  0.0    0  5.9 15 190   M    M   3        19 200
 5  96  70  83  -3   0  18 0.00  0.0    0  7.1 20 190   M    M   1        27 200
 6  94  68  81  -6   0  16 0.00  0.0    0  5.6 15 310   M    M   0        19 310
 7 101  71  86  -1   0  21 0.00  0.0    0  3.8 12 200   M    M   0        16 190
 8 103  75  89   2   0  24 0.00  0.0    0  4.4 13 210   M    M   6 8      15 200
 9  89  74  82  -5   0  17 0.31  0.0    0  5.8 17 180   M    M   8 1      20 170
10  97  70  84  -4   0  19 0.00  0.0    0  4.4 16 200   M    M   5 12     19 210
11 100  74  87  -1   0  22 0.00  0.0    0  4.4 14 220   M    M   1 8      22 290
12 103  75  89   1   0  24 0.00  0.0    0  8.4 16 210   M    M   1 8      20 210
13 105  76  91   3   0  26 0.00  0.0    0 10.8 18 160   M    M   0        22 220
14 108  78  93   4   0  28 0.00  0.0    0 10.2 17 200   M    M   0        22 210
15 111  78  95   6   0  30 0.00  0.0    0  9.1 17 190   M    M   1 8      21 190
16 111  81  96   7   0  31 0.00  0.0    0  8.4 16 200   M    M   1 8      22 170
17 114  79  97   7   0  32 0.00  0.0    0  3.9 14 210   M    M   1 8      20 190
18 116  82  99   9   0  34 0.00  0.0    0  5.5 15 210   M    M   2 8      18 240
19 114  78  96   6   0  31 0.00  0.0    0  7.3 16 250   M    M   4        20 270
20 110  81  96   6   0  31 0.00  0.0    0 11.0 20 170   M    M   0        25 180
21 108  80  94   4   0  29 0.00  0.0    0 12.0 23 160   M    M   0        27 160
22 110  80  95   4   0  30 0.00  0.0    0  9.4 21 200   M    M   5 8      25 160
23 112  79  96   5   0  31 0.00  0.0    0  6.0 15 160   M    M   2 8      18 170
24 111  81  96   5   0  31 0.00  0.0    0  8.1 21 220   M    M   2 8      24 210
25 100  83  92   0   0  27    T  0.0    0  9.2 18 160   M    M   5        22 160
26 105  83  94   2   0  29 0.00  0.0    0 13.6 25 150   M    M   M        32 140
27 107  83  95   3   0  30 0.00  0.0    0 10.1 24 150   M    M   M        30 140
28 105  84  95   3   0  30 0.00  0.0    0  7.1 21 200   M    M   0 3      30 210
================================================================================
SM 2935 2149         0 728  0.31     0.0 212.0          M       51
================================================================================
AV104.8 76.8                               7.6 FASTST   M    M   2    MAX(MPH)
                                 MISC ---->  # 25 150               # 32  140
================================================================================
NOTES:
# LAST OF SEVERAL OCCURRENCES

COLUMN 17 PEAK WIND IN M.P.H.

PRELIMINARY LOCAL CLIMATOLOGICAL DATA (WS FORM: F-6) , PAGE 2

                                          STATION:  YUMA AZ
                                          MONTH:    JUNE
                                          YEAR:     2015
                                          LATITUDE:   32 39 N
                                          LONGITUDE: 114 37 W

[TEMPERATURE DATA]      [PRECIPITATION DATA]       SYMBOLS USED IN COLUMN 16

AVERAGE MONTHLY: 90.8   TOTAL FOR MONTH:   0.31    1 = FOG OR MIST
DPTR FM NORMAL:   2.0   DPTR FM NORMAL:    0.30    2 = FOG REDUCING VISIBILITY
HIGHEST:   116 ON 18    GRTST 24HR  0.31 ON  9- 9      TO 1/4 MILE OR LESS
LOWEST:     68 ON  6                               3 = THUNDER
                        SNOW, ICE PELLETS, HAIL    4 = ICE PELLETS
                        TOTAL MONTH:   0.0 INCH    5 = HAIL
                        GRTST 24HR     0.0         6 = FREEZING RAIN OR DRIZZLE
                        GRTST DEPTH:   0           7 = DUSTSTORM OR SANDSTORM:
                                                       VSBY 1/2 MILE OR LESS
                                                   8 = SMOKE OR HAZE
[NO. OF DAYS WITH]      [WEATHER - DAYS WITH]      9 = BLOWING SNOW
                                                   X = TORNADO
MAX 32 OR BELOW:   0    0.01 INCH OR MORE:   1
MAX 90 OR ABOVE:  27    0.10 INCH OR MORE:   1
MIN 32 OR BELOW:   0    0.50 INCH OR MORE:   0
MIN  0 OR BELOW:   0    1.00 INCH OR MORE:   0

[HDD (BASE 65) ]
TOTAL THIS MO.     0    CLEAR  (SCALE 0-3)  19
DPTR FM NORMAL     0    PTCLDY (SCALE 4-7)   7
TOTAL FM JUL 1    86    CLOUDY (SCALE 8-10)  0
DPTR FM NORMAL  -600

[CDD (BASE 65) ]
TOTAL THIS MO.   728
DPTR FM NORMAL    61    [PRESSURE DATA]
TOTAL FM JAN 1  1807    HIGHEST SLP M ON M
DPTR FM NORMAL   228    LOWEST  SLP 29.58 ON 13

[REMARKS]
