000
CXUS55 KPSR 251005
CF6NYL
PRELIMINARY LOCAL CLIMATOLOGICAL DATA (WS FORM: F-6)

                                          STATION:   YUMA AZ
                                          MONTH:     JULY
                                          YEAR:      2016
                                          LATITUDE:   32 39 N
                                          LONGITUDE: 114 37 W

  TEMPERATURE IN F:       :PCPN:    SNOW:  WIND      :SUNSHINE: SKY     :PK WND
================================================================================
1   2   3   4   5  6A  6B    7    8   9   10  11  12  13   14  15   16   17  18
                                     12Z  AVG MX 2MIN
DY MAX MIN AVG DEP HDD CDD  WTR  SNW DPTH SPD SPD DIR MIN PSBL S-S WX    SPD DR
================================================================================

 1 106  84  95   2   0  30 0.00  0.0    0 10.7 21 180   M    M   2 8      25 170
 2 106  85  96   3   0  31 0.00  0.0    0 11.3 21 180   M    M   0        26 180
 3 106  86  96   3   0  31 0.00  0.0    0 11.1 20 150   M    M   0        24 180
 4 110  81  96   3   0  31 0.00  0.0    0  5.7 13 190   M    M   0        17 240
 5 111  80  96   2   0  31 0.00  0.0    0  7.3 18 200   M    M   0        22 190
 6 102  82  92  -2   0  27 0.00  0.0    0 13.2 23 150   M    M   0        27 150
 7 106  80  93  -1   0  28 0.00  0.0    0 11.2 17 150   M    M   0 8      23 160
 8 109  82  96   2   0  31 0.00  0.0    0  7.6 16 170   M    M   1 8      21 190
 9 111  80  96   2   0  31 0.00  0.0    0  4.6 13 200   M    M   0        16 170
10 111  83  97   3   0  32 0.00  0.0    0  6.5 17 290   M    M   0        25 290
11 107  79  93  -1   0  28 0.00  0.0    0  4.5 14 180   M    M   0        18 270
12 109  78  94   0   0  29 0.00  0.0    0  9.0 16 150   M    M   0 8      20 150
13 108  81  95   0   0  30 0.00  0.0    0 10.1 22 160   M    M   0        27 170
14 111  82  97   2   0  32 0.00  0.0    0  9.2 15 150   M    M   0         M  M
15 112  85  99   4   0  34 0.00  0.0    0 10.9 20 190   M    M   0        23 170
16 111  87  99   4   0  34 0.00  0.0    0 11.4 22 160   M    M   3 8      27 150
17 106  85  96   1   0  31 0.00  0.0    0 13.2 23 160   M    M   6        33 140
18 108  83  96   1   0  31 0.00  0.0    M  7.6 16 180   M    M   2        22 190
19 109  83  96   1   0  31 0.00  0.0    0  7.3 20 170   M    M   2 8      24 160
20 111  86  99   4   0  34 0.00  0.0    0  6.1 16 230   M    M   2        19 210
21 115  88 102   7   0  37 0.00  0.0    0  3.6 13 230   M    M   3        17 150
22 114  88 101   6   0  36 0.00  0.0    0  8.8 16 200   M    M   5        21 180
23 112  88 100   5   0  35 0.00  0.0    0 14.8 38 150   M    M   1        44 140
24 108  86  97   2   0  32 0.00  0.0    0 17.9 37 160   M    M   1        43 160
================================================================================
SM 2619 2002         0 757  0.00     0.0 223.6          M       28
================================================================================
AV109.1 83.4                               9.3 FASTST   M    M   1    MAX(MPH)
                                 MISC ---->  # 38 150               # 44  140
================================================================================
NOTES:
# LAST OF SEVERAL OCCURRENCES

COLUMN 17 PEAK WIND IN M.P.H.

PRELIMINARY LOCAL CLIMATOLOGICAL DATA (WS FORM: F-6) , PAGE 2

                                          STATION:  YUMA AZ
                                          MONTH:    JULY
                                          YEAR:     2016
                                          LATITUDE:   32 39 N
                                          LONGITUDE: 114 37 W

[TEMPERATURE DATA]      [PRECIPITATION DATA]       SYMBOLS USED IN COLUMN 16

AVERAGE MONTHLY: 96.3   TOTAL FOR MONTH:   0.00    1 = FOG OR MIST
DPTR FM NORMAL:   1.9   DPTR FM NORMAL:   -0.17    2 = FOG REDUCING VISIBILITY
HIGHEST:   115 ON 21    GRTST 24HR  0.00 ON 24-24      TO 1/4 MILE OR LESS
LOWEST:     78 ON 12                               3 = THUNDER
                        SNOW, ICE PELLETS, HAIL    4 = ICE PELLETS
                        TOTAL MONTH:   0.0 INCH    5 = HAIL
                        GRTST 24HR     0.0         6 = FREEZING RAIN OR DRIZZLE
                        GRTST DEPTH:   0           7 = DUSTSTORM OR SANDSTORM:
                                                       VSBY 1/2 MILE OR LESS
                                                   8 = SMOKE OR HAZE
[NO. OF DAYS WITH]      [WEATHER - DAYS WITH]      9 = BLOWING SNOW
                                                   X = TORNADO
MAX 32 OR BELOW:   0    0.01 INCH OR MORE:   0
MAX 90 OR ABOVE:  24    0.10 INCH OR MORE:   0
MIN 32 OR BELOW:   0    0.50 INCH OR MORE:   0
MIN  0 OR BELOW:   0    1.00 INCH OR MORE:   0

[HDD (BASE 65) ]
TOTAL THIS MO.     0    CLEAR  (SCALE 0-3)  22
DPTR FM NORMAL     0    PTCLDY (SCALE 4-7)   2
TOTAL FM JUL 1     0    CLOUDY (SCALE 8-10)  0
DPTR FM NORMAL     0

[CDD (BASE 65) ]
TOTAL THIS MO.   757
DPTR FM NORMAL    53    [PRESSURE DATA]
TOTAL FM JAN 1  2591    HIGHEST SLP M ON M
DPTR FM NORMAL   254    LOWEST  SLP 29.60 ON 10

[REMARKS]
