000
CXUS53 KOAX 011000
CF6OAX
PRELIMINARY LOCAL CLIMATOLOGICAL DATA (WS FORM: F-6)

                                          STATION:   VALLEY  NWS, NEBRASKA
                                          MONTH:     JULY
                                          YEAR:      2015
                                          LATITUDE:   41 19 N
                                          LONGITUDE:  96 22 W

  TEMPERATURE IN F:       :PCPN:    SNOW:  WIND      :SUNSHINE: SKY     :PK WND
================================================================================
1   2   3   4   5  6A  6B    7    8   9   10  11  12  13   14  15   16   17  18
                                     12Z  AVG MX 2MIN
DY MAX MIN AVG DEP HDD CDD  WTR  SNW DPTH SPD SPD DIR MIN PSBL S-S WX    SPD DR
================================================================================

 1  83  66  75  -1   0  10 0.01  0.0    0   M   M   M   M    M   M        23  M
 2  69  63  66 -10   0   1 0.45  0.0    0   M   M   M   M    M   M 1      17  M
 3  78  59  69  -7   0   4 0.00  0.0    0   M   M   M   M    M   M        12  M
 4  81  59  70  -6   0   5 0.00  0.0    0   M   M   M   M    M   M 1      17  M
 5  88  69  79   3   0  14    T  0.0    0   M   M   M   M    M   M 3      31  M
 6  82  63  73  -3   0   8 0.23  0.0    0   M   M   M   M    M   M 38     30  M
 7  73  56  65 -11   0   0 0.00  0.0    0   M   M   M   M    M   M 8      24  M
 8  76  55  66 -10   0   1 0.00  0.0    0   M   M   M   M    M   M        13  M
 9  81  60  71  -5   0   6 0.00  0.0    0   M   M   M   M    M   M        13  M
10  79  65  72  -5   0   7 0.00  0.0    0   M   M   M   M    M   M        24  M
11  89  70  80   3   0  15 0.21  0.0    0   M   M   M   M    M   M 3      17  M
12  93  75  84   7   0  19 0.00  0.0    0   M   M   M   M    M   M        17  M
13  94  76  85   8   0  20 0.04  0.0    0   M   M   M   M    M   M 3      24  M
14  92  71  82   5   0  17 0.00  0.0    0   M   M   M   M    M   M        15  M
15  77  73  75  -2   0  10 0.13  0.0    0   M   M   M   M    M   M 3      18  M
16  88  71  80   3   0  15 0.74  0.0    0   M   M   M   M    M   M 3      25  M
17  94  71  83   6   0  18    T  0.0    0   M   M   M   M    M   M        40  M
18  89  69  79   2   0  14 0.04  0.0    0   M   M   M   M    M   M 3      23  M
19  85  70  78   1   0  13 0.00  0.0    0   M   M   M   M    M   M        17  M
20  86  66  76  -1   0  11 0.07  0.0    0   M   M   M   M    M   M        28  M
21  82  61  72  -5   0   7 0.00  0.0    0   M   M   M   M    M   M        14  M
22  80  64  72  -5   0   7    T  0.0    0   M   M   M   M    M   M        15  M
23  88  66  77   0   0  12 0.00  0.0    0   M   M   M   M    M   M        21  M
24  95  75  85   8   0  20 0.00  0.0    0   M   M   M   M    M   M        40  M
25  84  71  78   1   0  13 0.11  0.0    0   M   M   M   M    M   M 3      38  M
26  89  69  79   2   0  14 0.32  0.0    0   M   M   M   M    M   M 13     31  M
27  88  76  82   5   0  17 0.00  0.0    0   M   M   M   M    M   M        28  M
28  87  67  77   1   0  12 0.38  0.0    0   M   M   M   M    M   M 3      26  M
29  84  62  73  -3   0   8 0.00  0.0    0   M   M   M   M    M   M        15  M
30  88  62  75  -1   0  10 0.00  0.0    0   M   M   M   M    M   M        15  M
31  91  68  80   4   0  15 0.04  0.0    0   M   M   M   M    M   M 3      23  M
================================================================================
SM 2633 2068         0 343  2.77     0.0     M          M        M
================================================================================
AV 84.9 66.7                                 M FASTST   M    M   5    MAX(MPH)
                                 MISC ---->     M   M                 40    M
================================================================================
NOTES:
# LAST OF SEVERAL OCCURRENCES

COLUMN 17 PEAK WIND IN M.P.H.

PRELIMINARY LOCAL CLIMATOLOGICAL DATA (WS FORM: F-6) , PAGE 2

                                          STATION:  VALLEY  NWS, NEBRASKA
                                          MONTH:    JULY
                                          YEAR:     2015
                                          LATITUDE:   41 19 N
                                          LONGITUDE:  96 22 W

[TEMPERATURE DATA]      [PRECIPITATION DATA]       SYMBOLS USED IN COLUMN 16

AVERAGE MONTHLY: 75.8   TOTAL FOR MONTH:   2.77    1 = FOG OR MIST
DPTR FM NORMAL:  -0.7   DPTR FM NORMAL:   -1.68    2 = FOG REDUCING VISIBILITY
HIGHEST:    95 ON 24    GRTST 24HR  0.74 ON 16-16      TO 1/4 MILE OR LESS
LOWEST:     55 ON  8                               3 = THUNDER
                        SNOW, ICE PELLETS, HAIL    4 = ICE PELLETS
                        TOTAL MONTH:   0.0 INCH    5 = HAIL
                        GRTST 24HR     0.0         6 = FREEZING RAIN OR DRIZZLE
                        GRTST DEPTH:   0           7 = DUSTSTORM OR SANDSTORM:
                                                       VSBY 1/2 MILE OR LESS
                                                   8 = SMOKE OR HAZE
[NO. OF DAYS WITH]      [WEATHER - DAYS WITH]      9 = BLOWING SNOW
                                                   X = TORNADO
MAX 32 OR BELOW:   0    0.01 INCH OR MORE:  13
MAX 90 OR ABOVE:   6    0.10 INCH OR MORE:   8
MIN 32 OR BELOW:   0    0.50 INCH OR MORE:   1
MIN  0 OR BELOW:   0    1.00 INCH OR MORE:   0

[HDD (BASE 65) ]
TOTAL THIS MO.     0    CLEAR  (SCALE 0-3)   0
DPTR FM NORMAL    -1    PTCLDY (SCALE 4-7)   0
TOTAL FM JUL 1     0    CLOUDY (SCALE 8-10)  0
DPTR FM NORMAL    -1

[CDD (BASE 65) ]
TOTAL THIS MO.   343
DPTR FM NORMAL   -16    [PRESSURE DATA]
TOTAL FM JAN 1   608    HIGHEST SLP M ON M
DPTR FM NORMAL   -57    LOWEST  SLP M ON M

[REMARKS]
#FINAL-07-15#
