000
CXUS54 KMAF 241100
CF6ODO
PRELIMINARY LOCAL CLIMATOLOGICAL DATA (WS FORM: F-6)

                                          STATION:   Odessa Schleymeyer
                                          MONTH:     FEBRUARY
                                          YEAR:      2018
                                          LATITUDE:   31 55 N
                                          LONGITUDE: 102 23 W

  TEMPERATURE IN F:       :PCPN:    SNOW:  WIND      :SUNSHINE: SKY     :PK WND
================================================================================
1   2   3   4   5  6A  6B    7    8   9   10  11  12  13   14  15   16   17  18
                                     12Z  AVG MX 2MIN
DY MAX MIN AVG DEP HDD CDD  WTR  SNW DPTH SPD SPD DIR MIN PSBL S-S WX    SPD DR
================================================================================

 1  58  38  48   1  17   0 0.00  0.0    0 11.1 24  50   M    M   0        29  40
 2  54  25  40  -7  25   0 0.00  0.0    0  9.7 17  80   M    M   0        22  90
 3  77  43  60  13   5   0 0.00  0.0    0 12.4 24 300   M    M   0        30 310
 4  71  32  52   5  13   0 0.00  0.0    0 10.4 28  70   M    M   0 8      34  80
 5  70  25  48   1  17   0 0.00  0.0    0  7.9 16 200   M    M   2        20  70
 6  50  36  43  -5  22   0 0.00  0.0    0 11.8 21  60   M    M   6 1      24  60
 7  55  26  41  -7  24   0 0.00  0.0    0  8.3 21  70   M    M   2        26  60
 8  66  30  48   0  17   0 0.00  0.0    0  8.6 18 180   M    M   0        23 190
 9  76  37  57   9   8   0 0.00  0.0    0 12.0 20 240   M    M   0        27 220
10  50  27  39  -9  26   0 0.00  0.0    0 10.5 23  50   M    M   1        29  60
11  44  24  34 -14  31   0 0.00  0.0    0 12.4 28  60   M    M   3        32  60
12  55  29  42  -7  23   0 0.00  0.0    0 11.1 22 150   M    M   1        27 140
13  65  34  50   1  15   0 0.00  0.0    0  9.2 16 190   M    M   0        23 130
14  83  44  64  15   1   0 0.00  0.0    0  7.3 17 210   M    M   0        23 210
15  80  54  67  18   0   2 0.00  0.0    0 13.0 24 200   M    M   0        31 190
16  64  44  54   4  11   0    T    M    0 13.0 26  60   M    M   4        34  60
17  72  39  56   6   9   0 0.02    M    0  8.5 20  50   M    M   2        26  50
18  78  44  61  11   4   0    T    M    0 11.8 26 210   M    M   3 1      33 220
19  77  56  67  17   0   2 0.00  0.0    0 15.4 29 200   M    M   2 1      40 190
20  75  39  57   6   8   0 0.00  0.0    0 13.4 24  70   M    M   0        30  70
21  39  24  32 -19  33   0 0.01  0.0    0 14.9 32  50   M    M  10 136    36  50
22  48  26  37 -14  28   0    T  0.0    0  5.5 12 140   M    M   7 16     15 140
23  67  38  53   2  12   0 0.00  0.0    0  7.2 18 170   M    M   4 12     24 170
================================================================================
SM 1474  814       349   4  0.03     0.0 245.4          M       47
================================================================================
AV 64.1 35.4                              10.7 FASTST   M    M   2    MAX(MPH)
                                 MISC ---->  # 32  50               # 40  190
================================================================================
NOTES:
# LAST OF SEVERAL OCCURRENCES

COLUMN 17 PEAK WIND IN M.P.H.

PRELIMINARY LOCAL CLIMATOLOGICAL DATA (WS FORM: F-6) , PAGE 2

                                          STATION:  Odessa Schleymeyer
                                          MONTH:    FEBRUARY
                                          YEAR:     2018
                                          LATITUDE:   31 55 N
                                          LONGITUDE: 102 23 W

[TEMPERATURE DATA]      [PRECIPITATION DATA]       SYMBOLS USED IN COLUMN 16

AVERAGE MONTHLY: 49.7   TOTAL FOR MONTH:   0.03    1 = FOG OR MIST
DPTR FM NORMAL:   0.9   DPTR FM NORMAL:   -0.56    2 = FOG REDUCING VISIBILITY
HIGHEST:    83 ON 14    GRTST 24HR  0.02 ON 17-17      TO 1/4 MILE OR LESS
LOWEST:     24 ON 21,11                            3 = THUNDER
                        SNOW, ICE PELLETS, HAIL    4 = ICE PELLETS
                        TOTAL MONTH:   0.0 INCH    5 = HAIL
                        GRTST 24HR     0.0         6 = FREEZING RAIN OR DRIZZLE
                        GRTST DEPTH:   0           7 = DUSTSTORM OR SANDSTORM:
                                                       VSBY 1/2 MILE OR LESS
                                                   8 = SMOKE OR HAZE
[NO. OF DAYS WITH]      [WEATHER - DAYS WITH]      9 = BLOWING SNOW
                                                   X = TORNADO
MAX 32 OR BELOW:   0    0.01 INCH OR MORE:   2
MAX 90 OR ABOVE:   0    0.10 INCH OR MORE:   0
MIN 32 OR BELOW:  10    0.50 INCH OR MORE:   0
MIN  0 OR BELOW:   0    1.00 INCH OR MORE:   0

[HDD (BASE 65) ]
TOTAL THIS MO.   349    CLEAR  (SCALE 0-3)  17
DPTR FM NORMAL   -25    PTCLDY (SCALE 4-7)   5
TOTAL FM JUL 1  1545    CLOUDY (SCALE 8-10)  1
DPTR FM NORMAL  -498

[CDD (BASE 65) ]
TOTAL THIS MO.     4
DPTR FM NORMAL     4    [PRESSURE DATA]
TOTAL FM JAN 1     4    HIGHEST SLP M ON M
DPTR FM NORMAL     4    LOWEST  SLP 29.61 ON 20

[REMARKS]
