000
CXUS54 KMAF 261100
CF6ODO
PRELIMINARY LOCAL CLIMATOLOGICAL DATA (WS FORM: F-6)

                                          STATION:   Odessa Schleymeyer
                                          MONTH:     DECEMBER
                                          YEAR:      2014
                                          LATITUDE:   31 55 N
                                          LONGITUDE: 102 23 W

  TEMPERATURE IN F:       :PCPN:    SNOW:  WIND      :SUNSHINE: SKY     :PK WND
================================================================================
1   2   3   4   5  6A  6B    7    8   9   10  11  12  13   14  15   16   17  18
                                     12Z  AVG MX 2MIN
DY MAX MIN AVG DEP HDD CDD  WTR  SNW DPTH SPD SPD DIR MIN PSBL S-S WX    SPD DR
================================================================================

 1  55  26  41  -7  24   0 0.00  0.0    0 10.5 28  50   M    M   5        35  60
 2  60  34  47  -1  18   0 0.00  0.0    0  7.1 14 170   M    M   4        18 190
 3  72  42  57  10   8   0 0.00  0.0    0  6.0 13 200   M    M   0        15 210
 4  61  48  55   8  10   0 0.00  0.0    0 11.6 18 160   M    M   6 18     23 160
 5  73  46  60  13   5   0 0.00  0.0    0  9.9 20 310   M    M   1 128    22 330
 6  64  41  53   6  12   0 0.00  0.0    0  8.9 17  80   M    M   0 8      21  90
 7  55  45  50   4  15   0    T    M    0  7.0 13 140   M    M   8 18     15 130
 8  64  40  52   6  13   0 0.00  0.0    0  4.0 10 170   M    M   5 128    14 140
 9  59  39  49   3  16   0 0.00  0.0    0  5.0 13 130   M    M   6 128    16 140
10  60  52  56  10   9   0 0.00  0.0    0  9.5 17 180   M    M   9 18     22 170
11  59  52  56  10   9   0 0.00  0.0    0  5.2 14 170   M    M   9 18     17 180
12  71  49  60  15   5   0 0.00  0.0    0  9.2 16 170   M    M   5 18     21 170
13  72  51  62  17   3   0 0.00  0.0    0 14.1 26 180   M    M   2 18     34 180
14  67  43  55  10  10   0 0.00  0.0    0 18.1 36 260   M    M   2 8      47 240
15  64  37  51   6  14   0 0.00  0.0    0  6.4 15  90   M    M   0        17  80
16  55  34  45   0  20   0 0.00  0.0    0 12.5 20  80   M    M   4        23  80
17  66  45  56  11   9   0 0.00  0.0    0 12.3 23 290   M    M   3        29 290
18  63  39  51   6  14   0 0.00  0.0    0  5.5 10  30   M    M   0 8      14 250
19  56  35  46   1  19   0 0.00  0.0    0  6.5 16  50   M    M   5 18     20 320
20  60  34  47   2  18   0 0.00  0.0    0  8.0 17 220   M    M   4 12     22 210
21  68  41  55  11  10   0 0.00  0.0    0 13.9 24 260   M    M   4 128    30 240
22  69  42  56  12   9   0 0.03    M    0 11.0 24 350   M    M   1        31 350
23  47  36  42  -2  23   0 0.17    M    0 15.7 29  10   M    M   7 1      38  20
24  48  30  39  -5  26   0 0.00  0.0    0 10.7 23  10   M    M   1        28  30
25  63  34  49   5  16   0 0.00  0.0    0 15.8 26 200   M    M   0        31 200
================================================================================
SM 1551 1015       335   0  0.20     0.0 244.4          M       91
================================================================================
AV 62.0 40.6                               9.8 FASTST   M    M   4    MAX(MPH)
                                 MISC ---->  # 36 260               # 47  240
================================================================================
NOTES:
# LAST OF SEVERAL OCCURRENCES

COLUMN 17 PEAK WIND IN M.P.H.

PRELIMINARY LOCAL CLIMATOLOGICAL DATA (WS FORM: F-6) , PAGE 2

                                          STATION:  Odessa Schleymeyer
                                          MONTH:    DECEMBER
                                          YEAR:     2014
                                          LATITUDE:   31 55 N
                                          LONGITUDE: 102 23 W

[TEMPERATURE DATA]      [PRECIPITATION DATA]       SYMBOLS USED IN COLUMN 16

AVERAGE MONTHLY: 51.3   TOTAL FOR MONTH:   0.20    1 = FOG OR MIST
DPTR FM NORMAL:   5.8   DPTR FM NORMAL:   -0.33    2 = FOG REDUCING VISIBILITY
HIGHEST:    73 ON  5    GRTST 24HR  0.20 ON 22-23      TO 1/4 MILE OR LESS
LOWEST:     26 ON  1                               3 = THUNDER
                        SNOW, ICE PELLETS, HAIL    4 = ICE PELLETS
                        TOTAL MONTH:   0.0 INCH    5 = HAIL
                        GRTST 24HR     0.0         6 = FREEZING RAIN OR DRIZZLE
                        GRTST DEPTH:   0           7 = DUSTSTORM OR SANDSTORM:
                                                       VSBY 1/2 MILE OR LESS
                                                   8 = SMOKE OR HAZE
[NO. OF DAYS WITH]      [WEATHER - DAYS WITH]      9 = BLOWING SNOW
                                                   X = TORNADO
MAX 32 OR BELOW:   0    0.01 INCH OR MORE:   2
MAX 90 OR ABOVE:   0    0.10 INCH OR MORE:   1
MIN 32 OR BELOW:   2    0.50 INCH OR MORE:   0
MIN  0 OR BELOW:   0    1.00 INCH OR MORE:   0

[HDD (BASE 65) ]
TOTAL THIS MO.   335    CLEAR  (SCALE 0-3)  11
DPTR FM NORMAL  -150    PTCLDY (SCALE 4-7)  12
TOTAL FM JUL 1   799    CLOUDY (SCALE 8-10)  2
DPTR FM NORMAL  -132

[CDD (BASE 65) ]
TOTAL THIS MO.     0
DPTR FM NORMAL     0    [PRESSURE DATA]
TOTAL FM JAN 1  2184    HIGHEST SLP M ON M
DPTR FM NORMAL  -272    LOWEST  SLP 29.53 ON 22

[REMARKS]
