000
CXUS53 KGID 180730
CF6ODX
PRELIMINARY LOCAL CLIMATOLOGICAL DATA (WS FORM: F-6)

                                          STATION:   ORD NE
                                          MONTH:     AUGUST
                                          YEAR:      2017
                                          LATITUDE:   41 37 N
                                          LONGITUDE:  98 57 W

  TEMPERATURE IN F:       :PCPN:    SNOW:  WIND      :SUNSHINE: SKY     :PK WND
================================================================================
1   2   3   4   5  6A  6B    7    8   9   10  11  12  13   14  15   16   17  18
                                     12Z  AVG MX 2MIN
DY MAX MIN AVG DEP HDD CDD  WTR  SNW DPTH SPD SPD DIR MIN PSBL S-S WX    SPD DR
================================================================================

 1  90  61  76   1   0  11    T    M    M  3.4 29  20   M    M   2 13     37  20
 2  80  56  68  -7   0   3 0.53    M    M  3.8 23 330   M    M   3 13     30 340
 3  72  51  62 -13   3   0 0.00    M    M 12.0 25 330   M    M   4        31 320
 4  76  45  61 -14   4   0 0.00    M    M  7.4 17 170   M    M   2        25 190
 5  79  58  69  -5   0   4 0.01    M    M  9.9 21 180   M    M   4 13     26 170
 6  74  60  67  -7   0   2 0.04    M    M  5.1 14 110   M    M   8 1      19 110
 7  78  55  67  -7   0   2 0.00    M    M  5.6 15  20   M    M   4 1      18  30
 8  81  51  66  -8   0   1    T    M    M  5.3 16 160   M    M   5 12     22 190
 9  86  59  73  -1   0   8 0.01    M    M  7.3 22 200   M    M   4        26 210
10  73  55  64 -10   1   0    T    M    M  5.1 16 350   M    M   3 1      20 360
11  83  50  67  -7   0   2 0.00    M    M  2.9  9 340   M    M   0        10 340
12  83  51  67  -7   0   2 0.46    M    M  7.8 18 150   M    M   3 13     25 150
13  79  61  70  -4   0   5 0.24    M    M  6.0 13 170   M    M   6 13     16 170
14  82  59  71  -3   0   6 0.00    M    M  6.8 13 100   M    M   2 1      16 120
15  82  64  73  -1   0   8 2.08    M    M 10.4 24 350   M    M   6 13     35 350
16  76  57  67  -6   0   2 1.33    M    M  8.1 21 310   M    M   7 13     27 320
17  85  51  68  -5   0   3 0.05    M    M  6.6 37 330   M    M   0 3      53 340
================================================================================
SM 1359  944         8  59  4.75    M    113.5          M       63
================================================================================
AV 79.9 55.5                               6.7 FASTST   M    M   4    MAX(MPH)
                                 MISC ---->  # 37 330               # 53  340
================================================================================
NOTES:
# LAST OF SEVERAL OCCURRENCES

COLUMN 17 PEAK WIND IN M.P.H.

PRELIMINARY LOCAL CLIMATOLOGICAL DATA (WS FORM: F-6) , PAGE 2

                                          STATION:  ORD NE
                                          MONTH:    AUGUST
                                          YEAR:     2017
                                          LATITUDE:   41 37 N
                                          LONGITUDE:  98 57 W

[TEMPERATURE DATA]      [PRECIPITATION DATA]       SYMBOLS USED IN COLUMN 16

AVERAGE MONTHLY: 67.7   TOTAL FOR MONTH:   4.75    1 = FOG OR MIST
DPTR FM NORMAL:  -6.4   DPTR FM NORMAL:    2.96    2 = FOG REDUCING VISIBILITY
HIGHEST:    90 ON  1    GRTST 24HR  2.08 ON 15-15      TO 1/4 MILE OR LESS
LOWEST:     45 ON  4                               3 = THUNDER
                        SNOW, ICE PELLETS, HAIL    4 = ICE PELLETS
                        TOTAL MONTH:    M          5 = HAIL
                        GRTST 24HR    M  ON   M    6 = FREEZING RAIN OR DRIZZLE
                        GRTST DEPTH:  M  ON   M    7 = DUSTSTORM OR SANDSTORM:
                                                       VSBY 1/2 MILE OR LESS
                                                   8 = SMOKE OR HAZE
[NO. OF DAYS WITH]      [WEATHER - DAYS WITH]      9 = BLOWING SNOW
                                                   X = TORNADO
MAX 32 OR BELOW:   0    0.01 INCH OR MORE:   9
MAX 90 OR ABOVE:   1    0.10 INCH OR MORE:   5
MIN 32 OR BELOW:   0    0.50 INCH OR MORE:   3
MIN  0 OR BELOW:   0    1.00 INCH OR MORE:   2

[HDD (BASE 65) ]
TOTAL THIS MO.     8    CLEAR  (SCALE 0-3)   8
DPTR FM NORMAL     8    PTCLDY (SCALE 4-7)   9
TOTAL FM JUL 1     8    CLOUDY (SCALE 8-10)  0
DPTR FM NORMAL     3

[CDD (BASE 65) ]
TOTAL THIS MO.    59
DPTR FM NORMAL  -100    [PRESSURE DATA]
TOTAL FM JAN 1   670    HIGHEST SLP M ON M
DPTR FM NORMAL    11    LOWEST  SLP 29.70 ON 16

[REMARKS]
