000
CXUS53 KGID 290730
CF6ODX
PRELIMINARY LOCAL CLIMATOLOGICAL DATA (WS FORM: F-6)

                                          STATION:   ORD NE
                                          MONTH:     MARCH
                                          YEAR:      2015
                                          LATITUDE:   41 37 N
                                          LONGITUDE:  98 57 W

  TEMPERATURE IN F:       :PCPN:    SNOW:  WIND      :SUNSHINE: SKY     :PK WND
================================================================================
1   2   3   4   5  6A  6B    7    8   9   10  11  12  13   14  15   16   17  18
                                     12Z  AVG MX 2MIN
DY MAX MIN AVG DEP HDD CDD  WTR  SNW DPTH SPD SPD DIR MIN PSBL S-S WX    SPD DR
================================================================================

 1  39  11  25  -7  40   0 0.00    M    M  5.3 16 330   M    M   3        22 310
 2  40  14  27  -5  38   0 0.00    M    M 13.0 31 180   M    M   6        40 160
 3  30  17  24  -8  41   0    T    M    M 15.2 36 340   M    M   6        46 330
 4  28  -1  14 -19  51   0 0.00    M    M  9.8 25 330   M    M   1        37 320
 5  42  -4  19 -14  46   0 0.00    M    M  7.5 21 190   M    M   0        28 200
 6  63  12  38   4  27   0 0.00    M    M  6.5 21 290   M    M   0        27 310
 7  61  23  42   8  23   0 0.00    M    M  5.3 16 320   M    M   0        19 320
 8  57  20  39   5  26   0 0.00    M    M  6.8 20  60   M    M   2 8      23  60
 9  64  19  42   7  23   0 0.00    M    M  7.6 22 220   M    M   0        30 200
10  72  20  46  11  19   0 0.00    M    M  4.5 14 330   M    M   0        17 320
11  73  21  47  11  18   0 0.00    M    M  8.1 20 190   M    M   0        27 210
12  77  29  53  17  12   0 0.00    M    M  8.3 26 210   M    M   0 8      32 200
13  72  36  54  18  11   0 0.00    M    M 12.0 29 340   M    M   0        35 320
14  67  24  46   9  19   0 0.00    M    M  7.7 17 200   M    M   0        21 190
15  82  44  63  26   2   0 0.00    M    M 12.0 23 220   M    M   0        30 210
16  90  34  62  24   3   0 0.00    M    M 15.7 36  20   M    M   0        45  20
17  49  28  39   1  26   0 0.00    M    M 10.8 24 360   M    M   1        31  10
18  55  20  38  -1  27   0 0.00    M    M  9.2 21 140   M    M   1        27 150
19  66  22  44   5  21   0 0.00    M    M  6.1 25 330   M    M   0        33 330
20  78  20  49  10  16   0 0.00    M    M  7.4 24 260   M    M   0        32 270
21  70  29  50  10  15   0 0.00    M    M  9.2 18 170   M    M   0 1      24 150
22  67  31  49   9  16   0 0.00    M    M 12.4 29 320   M    M   0        34 310
23  53  20  37  -4  28   0 0.00    M    M  6.4 14 140   M    M   2 8      20 140
24  54  30  42   1  23   0 0.03    M    M  6.8 17 120   M    M   6 128    23 140
25  48  23  36  -5  29   0 0.00    M    M 13.7 25 340   M    M   4 12     31 320
26  52  13  33  -9  32   0    T    M    M  7.2 24  40   M    M   5        31  50
27  49  20  35  -7  30   0    T    M    M  7.3 20 180   M    M   6 8      25 180
28  64  21  43   1  22   0 0.00    M    M  9.5 23 170   M    M   1        29 170
================================================================================
SM 1662  596       684   0  0.03    M    251.3          M       44
================================================================================
AV 59.4 21.3                               9.0 FASTST   M    M   2    MAX(MPH)
                                 MISC ---->  # 36 340               # 46  330
================================================================================
NOTES:
# LAST OF SEVERAL OCCURRENCES

COLUMN 17 PEAK WIND IN M.P.H.

PRELIMINARY LOCAL CLIMATOLOGICAL DATA (WS FORM: F-6) , PAGE 2

                                          STATION:  ORD NE
                                          MONTH:    MARCH
                                          YEAR:     2015
                                          LATITUDE:   41 37 N
                                          LONGITUDE:  98 57 W

[TEMPERATURE DATA]      [PRECIPITATION DATA]       SYMBOLS USED IN COLUMN 16

AVERAGE MONTHLY: 40.3   TOTAL FOR MONTH:   0.03    1 = FOG OR MIST
DPTR FM NORMAL:   3.2   DPTR FM NORMAL:   -1.12    2 = FOG REDUCING VISIBILITY
HIGHEST:    90 ON 16    GRTST 24HR  0.03 ON 24-24      TO 1/4 MILE OR LESS
LOWEST:     -4 ON  5                               3 = THUNDER
                        SNOW, ICE PELLETS, HAIL    4 = ICE PELLETS
                        TOTAL MONTH:    M          5 = HAIL
                        GRTST 24HR    M  ON   M    6 = FREEZING RAIN OR DRIZZLE
                        GRTST DEPTH:  M  ON   M    7 = DUSTSTORM OR SANDSTORM:
                                                       VSBY 1/2 MILE OR LESS
                                                   8 = SMOKE OR HAZE
[NO. OF DAYS WITH]      [WEATHER - DAYS WITH]      9 = BLOWING SNOW
                                                   X = TORNADO
MAX 32 OR BELOW:   2    0.01 INCH OR MORE:   1
MAX 90 OR ABOVE:   1    0.10 INCH OR MORE:   0
MIN 32 OR BELOW:  25    0.50 INCH OR MORE:   0
MIN  0 OR BELOW:   2    1.00 INCH OR MORE:   0

[HDD (BASE 65) ]
TOTAL THIS MO.   684    CLEAR  (SCALE 0-3)  22
DPTR FM NORMAL   -97    PTCLDY (SCALE 4-7)   6
TOTAL FM JUL 1  5816    CLOUDY (SCALE 8-10)  0
DPTR FM NORMAL    18

[CDD (BASE 65) ]
TOTAL THIS MO.     0
DPTR FM NORMAL     0    [PRESSURE DATA]
TOTAL FM JAN 1     0    HIGHEST SLP M ON M
DPTR FM NORMAL     0    LOWEST  SLP 29.65 ON  3

[REMARKS]
