000
CXUS53 KOAX 291000
CF6OFK
PRELIMINARY LOCAL CLIMATOLOGICAL DATA (WS FORM: F-6)

                                          STATION:   NORFOLK, NEBRASKA
                                          MONTH:     MARCH
                                          YEAR:      2015
                                          LATITUDE:   41 58 N
                                          LONGITUDE:  97 26 W

  TEMPERATURE IN F:       :PCPN:    SNOW:  WIND      :SUNSHINE: SKY     :PK WND
================================================================================
1   2   3   4   5  6A  6B    7    8   9   10  11  12  13   14  15   16   17  18
                                     12Z  AVG MX 2MIN
DY MAX MIN AVG DEP HDD CDD  WTR  SNW DPTH SPD SPD DIR MIN PSBL S-S WX    SPD DR
================================================================================

 1  40  14  27  -4  38   0 0.00  0.0    0  8.1 20 310   M    M   3        25 300
 2  41  11  26  -6  39   0 0.00  0.0    0 11.5 28 160   M    M   5        34 160
 3  32  17  25  -7  40   0    T    T    0 14.7 36 330   M    M   6 1      50 340
 4  26   2  14 -19  51   0 0.00  0.0    0 12.7 29 330   M    M   1        42 320
 5  36  -6  15 -18  50   0 0.00  0.0    0 10.0 22 190   M    M   2        29 200
 6  62  19  41   8  24   0 0.00  0.0    0  7.7 22 280   M    M   0        26 280
 7  58  25  42   8  23   0 0.00  0.0    0  8.9 21 320   M    M   1        25 330
 8  58  29  44  10  21   0 0.00  0.0    0  7.7 17  60   M    M   2        22  70
 9  63  24  44   9  21   0 0.00  0.0    0 10.1 23 200   M    M   0        28 200
10  73  27  50  15  15   0 0.00  0.0    0  5.9 20 340   M    M   1        27 340
11  71  27  49  14  16   0 0.00  0.0    0  8.4 20 160   M    M   0        24 150
12  79  42  61  25   4   0 0.00  0.0    0 16.1 29 190   M    M   0        38 190
13  74  36  55  19  10   0 0.00  0.0    0 10.8 28 350   M    M   0        35 350
14  69  31  50  13  15   0 0.00  0.0    0  8.4 18 190   M    M   0        22 190
15  83  43  63  26   2   0 0.00  0.0    0 14.7 30 210   M    M   0        37 210
16  92  36  64  27   1   0 0.00  0.0    0 18.5 38  10   M    M   0        47  10
17  49  29  39   1  26   0 0.00  0.0    0 11.4 26 360   M    M   3        33 360
18  54  34  44   6  21   0 0.00  0.0    0 10.6 21 150   M    M   6        28 120
19  62  30  46   7  19   0 0.00  0.0    0  7.0 20 340   M    M   2        26 340
20  79  22  51  12  14   0 0.00  0.0    0  7.9 22 280   M    M   0        29 260
21  61  32  47   8  18   0 0.00  0.0    0 10.3 17 130   M    M   0        22 110
22  74  31  53  13  12   0 0.00  0.0    0 15.6 29 350   M    M   0        35 350
23  52  29  41   1  24   0 0.00  0.0    0 10.0 20  10   M    M   6        24 350
24  39  34  37  -4  28   0 0.68  0.0    0 10.2 20 120   M    M   9 18     24 120
25  48  31  40  -1  25   0 0.00  0.0    0 15.0 28 330   M    M   4 1      33 330
26  44  24  34  -7  31   0 0.12  0.2    0  7.3 17  10   M    M   4 18     22  10
27  36  18  27 -15  38   0 0.02    T    0  7.7 15 140   M    M   5        19 140
28  56  27  42   0  23   0 0.00  0.0    0 14.2 28 160   M    M   1 8      35 160
================================================================================
SM 1611  718       649   0  0.82     0.2 301.4          M       61
================================================================================
AV 57.5 25.6                              10.8 FASTST   M    M   2    MAX(MPH)
                                 MISC ---->  # 38  10               # 50  340
================================================================================
NOTES:
# LAST OF SEVERAL OCCURRENCES

COLUMN 17 PEAK WIND IN M.P.H.

PRELIMINARY LOCAL CLIMATOLOGICAL DATA (WS FORM: F-6) , PAGE 2

                                          STATION:  NORFOLK, NEBRASKA
                                          MONTH:    MARCH
                                          YEAR:     2015
                                          LATITUDE:   41 58 N
                                          LONGITUDE:  97 26 W

[TEMPERATURE DATA]      [PRECIPITATION DATA]       SYMBOLS USED IN COLUMN 16

AVERAGE MONTHLY: 41.6   TOTAL FOR MONTH:   0.82    1 = FOG OR MIST
DPTR FM NORMAL:   4.8   DPTR FM NORMAL:   -0.71    2 = FOG REDUCING VISIBILITY
HIGHEST:    92 ON 16    GRTST 24HR  0.68 ON 24-24      TO 1/4 MILE OR LESS
LOWEST:     -6 ON  5                               3 = THUNDER
                        SNOW, ICE PELLETS, HAIL    4 = ICE PELLETS
                        TOTAL MONTH:   0.2 INCH    5 = HAIL
                        GRTST 24HR   0.2 ON   M    6 = FREEZING RAIN OR DRIZZLE
                        GRTST DEPTH:   0           7 = DUSTSTORM OR SANDSTORM:
                                                       VSBY 1/2 MILE OR LESS
                                                   8 = SMOKE OR HAZE
[NO. OF DAYS WITH]      [WEATHER - DAYS WITH]      9 = BLOWING SNOW
                                                   X = TORNADO
MAX 32 OR BELOW:   2    0.01 INCH OR MORE:   3
MAX 90 OR ABOVE:   1    0.10 INCH OR MORE:   2
MIN 32 OR BELOW:  22    0.50 INCH OR MORE:   1
MIN  0 OR BELOW:   1    1.00 INCH OR MORE:   0

[HDD (BASE 65) ]
TOTAL THIS MO.   649    CLEAR  (SCALE 0-3)  20
DPTR FM NORMAL  -141    PTCLDY (SCALE 4-7)   7
TOTAL FM JUL 1  5695    CLOUDY (SCALE 8-10)  1
DPTR FM NORMAL  -188

[CDD (BASE 65) ]
TOTAL THIS MO.     0
DPTR FM NORMAL     0    [PRESSURE DATA]
TOTAL FM JAN 1     0    HIGHEST SLP M ON M
DPTR FM NORMAL     0    LOWEST  SLP 29.66 ON  3

[REMARKS]
