000
CXHW52 PHFO 251250
CF6OGG
PRELIMINARY LOCAL CLIMATOLOGICAL DATA (WS FORM: F-6)

                                          STATION:   KAHULUI HI
                                          MONTH:     APRIL
                                          YEAR:      2017
                                          LATITUDE:   20 53 N
                                          LONGITUDE: 156 26 W

  TEMPERATURE IN F:       :PCPN:    SNOW:  WIND      :SUNSHINE: SKY     :PK WND
================================================================================
1   2   3   4   5  6A  6B    7    8   9   10  11  12  13   14  15   16   17  18
                                     12Z  AVG MX 2MIN
DY MAX MIN AVG DEP HDD CDD  WTR  SNW DPTH SPD SPD DIR MIN PSBL S-S WX    SPD DR
================================================================================

 1   M  73   M   M   M   M    T  0.0    M 17.0 29  60   M    M   M        42  70
 2   M  73   M   M   M   M 0.00  0.0    M 17.2 32  50   M    M   M        41  50
 3   M   M   M   M   M   M 0.00  0.0    M 16.6 24  60   M    M   M        32  50
 4   M   M   M   M   M   M    T  0.0    M 12.9 25  40   M    M   M        31  40
 5  86  65  76   2   0  11 0.00  0.0    M 14.4 25  40   M    M   M        31  40
 6  86  68  77   3   0  12 0.00  0.0    M 12.7 25  40   M    M   M        29  40
 7  89  70  80   6   0  15 0.00  0.0    M 12.9 25  60   M    M   M        33  40
 8  88  65  77   3   0  12 0.00  0.0    M  6.6 23  30   M    M   M        27  30
 9  86  64  75   1   0  10 0.00  0.0    M  5.7 13  20   M    M   M        18  20
10  87  66  77   3   0  12 0.00  0.0    M  9.5 23  40   M    M   M        29  60
11  85  66  76   2   0  11 0.00  0.0    M 13.4 30  40   M    M   M        38  70
12  87  66  77   3   0  12    T  0.0    M 11.6 25  40   M    M   M        32  40
13  87  65  76   2   0  11 0.02  0.0    M 11.7 25  30   M    M   M 1      29  30
14  85  66  76   2   0  11 0.00  0.0    M  9.5 20  30   M    M   M        25  30
15  85  63  74   0   0   9 0.00  0.0    M 11.3 24  30   M    M   M        29  30
16  84  61  73  -1   0   8 0.07  0.0    M 11.1 26  30   M    M   M 1      31  30
17  82  69  76   2   0  11 0.03  0.0    M 14.4 25  50   M    M   M 1      37  40
18  85  69  77   3   0  12 0.00  0.0    M 11.2 25  50   M    M   M        33  50
19  86  64  75   1   0  10 0.00  0.0    M  9.4 18 210   M    M   M        25 250
20  87  72  80   6   0  15 1.34  0.0    M 11.9 22 190   M    M   M 1      28 180
21  88  71  80   6   0  15 0.32  0.0    M 11.5 25  40   M    M   M 1      29  40
22  86  68  77   3   0  12    T  0.0    M 12.9 30  40   M    M   M        36  40
23  89  70  80   6   0  15 0.00  0.0    M  9.6 24  50   M    M   M        30  60
24  88  68  78   4   0  13 0.00  0.0    M 11.8 26  40   M    M   M        32  60
================================================================================
SM 1726 1482         0 237  1.78     0.0 286.8          M        M
================================================================================
AV 86.3 67.4                              11.9 FASTST   M    M -nan   MAX(MPH)
                                 MISC ---->  # 32  50               # 42   70
================================================================================
NOTES:
# LAST OF SEVERAL OCCURRENCES

COLUMN 17 PEAK WIND IN M.P.H.

PRELIMINARY LOCAL CLIMATOLOGICAL DATA (WS FORM: F-6) , PAGE 2

                                          STATION:  KAHULUI HI
                                          MONTH:    APRIL
                                          YEAR:     2017
                                          LATITUDE:   20 53 N
                                          LONGITUDE: 156 26 W

[TEMPERATURE DATA]      [PRECIPITATION DATA]       SYMBOLS USED IN COLUMN 16

AVERAGE MONTHLY: 76.8   TOTAL FOR MONTH:   1.78    1 = FOG OR MIST
DPTR FM NORMAL:   2.8   DPTR FM NORMAL:    0.42    2 = FOG REDUCING VISIBILITY
HIGHEST:    89 ON 23, 7 GRTST 24HR  1.34 ON 20-20      TO 1/4 MILE OR LESS
LOWEST:     61 ON 16                               3 = THUNDER
                        SNOW, ICE PELLETS, HAIL    4 = ICE PELLETS
                        TOTAL MONTH:   0.0 INCH    5 = HAIL
                        GRTST 24HR     0.0         6 = FREEZING RAIN OR DRIZZLE
                        GRTST DEPTH:  M  ON   M    7 = DUSTSTORM OR SANDSTORM:
                                                       VSBY 1/2 MILE OR LESS
                                                   8 = SMOKE OR HAZE
[NO. OF DAYS WITH]      [WEATHER - DAYS WITH]      9 = BLOWING SNOW
                                                   X = TORNADO
MAX 32 OR BELOW:   0    0.01 INCH OR MORE:   5
MAX 90 OR ABOVE:   0    0.10 INCH OR MORE:   2
MIN 32 OR BELOW:   0    0.50 INCH OR MORE:   1
MIN  0 OR BELOW:   0    1.00 INCH OR MORE:   1

[HDD (BASE 65) ]
TOTAL THIS MO.     0    CLEAR  (SCALE 0-3)   0
DPTR FM NORMAL     0    PTCLDY (SCALE 4-7)   0
TOTAL FM JUL 1     0    CLOUDY (SCALE 8-10)  0
DPTR FM NORMAL     0

[CDD (BASE 65) ]
TOTAL THIS MO.   237
DPTR FM NORMAL    21    [PRESSURE DATA]
TOTAL FM JAN 1   953    HIGHEST SLP M ON M
DPTR FM NORMAL    83    LOWEST  SLP 29.96 ON M

[REMARKS]
