000
CXUS55 KEAX 010736
CF6OJC
PRELIMINARY LOCAL CLIMATOLOGICAL DATA (WS FORM: F-6)

                                          STATION:   Johnson County Executive KS
                                          MONTH:     JULY
                                          YEAR:      2015
                                          LATITUDE:   38 50 N
                                          LONGITUDE:  94 44 W

  TEMPERATURE IN F:       :PCPN:    SNOW:  WIND      :SUNSHINE: SKY     :PK WND
================================================================================
1   2   3   4   5  6A  6B    7    8   9   10  11  12  13   14  15   16   17  18
                                     12Z  AVG MX 2MIN
DY MAX MIN AVG DEP HDD CDD  WTR  SNW DPTH SPD SPD DIR MIN PSBL S-S WX    SPD DR
================================================================================

 1  85  67  76  -1   0  11 0.08    M    M 11.3 21 170   M    M   4 13     26 170
 2  73  67  70  -7   0   5 0.17    M    M  7.4 16  60   M    M   9 18     22  50
 3  80  64  72  -5   0   7 0.10    M    M  6.2 13  40   M    M   6 1      17  40
 4  81  61  71  -6   0   6 0.00    M    M  4.6 10 150   M    M   0 18     15 140
 5  88  66  77   0   0  12 0.00    M    M 10.3 18 160   M    M   1 18     24 170
 6  88  70  79   2   0  14 1.61    M    M 10.0 22 280   M    M   4 13     34 290
 7  74  60  67 -11   0   2 0.63    M    M 10.2 25  20   M    M   9 18     33  20
 8  65  62  64 -14   1   0 0.37    M    M  7.9 17  30   M    M  10 1      23  30
 9  76  59  68 -10   0   3 0.00    M    M  4.0 13 170   M    M   3        21 150
10  77  62  70  -8   0   5 0.87    M    M  4.7 20 260   M    M   5 123    27 250
11  88  69  79   1   0  14 0.00    M    M 10.5 20 210   M    M   1        29 200
12  91  71  81   3   0  16 0.00    M    M  9.6 17 170   M    M   0        22 190
13  94  75  85   7   0  20 0.00    M    M  7.7 15 200   M    M   0 3      22 220
14  97  74  86   8   0  21 0.00    M    M  3.1 15 210   M    M   1 3      20 200
15  86  70  78   0   0  13 0.23    M    M  7.5 29 270   M    M   1 13     42 270
16  91  73  82   4   0  17 0.00    M    M  9.7 17 210   M    M   0        23 200
17  90  76  83   5   0  18 0.00    M    M  9.7 16 180   M    M   0        23 200
18  91  75  83   4   0  18 0.02    M    M  9.2 18 170   M    M   3 3      24 140
19  89  75  82   3   0  17 0.00    M    M  7.1 15  90   M    M   2        21  80
20  87  69  78  -1   0  13 2.63    M    M  5.7 33  10   M    M   4 13     39 360
21  82  67  75  -4   0  10 0.00    M    M  5.9 13  70   M    M   1        16  30
22  82  63  73  -6   0   8    T    M    M  5.4 10 130   M    M   1        15 130
23  87  69  78  -1   0  13 0.00    M    M  5.6 10  90   M    M   2 1      14 130
24  94  72  83   4   0  18    T    M    M  5.8 13 150   M    M   0 1      16 160
25  91  76  84   5   0  19    T    M    M  8.0 24 360   M    M   1 3      33 320
26  92  77  85   6   0  20 0.01    M    M  4.5 15  40   M    M   1 1      19  40
27  92  74  83   4   0  18 0.00    M    M  6.5 15 180   M    M   0        19 160
28  93  76  85   6   0  20 0.00    M    M 10.0 21 170   M    M   0 1      28 180
29  86  70  78  -1   0  13 0.35    M    M  8.5 25  10   M    M   5 13     32  10
30  85  65  75  -4   0  10 0.00    M    M  2.2  8 210   M    M   0        14 170
31  89  63  76  -3   0  11 0.00    M    M  2.6 12 250   M    M   0        15 260
================================================================================
SM 2664 2137         1 392  7.07    M    221.4          M       74
================================================================================
AV 85.9 68.9                               7.1 FASTST   M    M   2    MAX(MPH)
                                 MISC ---->  # 33  10               # 42  270
================================================================================
NOTES:
# LAST OF SEVERAL OCCURRENCES

COLUMN 17 PEAK WIND IN M.P.H.

PRELIMINARY LOCAL CLIMATOLOGICAL DATA (WS FORM: F-6) , PAGE 2

                                          STATION:  Johnson County Executive KS
                                          MONTH:    JULY
                                          YEAR:     2015
                                          LATITUDE:   38 50 N
                                          LONGITUDE:  94 44 W

[TEMPERATURE DATA]      [PRECIPITATION DATA]       SYMBOLS USED IN COLUMN 16

AVERAGE MONTHLY: 77.4   TOTAL FOR MONTH:   7.07    1 = FOG OR MIST
DPTR FM NORMAL:  -0.9   DPTR FM NORMAL:    3.35    2 = FOG REDUCING VISIBILITY
HIGHEST:    97 ON 14    GRTST 24HR  2.63 ON 20-20      TO 1/4 MILE OR LESS
LOWEST:     59 ON  9                               3 = THUNDER
                        SNOW, ICE PELLETS, HAIL    4 = ICE PELLETS
                        TOTAL MONTH:    M          5 = HAIL
                        GRTST 24HR    M  ON   M    6 = FREEZING RAIN OR DRIZZLE
                        GRTST DEPTH:  M  ON   M    7 = DUSTSTORM OR SANDSTORM:
                                                       VSBY 1/2 MILE OR LESS
                                                   8 = SMOKE OR HAZE
[NO. OF DAYS WITH]      [WEATHER - DAYS WITH]      9 = BLOWING SNOW
                                                   X = TORNADO
MAX 32 OR BELOW:   0    0.01 INCH OR MORE:  12
MAX 90 OR ABOVE:  11    0.10 INCH OR MORE:   9
MIN 32 OR BELOW:   0    0.50 INCH OR MORE:   4
MIN  0 OR BELOW:   0    1.00 INCH OR MORE:   2

[HDD (BASE 65) ]
TOTAL THIS MO.     1    CLEAR  (SCALE 0-3)  22
DPTR FM NORMAL     1    PTCLDY (SCALE 4-7)   6
TOTAL FM JUL 1     1    CLOUDY (SCALE 8-10)  3
DPTR FM NORMAL     1

[CDD (BASE 65) ]
TOTAL THIS MO.   392
DPTR FM NORMAL   -19    [PRESSURE DATA]
TOTAL FM JAN 1   816    HIGHEST SLP  0.00 ON M
DPTR FM NORMAL    44    LOWEST  SLP  0.00 ON M

[REMARKS]
#FINAL-07-15#
