000
CXUS55 KEAX 310736
CF6OJC
PRELIMINARY LOCAL CLIMATOLOGICAL DATA (WS FORM: F-6)

                                          STATION:   Johnson County Executive KS
                                          MONTH:     JULY
                                          YEAR:      2014
                                          LATITUDE:   38 50 N
                                          LONGITUDE:  94 44 W

  TEMPERATURE IN F:       :PCPN:    SNOW:  WIND      :SUNSHINE: SKY     :PK WND
================================================================================
1   2   3   4   5  6A  6B    7    8   9   10  11  12  13   14  15   16   17  18
                                     12Z  AVG MX 2MIN
DY MAX MIN AVG DEP HDD CDD  WTR  SNW DPTH SPD SPD DIR MIN PSBL S-S WX    SPD DR
================================================================================

 1  83  66  75  -2   0  10 0.02    M    M  8.2 17 250   M    M   1        23 260
 2  73  58  66 -11   0   1 0.00    M    M  8.8 21 330   M    M   4        27 340
 3  78  56  67 -10   0   2 0.00    M    M  4.8 10  30   M    M   0        14  30
 4  80  60  70  -7   0   5 0.00    M    M  6.6 15 150   M    M   0        20 160
 5  83  66  75  -2   0  10    T    M    M 10.8 18 200   M    M   2        24 200
 6  87  70  79   2   0  14 0.00    M    M 12.3 25 180   M    M   4 3      33 200
 7  89  68  79   1   0  14 1.03    M    M  8.3 35 350   M    M   0 13     46 350
 8  83  66  75  -3   0  10 0.04    M    M  7.5 18 320   M    M   2 3      26 320
 9  84   M   M   M   M   M 0.00    M    M  4.7 10  80   M    M   1        15 340
10  82  66  74  -4   0   9 0.00    M    M  9.3 16 140   M    M   2        22 140
11  88  66  77  -1   0  12 0.00    M    M  9.1 17 190   M    M   3        22 180
12  92  70  81   3   0  16 0.00    M    M  8.9 17 210   M    M   0        23 220
13  86  71  79   1   0  14 0.14    M    M  6.3 15  30   M    M   4 13     19 320
14  80  62  71  -7   0   6 0.15    M    M  8.3 22 360   M    M   2 1      29 350
15  74  55  65 -13   0   0 0.00    M    M  7.5 17  10   M    M   2        22  30
16  75  53  64 -14   1   0 0.00    M    M  2.7  8 270   M    M   3        12 340
17  76  57  67 -11   0   2 0.00    M    M  4.7 12 170   M    M   4        14 170
18  77  60  69 -10   0   4 0.00    M    M  4.6 14 140   M    M   2 1      18 150
19  79  58  69 -10   0   4 0.00    M    M  5.7 14 150   M    M   2 1      17 150
20  83  60  72  -7   0   7 0.00    M    M  9.9 21 160   M    M   0 1      26 170
21  91  69  80   1   0  15 0.00    M    M 10.7 18 180   M    M   0        24 180
22  96  73  85   6   0  20 0.00    M    M  7.3 14 200   M    M   0 18     18 200
23  89  71  80   1   0  15 0.00    M    M 10.4 18  20   M    M   1        24  10
24  83  65  74  -5   0   9 0.00    M    M  9.2 16 150   M    M   0        23 160
25  96  68  82   3   0  17 0.00    M    M 12.8 22 200   M    M   0        29 190
26  92  78  85   6   0  20 0.03    M    M  8.5 16 220   M    M   1 3      25 220
27  89  70  80   1   0  15 0.00    M    M  9.7 21 320   M    M   0        26 320
28  83  63  73  -6   0   8 0.00    M    M  7.1 14 350   M    M   2        21 360
29  84  60  72  -7   0   7 0.00    M    M  3.8 14 360   M    M   3 8      19  10
30  77  62  70  -9   0   5 0.00    M    M  2.9  7 180   M    M   4        11 360
================================================================================
SM 2512 1867         1 271  1.41    M    231.4          M       49
================================================================================
AV 83.7 64.4                               7.7 FASTST   M    M   2    MAX(MPH)
                                 MISC ---->  # 35 350               # 46  350
================================================================================
NOTES:
# LAST OF SEVERAL OCCURRENCES

COLUMN 17 PEAK WIND IN M.P.H.

PRELIMINARY LOCAL CLIMATOLOGICAL DATA (WS FORM: F-6) , PAGE 2

                                          STATION:  Johnson County Executive KS
                                          MONTH:    JULY
                                          YEAR:     2014
                                          LATITUDE:   38 50 N
                                          LONGITUDE:  94 44 W

[TEMPERATURE DATA]      [PRECIPITATION DATA]       SYMBOLS USED IN COLUMN 16

AVERAGE MONTHLY: 74.1   TOTAL FOR MONTH:   1.41    1 = FOG OR MIST
DPTR FM NORMAL:  -4.2   DPTR FM NORMAL:   -2.18    2 = FOG REDUCING VISIBILITY
HIGHEST:    96 ON 25,22 GRTST 24HR  1.07 ON  7- 8      TO 1/4 MILE OR LESS
LOWEST:     53 ON 16                               3 = THUNDER
                        SNOW, ICE PELLETS, HAIL    4 = ICE PELLETS
                        TOTAL MONTH:    M          5 = HAIL
                        GRTST 24HR    M  ON   M    6 = FREEZING RAIN OR DRIZZLE
                        GRTST DEPTH:  M  ON   M    7 = DUSTSTORM OR SANDSTORM:
                                                       VSBY 1/2 MILE OR LESS
                                                   8 = SMOKE OR HAZE
[NO. OF DAYS WITH]      [WEATHER - DAYS WITH]      9 = BLOWING SNOW
                                                   X = TORNADO
MAX 32 OR BELOW:   0    0.01 INCH OR MORE:   6
MAX 90 OR ABOVE:   5    0.10 INCH OR MORE:   3
MIN 32 OR BELOW:   0    0.50 INCH OR MORE:   1
MIN  0 OR BELOW:   0    1.00 INCH OR MORE:   1

[HDD (BASE 65) ]
TOTAL THIS MO.     1    CLEAR  (SCALE 0-3)  24
DPTR FM NORMAL     1    PTCLDY (SCALE 4-7)   6
TOTAL FM JUL 1     1    CLOUDY (SCALE 8-10)  0
DPTR FM NORMAL     1

[CDD (BASE 65) ]
TOTAL THIS MO.   271
DPTR FM NORMAL  -126    [PRESSURE DATA]
TOTAL FM JAN 1   678    HIGHEST SLP  0.00 ON M
DPTR FM NORMAL   -80    LOWEST  SLP  0.00 ON M

[REMARKS]
