000
CXUS55 KEAX 230736
CF6OJC
PRELIMINARY LOCAL CLIMATOLOGICAL DATA (WS FORM: F-6)

                                          STATION:   Johnson County Executive KS
                                          MONTH:     JUNE
                                          YEAR:      2017
                                          LATITUDE:   38 50 N
                                          LONGITUDE:  94 44 W

  TEMPERATURE IN F:       :PCPN:    SNOW:  WIND      :SUNSHINE: SKY     :PK WND
================================================================================
1   2   3   4   5  6A  6B    7    8   9   10  11  12  13   14  15   16   17  18
                                     12Z  AVG MX 2MIN
DY MAX MIN AVG DEP HDD CDD  WTR  SNW DPTH SPD SPD DIR MIN PSBL S-S WX    SPD DR
================================================================================

 1  77  61  69  -1   0   4 0.34    M    M  6.5 13 140   M    M   5 1      17 170
 2  82  65  74   4   0   9 0.00    M    M  5.2 15 180   M    M   1        19 170
 3  83  65  74   4   0   9 0.00    M    M  4.9 15 160   M    M   1        20 150
 4  81  68  75   5   0  10 0.20    M    M  2.8 20  30   M    M   3 13     25  40
 5  91  65  78   7   0  13 0.00    M    M  5.9 14  30   M    M   1 1      19  10
 6  80  63  72   1   0   7 0.00    M    M  8.3 12  90   M    M   0        17  50
 7  79  58  69  -2   0   4 0.00    M    M  4.3 12  90   M    M   0        16 160
 8  80  58  69  -3   0   4 0.00    M    M  4.5 12 210   M    M   0 8      18 210
 9  83  57  70  -2   0   5 0.00    M    M  8.1 17 170   M    M   0 8      22 170
10  85  64  75   3   0  10 0.00    M    M 14.8 25 180   M    M   1        35 170
11  88  69  79   7   0  14 0.00    M    M 15.9 32 170   M    M   0        38 160
12  89  68  79   6   0  14 0.00    M    M 12.3 23 170   M    M   1        30 160
13  88  72  80   7   0  15 0.00    M    M 14.1 29 170   M    M   3        37 170
14  86  68  77   4   0  12 0.11    M    M 10.6 32 250   M    M   5 138    41 260
15  90  65  78   5   0  13 0.06    M    M 10.3 25 240   M    M   2 13     33 260
16  89  65  77   3   0  12 0.13    M    M  9.9 28 360   M    M   1 13     38 360
17  89  66  78   4   0  13 1.12    M    M  8.7 28 350   M    M   2 13     41  10
18  81  63  72  -2   0   7 0.18    M    M  7.8 20 330   M    M   2 13     27 330
19  83  61  72  -2   0   7 0.01    M    M  6.4 20 280   M    M   3        27 250
20  89  64  77   3   0  12 0.00    M    M  7.0 15 190   M    M   3        20 280
21  90  70  80   5   0  15 0.00    M    M 10.6 21 200   M    M   0        27 210
22  84  66  75   0   0  10 0.00    M    M  9.2 20 180   M    M   2        27 170
================================================================================
SM 1867 1421         0 219  2.15    M    188.1          M       36
================================================================================
AV 84.9 64.6                               8.5 FASTST   M    M   2    MAX(MPH)
                                 MISC ---->  # 32 170               # 41  260
================================================================================
NOTES:
# LAST OF SEVERAL OCCURRENCES

COLUMN 17 PEAK WIND IN M.P.H.

PRELIMINARY LOCAL CLIMATOLOGICAL DATA (WS FORM: F-6) , PAGE 2

                                          STATION:  Johnson County Executive KS
                                          MONTH:    JUNE
                                          YEAR:     2017
                                          LATITUDE:   38 50 N
                                          LONGITUDE:  94 44 W

[TEMPERATURE DATA]      [PRECIPITATION DATA]       SYMBOLS USED IN COLUMN 16

AVERAGE MONTHLY: 74.7   TOTAL FOR MONTH:   2.15    1 = FOG OR MIST
DPTR FM NORMAL:   2.3   DPTR FM NORMAL:   -2.42    2 = FOG REDUCING VISIBILITY
HIGHEST:    91 ON  5    GRTST 24HR  1.12 ON 17-17      TO 1/4 MILE OR LESS
LOWEST:     57 ON  9                               3 = THUNDER
                        SNOW, ICE PELLETS, HAIL    4 = ICE PELLETS
                        TOTAL MONTH:    M          5 = HAIL
                        GRTST 24HR    M  ON   M    6 = FREEZING RAIN OR DRIZZLE
                        GRTST DEPTH:  M  ON   M    7 = DUSTSTORM OR SANDSTORM:
                                                       VSBY 1/2 MILE OR LESS
                                                   8 = SMOKE OR HAZE
[NO. OF DAYS WITH]      [WEATHER - DAYS WITH]      9 = BLOWING SNOW
                                                   X = TORNADO
MAX 32 OR BELOW:   0    0.01 INCH OR MORE:   8
MAX 90 OR ABOVE:   3    0.10 INCH OR MORE:   6
MIN 32 OR BELOW:   0    0.50 INCH OR MORE:   1
MIN  0 OR BELOW:   0    1.00 INCH OR MORE:   1

[HDD (BASE 65) ]
TOTAL THIS MO.     0    CLEAR  (SCALE 0-3)  19
DPTR FM NORMAL    -6    PTCLDY (SCALE 4-7)   3
TOTAL FM JUL 1  4018    CLOUDY (SCALE 8-10)  0
DPTR FM NORMAL  -914

[CDD (BASE 65) ]
TOTAL THIS MO.   219
DPTR FM NORMAL    48    [PRESSURE DATA]
TOTAL FM JAN 1   315    HIGHEST SLP  0.00 ON M
DPTR FM NORMAL    40    LOWEST  SLP  0.00 ON M

[REMARKS]
