000
CXUS56 KSGX 221931
CF6OKB
PRELIMINARY LOCAL CLIMATOLOGICAL DATA (WS FORM: F-6)

                                          STATION:   OCEANSIDE AIRPORT CA
                                          MONTH:     FEBRUARY
                                          YEAR:      2017
                                          LATITUDE:   33 13 N
                                          LONGITUDE: 117 21 W

  TEMPERATURE IN F:       :PCPN:    SNOW:  WIND      :SUNSHINE: SKY     :PK WND
================================================================================
1   2   3   4   5  6A  6B    7    8   9   10  11  12  13   14  15   16   17  18
                                     12Z  AVG MX 2MIN
DY MAX MIN AVG DEP HDD CDD  WTR  SNW DPTH SPD SPD DIR MIN PSBL S-S WX    SPD DR
================================================================================

 1  65  36  51  -3  14   0 0.00  0.0    0  2.3 12 250   M    M   1 128    22 160
 2  68  38  53  -1  12   0 0.00  0.0    0  2.7 12 260   M    M   1 1      16 260
 3  68  46  57   3   8   0 0.00  0.0    0  2.0 10 250   M    M   8        13 250
 4  64  52  58   4   7   0 0.00  0.0    0  4.9 17 280   M    M   7 1      21 300
 5  61  50  56   2   9   0    T  0.0    0  3.1 10 240   M    M   7 18     13 240
 6  61  54  58   4   7   0 0.66  0.0    0  4.1 12 180   M    M  10 18     16 190
 7  66  59  63   9   2   0 0.31  0.0    0  7.5 15 250   M    M   8 1      20 250
 8  68  57  63   9   2   0 0.00  0.0    0  2.8 10 240   M    M   6 12     17 310
 9  71  54  63   9   2   0 0.00  0.0    0  4.1 15 290   M    M   8 128    19 290
10  65  56  61   7   4   0 0.00  0.0    0  4.8 14 280   M    M   7 128     M  M
11  62  52  57   3   8   0 0.14  0.0    0  4.7 13 260   M    M   9 1      16 260
12  67  44  56   2   9   0 0.00  0.0    0  4.2 17 290   M    M   0 1      23 280
13  68  41  55   1  10   0 0.00  0.0    0  2.9 12 260   M    M   1        15 260
14  65  50  58   4   7   0 0.00  0.0    0  3.0 12 250   M    M   1 18     14 240
15  71  46  59   5   6   0 0.00  0.0    0  4.9 17 260   M    M   3 128    24 260
16  63  44  54   0  11   0 0.00  0.0    0  3.3 13 270   M    M   1 18     17 270
17  64  53  59   5   6   0 1.38  0.0    0  7.8 25 180   M    M  10 18     39 200
18  61  53  57   3   8   0 0.08  0.0    0  4.5 13 290   M    M   8 18     18 300
19  61  54  58   4   7   0    T  0.0    0  4.2 15 250   M    M  10 1      20 240
20  66  52  59   5   6   0 0.00  0.0    0  3.4 12 250   M    M   6        14 260
21  71  47  59   5   6   0 0.00  0.0    0  4.1 17 290   M    M   2 18     21 290
================================================================================
SM 1376 1038       151   0  2.57     0.0  85.3          M      114
================================================================================
AV 65.5 49.4                               4.1 FASTST   M    M   5    MAX(MPH)
                                 MISC ---->  # 25 180               # 39  200
================================================================================
NOTES:
# LAST OF SEVERAL OCCURRENCES

COLUMN 17 PEAK WIND IN M.P.H.

PRELIMINARY LOCAL CLIMATOLOGICAL DATA (WS FORM: F-6) , PAGE 2

                                          STATION:  OCEANSIDE AIRPORT CA
                                          MONTH:    FEBRUARY
                                          YEAR:     2017
                                          LATITUDE:   33 13 N
                                          LONGITUDE: 117 21 W

[TEMPERATURE DATA]      [PRECIPITATION DATA]       SYMBOLS USED IN COLUMN 16

AVERAGE MONTHLY: 57.5   TOTAL FOR MONTH:   2.57    1 = FOG OR MIST
DPTR FM NORMAL:   3.5   DPTR FM NORMAL:    0.39    2 = FOG REDUCING VISIBILITY
HIGHEST:    71 ON 21,15 GRTST 24HR  1.44 ON 17-18      TO 1/4 MILE OR LESS
LOWEST:     36 ON  1                               3 = THUNDER
                        SNOW, ICE PELLETS, HAIL    4 = ICE PELLETS
                        TOTAL MONTH:   0.0 INCH    5 = HAIL
                        GRTST 24HR     0.0         6 = FREEZING RAIN OR DRIZZLE
                        GRTST DEPTH:   0           7 = DUSTSTORM OR SANDSTORM:
                                                       VSBY 1/2 MILE OR LESS
                                                   8 = SMOKE OR HAZE
[NO. OF DAYS WITH]      [WEATHER - DAYS WITH]      9 = BLOWING SNOW
                                                   X = TORNADO
MAX 32 OR BELOW:   0    0.01 INCH OR MORE:   5
MAX 90 OR ABOVE:   0    0.10 INCH OR MORE:   4
MIN 32 OR BELOW:   0    0.50 INCH OR MORE:   2
MIN  0 OR BELOW:   0    1.00 INCH OR MORE:   1

[HDD (BASE 65) ]
TOTAL THIS MO.   151    CLEAR  (SCALE 0-3)   8
DPTR FM NORMAL   -80    PTCLDY (SCALE 4-7)   8
TOTAL FM JUL 1   924    CLOUDY (SCALE 8-10)  5
DPTR FM NORMAL  -412

[CDD (BASE 65) ]
TOTAL THIS MO.     0
DPTR FM NORMAL     0    [PRESSURE DATA]
TOTAL FM JAN 1     0    HIGHEST SLP M ON M
DPTR FM NORMAL     0    LOWEST  SLP 29.44 ON 17

[REMARKS]
