000
CXUS56 KSGX 231445
CF6OKB
PRELIMINARY LOCAL CLIMATOLOGICAL DATA (WS FORM: F-6)

                                          STATION:   OCEANSIDE AIRPORT CA
                                          MONTH:     SEPTEMBER
                                          YEAR:      2017
                                          LATITUDE:   33 13 N
                                          LONGITUDE: 117 21 W

  TEMPERATURE IN F:       :PCPN:    SNOW:  WIND      :SUNSHINE: SKY     :PK WND
================================================================================
1   2   3   4   5  6A  6B    7    8   9   10  11  12  13   14  15   16   17  18
                                     12Z  AVG MX 2MIN
DY MAX MIN AVG DEP HDD CDD  WTR  SNW DPTH SPD SPD DIR MIN PSBL S-S WX    SPD DR
================================================================================

 1  91  66  79  10   0  14 0.00  0.0    0  4.6 13 260   M    M   0 18     18 260
 2  92  66  79  10   0  14 0.00  0.0    0  4.2 13 250   M    M   0 18     15 240
 3  92  73  83  14   0  18    T  0.0    0  5.9 13 240   M    M   2        17 210
 4  77  65  71   2   0   6    T  0.0    0  4.2 13 210   M    M   5 18     16 200
 5  81  61  71   2   0   6 0.00  0.0    0  5.1 18 260   M    M   4 18     23 250
 6  80  65  73   4   0   8 0.00  0.0    0  5.8 18 260   M    M   3 18     24 260
 7  79  63  71   2   0   6 0.00  0.0    0  4.3 16 250   M    M   4 18     20 250
 8  78  63  71   2   0   6    T  0.0    0  4.4 14 230   M    M   5 18     18 250
 9  78  65  72   3   0   7    T  0.0    0  5.5 16 250   M    M   5 1      27 220
10  80  62  71   3   0   6 0.00  0.0    0  3.8 14 240   M    M   0 18     23 210
11  85  65  75   7   0  10 0.00  0.0    0  5.2 16 260   M    M   0 1      20 250
12  78  66  72   4   0   7 0.00  0.0    0  5.9 16 270   M    M   5 18     21 250
13  77  59  68   0   0   3 0.00  0.0    0  4.7 15 250   M    M   6 18     19 250
14  78  60  69   1   0   4 0.00  0.0    0  4.5 17 290   M    M   6        23 290
15  77  65  71   3   0   6 0.00  0.0    0  4.7 15 260   M    M   7        22 260
16  77  62  70   2   0   5 0.00  0.0    0  4.0 14 240   M    M   7        18 240
17  75  57  66  -2   0   1    T  0.0    0  5.8 16 290   M    M   6 18     21 300
18  76  56  66  -2   0   1 0.00  0.0    0  4.1 16 250   M    M   5 1      20 250
19  77  66  72   4   0   7 0.00  0.0    0  4.1 14 250   M    M   7        18 220
20  76  67  72   5   0   7    T  0.0    0  6.2 15 240   M    M   9        20 180
21  74  56  65  -2   0   0    T  0.0    0  7.0 17 250   M    M   8        29 210
22  74  50  62  -5   3   0 0.00  0.0    0  5.6 16 240   M    M   1        20 250
================================================================================
SM 1752 1378         3 142    T      0.0 109.6          M       95
================================================================================
AV 79.6 62.6                               5.0 FASTST   M    M   4    MAX(MPH)
                                 MISC ---->  # 18 260               # 29  210
================================================================================
NOTES:
# LAST OF SEVERAL OCCURRENCES

COLUMN 17 PEAK WIND IN M.P.H.

PRELIMINARY LOCAL CLIMATOLOGICAL DATA (WS FORM: F-6) , PAGE 2

                                          STATION:  OCEANSIDE AIRPORT CA
                                          MONTH:    SEPTEMBER
                                          YEAR:     2017
                                          LATITUDE:   33 13 N
                                          LONGITUDE: 117 21 W

[TEMPERATURE DATA]      [PRECIPITATION DATA]       SYMBOLS USED IN COLUMN 16

AVERAGE MONTHLY: 71.1   TOTAL FOR MONTH:      T    1 = FOG OR MIST
DPTR FM NORMAL:   2.9   DPTR FM NORMAL:   -0.19    2 = FOG REDUCING VISIBILITY
HIGHEST:    92 ON  3, 2 GRTST 24HR    T  ON 21-21      TO 1/4 MILE OR LESS
LOWEST:     50 ON 22                               3 = THUNDER
                        SNOW, ICE PELLETS, HAIL    4 = ICE PELLETS
                        TOTAL MONTH:   0.0 INCH    5 = HAIL
                        GRTST 24HR     0.0         6 = FREEZING RAIN OR DRIZZLE
                        GRTST DEPTH:   0           7 = DUSTSTORM OR SANDSTORM:
                                                       VSBY 1/2 MILE OR LESS
                                                   8 = SMOKE OR HAZE
[NO. OF DAYS WITH]      [WEATHER - DAYS WITH]      9 = BLOWING SNOW
                                                   X = TORNADO
MAX 32 OR BELOW:   0    0.01 INCH OR MORE:   0
MAX 90 OR ABOVE:   3    0.10 INCH OR MORE:   0
MIN 32 OR BELOW:   0    0.50 INCH OR MORE:   0
MIN  0 OR BELOW:   0    1.00 INCH OR MORE:   0

[HDD (BASE 65) ]
TOTAL THIS MO.     3    CLEAR  (SCALE 0-3)   6
DPTR FM NORMAL     3    PTCLDY (SCALE 4-7)  15
TOTAL FM JUL 1     3    CLOUDY (SCALE 8-10)  1
DPTR FM NORMAL    -2

[CDD (BASE 65) ]
TOTAL THIS MO.   142
DPTR FM NORMAL    64    [PRESSURE DATA]
TOTAL FM JAN 1   661    HIGHEST SLP M ON M
DPTR FM NORMAL   283    LOWEST  SLP 29.68 ON  1

[REMARKS]
