000
CXUS54 KOUN 290700
CF6OKC
PRELIMINARY LOCAL CLIMATOLOGICAL DATA (WS FORM: F-6)

                                          STATION:   OKLAHOMA CITY
                                          MONTH:     MAY
                                          YEAR:      2016
                                          LATITUDE:   35 24 N
                                          LONGITUDE:  97 36 W

  TEMPERATURE IN F:       :PCPN:    SNOW:  WIND      :SUNSHINE: SKY     :PK WND
================================================================================
1   2   3   4   5  6A  6B    7    8   9   10  11  12  13   14  15   16   17  18
                                     12Z  AVG MX 2MIN
DY MAX MIN AVG DEP HDD CDD  WTR  SNW DPTH SPD SPD DIR MIN PSBL S-S WX    SPD DR
================================================================================

 1  65  46  56 -10   9   0    T  0.0    0 15.5 25 330   M    M   5        30 340
 2  63  46  55 -11  10   0 0.00  0.0    0 10.5 18 350   M    M   6        24 350
 3  71  40  56 -10   9   0 0.00  0.0    0  5.8 13 230   M    M   3        16 250
 4  82  48  65  -2   0   0 0.00  0.0    0 11.0 24 350   M    M   0        31 320
 5  82  50  66  -1   0   1 0.00  0.0    0  4.4 10  40   M    M   1        15  20
 6  82  49  66  -1   0   1 0.00  0.0    0  8.3 15 170   M    M   4        20 160
 7  82  52  67  -1   0   2 0.00  0.0    0 12.7 25 170   M    M   4        31 160
 8  77  63  70   2   0   5 0.00  0.0    0 17.7 26 180   M    M   7        32 170
 9  83  59  71   3   0   6    T  0.0    0 16.0 30 190   M    M   6 3      38 190
10  90  51  71   3   0   6 0.00  0.0    0  9.3 22 180   M    M   1        31 180
11  85  65  75   6   0  10 0.00  0.0    0 12.4 26 220   M    M   6        36 220
12  80  54  67  -2   0   2 0.01  0.0    0 10.3 26  30   M    M   4        35  30
13  82  49  66  -3   0   1 0.37  0.0    0 12.3 24  30   M    M   3 3      31  30
14  64  51  58 -11   7   0    T  0.0    0 15.1 29  30   M    M   7        36  30
15  66  53  60 -10   5   0 0.07  0.0    0  8.2 17 100   M    M   9        22 100
16  73  55  64  -6   1   0 0.37  0.0    0 11.5 33 290   M    M   9 13     42 280
17  61  56  59 -11   6   0 0.75  0.0    0 13.8 26 100   M    M  10 13     32 110
18  67  53  60 -10   5   0 0.00  0.0    0 11.0 21  40   M    M   8        26  30
19  61  53  57 -14   8   0 0.30  0.0    0  6.9 13 120   M    M  10 1      16 100
20  74  56  65  -6   0   0 0.00  0.0    0  5.6 16 130   M    M   8 1      21 120
21  81  62  72   1   0   7 0.00  0.0    0 11.7 18 140   M    M   8        23 150
22  81  65  73   1   0   8 0.00  0.0    0 14.1 23 150   M    M   8        29 150
23  77  65  71  -1   0   6 0.11  0.0    0 13.7 26 160   M    M  10 1      33 160
24  87  70  79   7   0  14    T  0.0    0 15.8 29 180   M    M   7 3      38 180
25  89  74  82  10   0  17 0.00  0.0    0 17.1 25 200   M    M   7        33 180
26  87  67  77   4   0  12    T  0.0    0 20.8 40 160   M    M   8 13     52 140
27  82  63  73   0   0   8 0.01  0.0    0 11.0 30 130   M    M   6 3      38 130
28  84  59  72  -1   0   7 0.00  0.0    0  6.0 13 170   M    M   2 1      16 170
================================================================================
SM 2158 1574        60 113  1.99     0.0 328.5          M      167
================================================================================
AV 77.1 56.2                              11.7 FASTST   M    M   6    MAX(MPH)
                                 MISC ---->  # 40 160               # 52  140
================================================================================
NOTES:
# LAST OF SEVERAL OCCURRENCES

COLUMN 17 PEAK WIND IN M.P.H.

PRELIMINARY LOCAL CLIMATOLOGICAL DATA (WS FORM: F-6) , PAGE 2

                                          STATION:  OKLAHOMA CITY
                                          MONTH:    MAY
                                          YEAR:     2016
                                          LATITUDE:   35 24 N
                                          LONGITUDE:  97 36 W

[TEMPERATURE DATA]      [PRECIPITATION DATA]       SYMBOLS USED IN COLUMN 16

AVERAGE MONTHLY: 66.6   TOTAL FOR MONTH:   1.99    1 = FOG OR MIST
DPTR FM NORMAL:  -2.9   DPTR FM NORMAL:   -2.16    2 = FOG REDUCING VISIBILITY
HIGHEST:    90 ON 10    GRTST 24HR  1.12 ON 16-17      TO 1/4 MILE OR LESS
LOWEST:     40 ON  3                               3 = THUNDER
                        SNOW, ICE PELLETS, HAIL    4 = ICE PELLETS
                        TOTAL MONTH:   0.0 INCH    5 = HAIL
                        GRTST 24HR     0.0         6 = FREEZING RAIN OR DRIZZLE
                        GRTST DEPTH:   0           7 = DUSTSTORM OR SANDSTORM:
                                                       VSBY 1/2 MILE OR LESS
                                                   8 = SMOKE OR HAZE
[NO. OF DAYS WITH]      [WEATHER - DAYS WITH]      9 = BLOWING SNOW
                                                   X = TORNADO
MAX 32 OR BELOW:   0    0.01 INCH OR MORE:   8
MAX 90 OR ABOVE:   1    0.10 INCH OR MORE:   5
MIN 32 OR BELOW:   0    0.50 INCH OR MORE:   1
MIN  0 OR BELOW:   0    1.00 INCH OR MORE:   0

[HDD (BASE 65) ]
TOTAL THIS MO.    60    CLEAR  (SCALE 0-3)   5
DPTR FM NORMAL    29    PTCLDY (SCALE 4-7)  16
TOTAL FM JUL 1  2817    CLOUDY (SCALE 8-10)  7
DPTR FM NORMAL  -546

[CDD (BASE 65) ]
TOTAL THIS MO.   113
DPTR FM NORMAL   -43    [PRESSURE DATA]
TOTAL FM JAN 1   155    HIGHEST SLP M ON M
DPTR FM NORMAL   -67    LOWEST  SLP 29.48 ON  9

[REMARKS]
