000
CXUS54 KOUN 290700
CF6OKC
PRELIMINARY LOCAL CLIMATOLOGICAL DATA (WS FORM: F-6)

                                          STATION:   OKLAHOMA CITY
                                          MONTH:     JULY
                                          YEAR:      2016
                                          LATITUDE:   35 24 N
                                          LONGITUDE:  97 36 W

  TEMPERATURE IN F:       :PCPN:    SNOW:  WIND      :SUNSHINE: SKY     :PK WND
================================================================================
1   2   3   4   5  6A  6B    7    8   9   10  11  12  13   14  15   16   17  18
                                     12Z  AVG MX 2MIN
DY MAX MIN AVG DEP HDD CDD  WTR  SNW DPTH SPD SPD DIR MIN PSBL S-S WX    SPD DR
================================================================================

 1  87  73  80  -2   0  15 0.03  0.0    0  7.5 15 130   M    M   8        20 120
 2  95  71  83   1   0  18    T  0.0    0 12.2 22 210   M    M   5        27 210
 3  95  74  85   3   0  20    T  0.0    0 10.6 24  80   M    M   5 3      30  80
 4  94  69  82   0   0  17 0.00  0.0    0  7.2 17 200   M    M   6 1      23 150
 5  99  73  86   4   0  21 0.00  0.0    0 12.0 22 180   M    M   5 1      27 180
 6  97  79  88   6   0  23 0.00  0.0    0 17.2 26 190   M    M   5        33 190
 7  97  79  88   6   0  23 0.00  0.0    0 18.8 30 200   M    M   5        36 210
 8  92  72  82   0   0  17 0.27  0.0    0 12.8 30 180   M    M   8 138    39 170
 9  90  71  81  -2   0  16 0.00  0.0    0  9.2 20 160   M    M   5        24 140
10  94  68  81  -2   0  16 0.00  0.0    0 12.3 22 160   M    M   1        31 150
11  93  76  85   2   0  20    T  0.0    0 17.4 29 190   M    M   5        38 180
12  94  77  86   3   0  21    T  0.0    0 18.1 28 180   M    M   4        34 190
13  96  76  86   3   0  21 0.00  0.0    0 16.6 28 200   M    M   4        36 200
14  89  73  81  -2   0  16    T  0.0    0 14.9 31 120   M    M   6 3      39 110
15  87  68  78  -5   0  13 1.14  0.0    0  9.6 32 110   M    M   6 13     39 110
16  91  72  82  -1   0  17    T  0.0    0  8.3 21 200   M    M   4 3      24 200
17  94  74  84   1   0  19 0.00  0.0    0 13.1 22 160   M    M   1        29 200
18  95  70  83   0   0  18 0.00  0.0    0  9.6 18 190   M    M   2        23 180
19  95  72  84   0   0  19 0.00  0.0    0  8.0 17 160   M    M   3        20 150
20  96  73  85   1   0  20 0.00  0.0    0 10.8 20 200   M    M   1        28 190
21  98  72  85   1   0  20 0.00  0.0    0 11.2 23 200   M    M   1        30 190
22 100  71  86   2   0  21 0.00  0.0    0  9.4 18 210   M    M   1        24 190
23 100  71  86   2   0  21 0.00  0.0    0  9.6 21 230   M    M   1        25 200
24 100  72  86   2   0  21 0.00  0.0    0  8.6 17 190   M    M   2        22 190
25  95  72  84   0   0  19 0.78  0.0    0  7.4 25  90   M    M   7 13     34 360
26  92  72  82  -2   0  17 0.67  0.0    0  5.4 21  90   M    M   8 13     26  80
27  93  72  83  -1   0  18 0.29  0.0    0  2.9 40 310   M    M   6 13     51 310
28  94  72  83  -1   0  18 0.00  0.0    0  3.8 14  60   M    M   5 1      19  50
================================================================================
SM 2642 2034         0 525  3.18     0.0 304.5          M      120
================================================================================
AV 94.4 72.6                              10.9 FASTST   M    M   4    MAX(MPH)
                                 MISC ---->  # 40 310               # 51  310
================================================================================
NOTES:
# LAST OF SEVERAL OCCURRENCES

COLUMN 17 PEAK WIND IN M.P.H.

PRELIMINARY LOCAL CLIMATOLOGICAL DATA (WS FORM: F-6) , PAGE 2

                                          STATION:  OKLAHOMA CITY
                                          MONTH:    JULY
                                          YEAR:     2016
                                          LATITUDE:   35 24 N
                                          LONGITUDE:  97 36 W

[TEMPERATURE DATA]      [PRECIPITATION DATA]       SYMBOLS USED IN COLUMN 16

AVERAGE MONTHLY: 83.5   TOTAL FOR MONTH:   3.18    1 = FOG OR MIST
DPTR FM NORMAL:   0.4   DPTR FM NORMAL:    0.52    2 = FOG REDUCING VISIBILITY
HIGHEST:   100 ON 24,23 GRTST 24HR  1.45 ON 25-26      TO 1/4 MILE OR LESS
LOWEST:     68 ON 15,10                            3 = THUNDER
                        SNOW, ICE PELLETS, HAIL    4 = ICE PELLETS
                        TOTAL MONTH:   0.0 INCH    5 = HAIL
                        GRTST 24HR     0.0         6 = FREEZING RAIN OR DRIZZLE
                        GRTST DEPTH:   0           7 = DUSTSTORM OR SANDSTORM:
                                                       VSBY 1/2 MILE OR LESS
                                                   8 = SMOKE OR HAZE
[NO. OF DAYS WITH]      [WEATHER - DAYS WITH]      9 = BLOWING SNOW
                                                   X = TORNADO
MAX 32 OR BELOW:   0    0.01 INCH OR MORE:   6
MAX 90 OR ABOVE:  25    0.10 INCH OR MORE:   5
MIN 32 OR BELOW:   0    0.50 INCH OR MORE:   3
MIN  0 OR BELOW:   0    1.00 INCH OR MORE:   1

[HDD (BASE 65) ]
TOTAL THIS MO.     0    CLEAR  (SCALE 0-3)   8
DPTR FM NORMAL     0    PTCLDY (SCALE 4-7)  20
TOTAL FM JUL 1     0    CLOUDY (SCALE 8-10)  0
DPTR FM NORMAL     0

[CDD (BASE 65) ]
TOTAL THIS MO.   525
DPTR FM NORMAL    20    [PRESSURE DATA]
TOTAL FM JAN 1  1147    HIGHEST SLP M ON M
DPTR FM NORMAL     2    LOWEST  SLP 29.69 ON M

[REMARKS]
