000
CXUS55 KGGW 310800
CF6OLF
PRELIMINARY LOCAL CLIMATOLOGICAL DATA (WS FORM: F-6)

                                          STATION:   WOLF POINT MT
                                          MONTH:     JANUARY
                                          YEAR:      2015
                                          LATITUDE:   48  5 N
                                          LONGITUDE: 105 35 W

  TEMPERATURE IN F:       :PCPN:    SNOW:  WIND      :SUNSHINE: SKY     :PK WND
================================================================================
1   2   3   4   5  6A  6B    7    8   9   10  11  12  13   14  15   16   17  18
                                     12Z  AVG MX 2MIN
DY MAX MIN AVG DEP HDD CDD  WTR  SNW DPTH SPD SPD DIR MIN PSBL S-S WX    SPD DR
================================================================================

 1  35  24  30  18  35   0 0.00  0.0    0  8.1 21 280   M    M  10        26 260
 2  37   9  23  11  42   0    T    M    0  7.1 31  10   M    M   7        36  10
 3   9   1   5  -7  60   0    T    M    0  8.4 25  10   M    M   8 8      30  10
 4   2 -22 -10 -22  75   0 0.00  0.0    0  7.4 18 310   M    M   0        21 310
 5   3 -15  -6 -18  71   0 0.02    M    0  9.1 20  80   M    M   4 8      25  90
 6   9 -12  -1 -12  66   0    T    M    0  7.3 17 320   M    M   8 8      20 320
 7  15 -29  -7 -18  72   0 0.00  0.0    0  4.5 21 250   M    M   0        25 250
 8  23  -2  11   0  54   0    T    M    0 19.0 38 330   M    M   4 89     44 330
 9   6 -10  -2 -13  67   0 0.00  0.0    0  6.6 18 290   M    M   0        22 290
10  13 -10   2  -9  63   0    T    M    0  4.6 10 250   M    M   8        12 250
11  12 -18  -3 -14  68   0    T    M    0  3.2 10 270   M    M   3        12 270
12   4 -21  -8 -19  73   0 0.00  0.0    0  4.8 10  90   M    M   2 18     12  80
13  18  -8   5  -6  60   0    T    M    0 11.0 21 250   M    M   3 1      27 250
14  30   8  19   8  46   0 0.00  0.0    0  9.0 23 250   M    M   2        29 250
15  35  14  25  13  40   0 0.00  0.0    0  6.0 14 240   M    M   0        17 250
16  40   5  23  11  42   0 0.00  0.0    0  6.1 28 280   M    M   3 18     34 280
17  39  15  27  15  38   0 0.00  0.0    0 11.1 25 270   M    M   0        33 280
18  33  11  22  10  43   0    T    M    0  4.6 12 200   M    M   2        13 210
19  41  21  31  19  34   0    T    M    0 13.8 25 260   M    M   8        32 300
20  39  26  33  21  32   0    T    M    0 11.8 24 310   M    M   5 18     31 300
21  37  20  29  17  36   0    T    M    0  5.5 14 340   M    M   5 1      17 340
22  48  21  35  23  30   0 0.00  0.0    0  7.7 14 250   M    M   1        20 260
23  46  28  37  25  28   0 0.00  0.0    0 10.5 21 260   M    M   1        25 260
24  47  33  40  28  25   0 0.05    M    0 13.4 30 300   M    M   3        39 300
25  49  27  38  26  27   0 0.00  0.0    0  6.2 14 250   M    M   1        19 250
26  51  28  40  28  25   0 0.00  0.0    0  3.6 14 240   M    M   0        16 240
27  51  28  40  27  25   0 0.00  0.0    0  4.4 12 250   M    M   0        15 250
28  41  28  35  22  30   0 0.00  0.0    0 11.6 28 320   M    M   5        34 320
29  40  19  30  17  35   0 0.00  0.0    0  4.4 10  60   M    M   2 12     13 310
30  43  20  32  19  33   0 0.00  0.0    0  6.1 20  70   M    M   0 1      25  80
================================================================================
SM  896  239      1375   0  0.07     0.0 236.9          M       95
================================================================================
AV 29.9  8.0                               7.9 FASTST   M    M   3    MAX(MPH)
                                 MISC ---->  # 38 330               # 44  330
================================================================================
NOTES:
# LAST OF SEVERAL OCCURRENCES

COLUMN 17 PEAK WIND IN M.P.H.

PRELIMINARY LOCAL CLIMATOLOGICAL DATA (WS FORM: F-6) , PAGE 2

                                          STATION:  WOLF POINT MT
                                          MONTH:    JANUARY
                                          YEAR:     2015
                                          LATITUDE:   48  5 N
                                          LONGITUDE: 105 35 W

[TEMPERATURE DATA]      [PRECIPITATION DATA]       SYMBOLS USED IN COLUMN 16

AVERAGE MONTHLY: 18.9   TOTAL FOR MONTH:   0.07    1 = FOG OR MIST
DPTR FM NORMAL:   7.1   DPTR FM NORMAL:   -0.24    2 = FOG REDUCING VISIBILITY
HIGHEST:    51 ON 27,26 GRTST 24HR  0.05 ON 24-24      TO 1/4 MILE OR LESS
LOWEST:    -29 ON  7                               3 = THUNDER
                        SNOW, ICE PELLETS, HAIL    4 = ICE PELLETS
                        TOTAL MONTH:   0.0 INCH    5 = HAIL
                        GRTST 24HR     0.0         6 = FREEZING RAIN OR DRIZZLE
                        GRTST DEPTH:   0           7 = DUSTSTORM OR SANDSTORM:
                                                       VSBY 1/2 MILE OR LESS
                                                   8 = SMOKE OR HAZE
[NO. OF DAYS WITH]      [WEATHER - DAYS WITH]      9 = BLOWING SNOW
                                                   X = TORNADO
MAX 32 OR BELOW:  12    0.01 INCH OR MORE:   2
MAX 90 OR ABOVE:   0    0.10 INCH OR MORE:   0
MIN 32 OR BELOW:  29    0.50 INCH OR MORE:   0
MIN  0 OR BELOW:  10    1.00 INCH OR MORE:   0

[HDD (BASE 65) ]
TOTAL THIS MO.  1375    CLEAR  (SCALE 0-3)  19
DPTR FM NORMAL  -221    PTCLDY (SCALE 4-7)   8
TOTAL FM JUL 1  4823    CLOUDY (SCALE 8-10)  3
DPTR FM NORMAL  -427

[CDD (BASE 65) ]
TOTAL THIS MO.     0
DPTR FM NORMAL     0    [PRESSURE DATA]
TOTAL FM JAN 1     0    HIGHEST SLP M ON M
DPTR FM NORMAL     0    LOWEST  SLP 29.61 ON 16

[REMARKS]
