000
CXUS55 KGGW 260800
CF6OLF
PRELIMINARY LOCAL CLIMATOLOGICAL DATA (WS FORM: F-6)

                                          STATION:   WOLF POINT MT
                                          MONTH:     JULY
                                          YEAR:      2017
                                          LATITUDE:   48  5 N
                                          LONGITUDE: 105 35 W

  TEMPERATURE IN F:       :PCPN:    SNOW:  WIND      :SUNSHINE: SKY     :PK WND
================================================================================
1   2   3   4   5  6A  6B    7    8   9   10  11  12  13   14  15   16   17  18
                                     12Z  AVG MX 2MIN
DY MAX MIN AVG DEP HDD CDD  WTR  SNW DPTH SPD SPD DIR MIN PSBL S-S WX    SPD DR
================================================================================

 1  90  50  70   3   0   5 0.00  0.0    0  8.8 20  10   M    M   1        27 360
 2  94  59  77   9   0  12 0.02  0.0    0  9.0 22 200   M    M   1        27 180
 3 102  60  81  13   0  16 0.00  0.0    0  4.0 12 140   M    M   0        16 160
 4  96  59  78  10   0  13 0.00  0.0    0  6.4 15  70   M    M   0        20  30
 5 104  63  84  16   0  19 0.00  0.0    0  9.8 24 300   M    M   0        31 300
 6  94  62  78   9   0  13 0.00  0.0    0  7.3 16  40   M    M   0        20  50
 7  95  62  79  10   0  14 0.00  0.0    0  7.6 17  70   M    M   0        22  70
 8 104  57  81  12   0  16 0.00  0.0    0  6.8 20 200   M    M   0        27 200
 9  97  61  79  10   0  14 0.00  0.0    0  9.2 22  10   M    M   0        27  40
10 103  68  86  16   0  21    T  0.0    0  8.9 43 270   M    M   0 8      56 260
11  89  61  75   5   0  10 0.03  0.0    0 13.4 44 320   M    M   2 3      55 310
12  79  58  69  -1   0   4 0.00  0.0    0  8.2 14  90   M    M   6        18 110
13  96  56  76   6   0  11 0.00  0.0    0  8.4 16 100   M    M   0        23 160
14 102  67  85  15   0  20 0.00  0.0    0 10.3 24  10   M    M   0        29  30
15  95  56  76   5   0  11 0.00  0.0    0 10.1 20  90   M    M   0        26 110
16 101  70  86  15   0  21    T  0.0    0  9.4 22 280   M    M   0        29 290
17  86  62  74   3   0   9    T  0.0    0  7.3 29 350   M    M   1 8      36 350
18  89  56  73   2   0   8 0.00  0.0    0  9.5 18  80   M    M   1        23  70
19  96  61  79   8   0  14 0.04  0.0    0  6.7 21 260   M    M   0 3      30 210
20  98  53  76   5   0  11 0.00  0.0    0 13.7 33  60   M    M   0        42  70
21  94  62  78   6   0  13    T  0.0    0 12.0 28  10   M    M   0 3      36  10
22  90  53  72   0   0   7 0.00  0.0    0 10.7 24 300   M    M   0        31 310
23 100  54  77   5   0  12 0.00  0.0    0  6.1 14 200   M    M   0        22 190
24  93  70  82  10   0  17 0.00  0.0    0  9.4 23 340   M    M   0 8      27 330
25  89  62  76   4   0  11 0.01  0.0    0  7.5 17 310   M    M   1 38     23 330
================================================================================
SM 2376 1502         0 322  0.10     0.0 220.5          M       13
================================================================================
AV 95.0 60.1                               8.8 FASTST   M    M   1    MAX(MPH)
                                 MISC ---->  # 44 320               # 56  260
================================================================================
NOTES:
# LAST OF SEVERAL OCCURRENCES

COLUMN 17 PEAK WIND IN M.P.H.

PRELIMINARY LOCAL CLIMATOLOGICAL DATA (WS FORM: F-6) , PAGE 2

                                          STATION:  WOLF POINT MT
                                          MONTH:    JULY
                                          YEAR:     2017
                                          LATITUDE:   48  5 N
                                          LONGITUDE: 105 35 W

[TEMPERATURE DATA]      [PRECIPITATION DATA]       SYMBOLS USED IN COLUMN 16

AVERAGE MONTHLY: 77.6   TOTAL FOR MONTH:   0.10    1 = FOG OR MIST
DPTR FM NORMAL:   7.5   DPTR FM NORMAL:   -1.51    2 = FOG REDUCING VISIBILITY
HIGHEST:   104 ON  8, 5 GRTST 24HR  0.04 ON 19-19      TO 1/4 MILE OR LESS
LOWEST:     50 ON  1                               3 = THUNDER
                        SNOW, ICE PELLETS, HAIL    4 = ICE PELLETS
                        TOTAL MONTH:   0.0 INCH    5 = HAIL
                        GRTST 24HR     0.0         6 = FREEZING RAIN OR DRIZZLE
                        GRTST DEPTH:   0           7 = DUSTSTORM OR SANDSTORM:
                                                       VSBY 1/2 MILE OR LESS
                                                   8 = SMOKE OR HAZE
[NO. OF DAYS WITH]      [WEATHER - DAYS WITH]      9 = BLOWING SNOW
                                                   X = TORNADO
MAX 32 OR BELOW:   0    0.01 INCH OR MORE:   4
MAX 90 OR ABOVE:  20    0.10 INCH OR MORE:   0
MIN 32 OR BELOW:   0    0.50 INCH OR MORE:   0
MIN  0 OR BELOW:   0    1.00 INCH OR MORE:   0

[HDD (BASE 65) ]
TOTAL THIS MO.     0    CLEAR  (SCALE 0-3)  24
DPTR FM NORMAL   -13    PTCLDY (SCALE 4-7)   1
TOTAL FM JUL 1     0    CLOUDY (SCALE 8-10)  0
DPTR FM NORMAL   -13

[CDD (BASE 65) ]
TOTAL THIS MO.   322
DPTR FM NORMAL   179    [PRESSURE DATA]
TOTAL FM JAN 1   403    HIGHEST SLP M ON M
DPTR FM NORMAL   196    LOWEST  SLP 29.59 ON 24

[REMARKS]
