000
CXUS55 KSEW 290930
CF6OLM
PRELIMINARY LOCAL CLIMATOLOGICAL DATA (WS FORM: F-6)

                                          STATION:   OLYMPIA WA AIRPORT
                                          MONTH:     APRIL
                                          YEAR:      2016
                                          LATITUDE:   46 58 N
                                          LONGITUDE: 122 54 W

  TEMPERATURE IN F:       :PCPN:    SNOW:  WIND      :SUNSHINE: SKY     :PK WND
================================================================================
1   2   3   4   5  6A  6B    7    8   9   10  11  12  13   14  15   16   17  18
                                     12Z  AVG MX 2MIN
DY MAX MIN AVG DEP HDD CDD  WTR  SNW DPTH SPD SPD DIR MIN PSBL S-S WX    SPD DR
================================================================================

 1  72  36  54   8  11   0 0.00  0.0    0  2.8  9  30   M    M   1 12     14 330
 2  66  38  52   6  13   0 0.00  0.0    0  4.7 13 260   M    M   1 1      18 210
 3  72  40  56   9   9   0 0.21  0.0    0  5.4 16 180   M    M   4 1      22 250
 4  55  40  48   1  17   0 0.08  0.0    0  9.6 21 260   M    M   6 1      33 280
 5  57  42  50   3  15   0 0.02  0.0    0  4.6 13 240   M    M   8 1      16 250
 6  68  36  52   5  13   0 0.00  0.0    0  5.5 13  20   M    M   2 12     16  20
 7  80  45  63  16   2   0 0.00  0.0    0  4.3 12  30   M    M   0        17  30
 8  80  43  62  15   3   0 0.00  0.0    0  4.1 14  20   M    M   0 1      17  20
 9  64  40  52   5  13   0 0.00  0.0    0  4.9 13 200   M    M   4 12     17 190
10  56  43  50   3  15   0 0.00  0.0    0  6.1 14 270   M    M   9        17 260
11  55  41  48   0  17   0    T  0.0    0  5.6 12 190   M    M   9        14 200
12  57  40  49   1  16   0 0.51  0.0    0  8.1 22 210   M    M   8 1      27 220
13  56  41  49   1  16   0 0.31  0.0    0  7.0 20 160   M    M   7 1      25 220
14  58  35  47  -1  18   0 0.13  0.0    0  3.2 13 300   M    M   8 12     17 290
15  58  40  49   1  16   0 0.00  0.0    0  5.0 13 190   M    M   7        15 170
16  70  35  53   5  12   0 0.00  0.0    0  2.0  8  60   M    M   1 1      10  90
17  80  38  59  11   6   0 0.00  0.0    0  4.5 13  20   M    M   0        16  30
18  88  41  65  17   0   0 0.00  0.0    0  1.6  9  20   M    M   0 1      14  20
19  86  45  66  17   0   1 0.00  0.0    0  3.0 12  20   M    M   0        14  20
20  83  44  64  15   1   0    T  0.0    0  3.7 23 190   M    M   1 12     27 190
21  73  46  60  11   5   0 0.00  0.0    0  5.2 13 330   M    M   2        18 320
22  61  45  53   4  12   0 0.22  0.0    0  5.9 15 190   M    M   7 1      21 230
23  62  44  53   4  12   0 0.06  0.0    0  7.2 16 260   M    M   7 1      20 240
24  57  35  46  -4  19   0 0.01  0.0    0  7.3 17 240   M    M   7        22 250
25  61  34  48  -2  17   0 0.02  0.0    0  3.2 13 290   M    M   5 1      17 290
26  60  32  46  -4  19   0 0.00  0.0    0  1.9 12 320   M    M   3 12     15 280
27  61  43  52   2  13   0 0.00  0.0    0  3.2 13  20   M    M   8        16 350
28  63  42  53   3  12   0 0.00  0.0    0  4.4 13 230   M    M   8        16 250
================================================================================
SM 1859 1124       322   1  1.57     0.0 134.0          M      123
================================================================================
AV 66.4 40.1                               4.8 FASTST   M    M   4    MAX(MPH)
                                 MISC ---->  # 23 190               # 33  280
================================================================================
NOTES:
# LAST OF SEVERAL OCCURRENCES

COLUMN 17 PEAK WIND IN M.P.H.

PRELIMINARY LOCAL CLIMATOLOGICAL DATA (WS FORM: F-6) , PAGE 2

                                          STATION:  OLYMPIA WA AIRPORT
                                          MONTH:    APRIL
                                          YEAR:     2016
                                          LATITUDE:   46 58 N
                                          LONGITUDE: 122 54 W

[TEMPERATURE DATA]      [PRECIPITATION DATA]       SYMBOLS USED IN COLUMN 16

AVERAGE MONTHLY: 53.3   TOTAL FOR MONTH:   1.57    1 = FOG OR MIST
DPTR FM NORMAL:   5.2   DPTR FM NORMAL:   -1.79    2 = FOG REDUCING VISIBILITY
HIGHEST:    88 ON 18    GRTST 24HR  0.51 ON 12-12      TO 1/4 MILE OR LESS
LOWEST:     32 ON 26                               3 = THUNDER
                        SNOW, ICE PELLETS, HAIL    4 = ICE PELLETS
                        TOTAL MONTH:   0.0 INCH    5 = HAIL
                        GRTST 24HR     0.0         6 = FREEZING RAIN OR DRIZZLE
                        GRTST DEPTH:   0           7 = DUSTSTORM OR SANDSTORM:
                                                       VSBY 1/2 MILE OR LESS
                                                   8 = SMOKE OR HAZE
[NO. OF DAYS WITH]      [WEATHER - DAYS WITH]      9 = BLOWING SNOW
                                                   X = TORNADO
MAX 32 OR BELOW:   0    0.01 INCH OR MORE:  10
MAX 90 OR ABOVE:   0    0.10 INCH OR MORE:   5
MIN 32 OR BELOW:   1    0.50 INCH OR MORE:   1
MIN  0 OR BELOW:   0    1.00 INCH OR MORE:   0

[HDD (BASE 65) ]
TOTAL THIS MO.   322    CLEAR  (SCALE 0-3)  12
DPTR FM NORMAL  -150    PTCLDY (SCALE 4-7)  12
TOTAL FM JUL 1  4259    CLOUDY (SCALE 8-10)  4
DPTR FM NORMAL  -571

[CDD (BASE 65) ]
TOTAL THIS MO.     1
DPTR FM NORMAL     1    [PRESSURE DATA]
TOTAL FM JAN 1     1    HIGHEST SLP M ON M
DPTR FM NORMAL     1    LOWEST  SLP 29.61 ON 22

[REMARKS]
