000
CXUS55 KTWC 290855
CF6OLS
PRELIMINARY LOCAL CLIMATOLOGICAL DATA (WS FORM: F-6)

                                          STATION:   NOGALES AZ AIRPORT
                                          MONTH:     SEPTEMBER
                                          YEAR:      2014
                                          LATITUDE:   31 25 N
                                          LONGITUDE: 110 51 W

  TEMPERATURE IN F:       :PCPN:    SNOW:  WIND      :SUNSHINE: SKY     :PK WND
================================================================================
1   2   3   4   5  6A  6B    7    8   9   10  11  12  13   14  15   16   17  18
                                     12Z  AVG MX 2MIN
DY MAX MIN AVG DEP HDD CDD  WTR  SNW DPTH SPD SPD DIR MIN PSBL S-S WX    SPD DR
================================================================================

 1  95  58  77   0   0  12 0.00  0.0    0  3.4 12 250   M    M   0        16 270
 2  97  60  79   2   0  14 0.00  0.0    0  4.1 14 140   M    M   0        18 140
 3  92  65  79   2   0  14 0.01  0.0    0  3.9 18 110   M    M   3 3      24 120
 4  90  63  77   0   0  12 0.31  0.0    0  4.9 22  30   M    M   2 13     31  30
 5  87  61  74  -3   0   9 0.00  0.0    0   M   M   M   M    M   M         M  M
 6  82  66  74  -3   0   9 0.70  0.0    M  2.7 23  70   M    M   4 1      28  70
 7  86  65  76  -1   0  11 0.56  0.0    0  3.9 14  30   M    M   5 1      17  40
 8  81  67  74  -3   0   9 0.09  0.0    0  2.6 15 230   M    M   7 1      22 160
 9  86  63  75  -2   0  10 0.00  0.0    0  5.0 15 250   M    M   1        19 250
10  88  57  73  -3   0   8 0.00  0.0    0  3.0 12 310   M    M   0        16 310
11  91  58  75  -1   0  10 0.00  0.0    0  2.9 10 230   M    M   0        22 340
12  92  60  76   0   0  11 0.04  0.0    0  3.9 18 140   M    M   2 3      25  70
13  88  65  77   1   0  12 0.00  0.0    0  7.0 17 110   M    M   0        24 100
14  91  64  78   2   0  13 0.00  0.0    0  4.5 13  90   M    M   1        20  80
15  90  64  77   1   0  12    T  0.0    0  4.6 15 190   M    M   1 3      21 160
16  78  65  72  -3   0   7 0.27  0.0    0  6.2 18  90   M    M   9 1      26  70
17  73  65  69  -6   0   4 2.42  0.0    0  3.6 17 140   M    M   M 1      23 140
18  81  66  74  -1   0   9 0.47  0.0    0  4.1 13 210   M    M   8 1      15 280
19  83  66  75   1   0  10 0.02  0.0    0  3.6 15  30   M    M   5 1      23 210
20  84  64  74   0   0   9 0.21  0.0    0  3.0 21  70   M    M   3 13     25  70
21  88  64  76   2   0  11 0.23  0.0    0  4.0 20 160   M    M   5 13     26 170
22  90  62  76   2   0  11 0.01  0.0    0  4.6 17  30   M    M   3        23  20
23  92  66  79   6   0  14 0.01  0.0    0  4.4 14 350   M    M   1 3      21 320
24  93  63  78   5   0  13 0.00  0.0    0  4.6 15 140   M    M   0        21 110
25  92  61  77   4   0  12 0.00  0.0    0  3.4 14 150   M    M   1 123    17 150
26  86  62  74   2   0   9 0.47  0.0    0  3.0 43 110   M    M   M 13     58 110
27  82  60  71  -1   0   6    T  0.0    0  7.6 20 200   M    M   M        24 200
28  82  63  73   1   0   8 0.00  0.0    0  9.0 21 200   M    M   M        26 200
================================================================================
SM 2440 1763         0 289  5.82     0.0 117.5          M       61
================================================================================
AV 87.1 63.0                               4.4 FASTST   M    M   3    MAX(MPH)
                                 MISC ---->  # 43 110               # 58  110
================================================================================
NOTES:
# LAST OF SEVERAL OCCURRENCES

COLUMN 17 PEAK WIND IN M.P.H.

PRELIMINARY LOCAL CLIMATOLOGICAL DATA (WS FORM: F-6) , PAGE 2

                                          STATION:  NOGALES AZ AIRPORT
                                          MONTH:    SEPTEMBER
                                          YEAR:     2014
                                          LATITUDE:   31 25 N
                                          LONGITUDE: 110 51 W

[TEMPERATURE DATA]      [PRECIPITATION DATA]       SYMBOLS USED IN COLUMN 16

AVERAGE MONTHLY: 75.1   TOTAL FOR MONTH:   5.82    1 = FOG OR MIST
DPTR FM NORMAL:  -0.1   DPTR FM NORMAL:    4.37    2 = FOG REDUCING VISIBILITY
HIGHEST:    97 ON  2    GRTST 24HR  2.61 ON 17-18      TO 1/4 MILE OR LESS
LOWEST:     57 ON 10                               3 = THUNDER
                        SNOW, ICE PELLETS, HAIL    4 = ICE PELLETS
                        TOTAL MONTH:   0.0 INCH    5 = HAIL
                        GRTST 24HR     0.0         6 = FREEZING RAIN OR DRIZZLE
                        GRTST DEPTH:   0           7 = DUSTSTORM OR SANDSTORM:
                                                       VSBY 1/2 MILE OR LESS
                                                   8 = SMOKE OR HAZE
[NO. OF DAYS WITH]      [WEATHER - DAYS WITH]      9 = BLOWING SNOW
                                                   X = TORNADO
MAX 32 OR BELOW:   0    0.01 INCH OR MORE:  15
MAX 90 OR ABOVE:  12    0.10 INCH OR MORE:   9
MIN 32 OR BELOW:   0    0.50 INCH OR MORE:   3
MIN  0 OR BELOW:   0    1.00 INCH OR MORE:   1

[HDD (BASE 65) ]
TOTAL THIS MO.     0    CLEAR  (SCALE 0-3)  15
DPTR FM NORMAL     0    PTCLDY (SCALE 4-7)   6
TOTAL FM JUL 1     0    CLOUDY (SCALE 8-10)  2
DPTR FM NORMAL     0

[CDD (BASE 65) ]
TOTAL THIS MO.   289
DPTR FM NORMAL     4    [PRESSURE DATA]
TOTAL FM JAN 1  1837    HIGHEST SLP M ON M
DPTR FM NORMAL    94    LOWEST  SLP 29.60 ON  4

[REMARKS]
